-- Table structure for table `oc_product_discount`
--

CREATE TABLE `oc_product_discount` (
  `product_discount_id` int(11) NOT NULL,
  `product_id` int(11) NOT NULL,
  `customer_group_id` int(11) NOT NULL,
  `quantity` int(4) NOT NULL DEFAULT 0,
  `priority` int(5) NOT NULL DEFAULT 1,
  `price` decimal(15,4) NOT NULL DEFAULT 0.0000,
  `date_start` date NOT NULL DEFAULT '0000-00-00',
  `date_end` date NOT NULL DEFAULT '0000-00-00'
) ENGINE=MyISAM DEFAULT CHARSET=utf8;

-- --------------------------------------------------------

--
-- Table structure for table `oc_product_filter`
--

CREATE TABLE `oc_product_filter` (
  `product_id` int(11) NOT NULL,
  `filter_id` int(11) NOT NULL
) ENGINE=MyISAM DEFAULT CHARSET=utf8;

-- --------------------------------------------------------

--
-- Table structure for table `oc_product_image`
--

CREATE TABLE `oc_product_image` (
  `product_image_id` int(11) NOT NULL,
  `product_id` int(11) NOT NULL,
  `image` varchar(255) DEFAULT NULL,
  `sort_order` int(3) NOT NULL DEFAULT 0
) ENGINE=MyISAM DEFAULT CHARSET=utf8;

--
-- Dumping data for table `oc_product_image`
--

INSERT INTO `oc_product_image` (`product_image_id`, `product_id`, `image`, `sort_order`) VALUES
(2699, 64, 'catalog/image4.JPG', 0),
(2737, 63, 'catalog/image1.JPG', 0),
(2698, 64, 'catalog/image2.JPG', 0),
(2923, 59, 'catalog/products/Taunte-tank-5.jpg', 5),
(2919, 58, 'catalog/products/Stellar-Leggings-4.jpg', 4),
(2918, 58, 'catalog/products/Stellar-Leggings-2.jpg', 3),
(2916, 57, 'catalog/products/Sophie-Bra-Top-6.jpg', 6),
(2736, 63, 'catalog/image3.GIF', 0),
(2915, 57, 'catalog/products/Sophie-Bra-Top-5.jpg', 5),
(2911, 56, 'catalog/products/Sarah-Short-sleeved-Top-2.jpg', 0),
(2927, 55, 'catalog/products/Princewill-Leggings-3.jpg', 3),
(2926, 55, 'catalog/products/Princewill-Leggings-2.jpg', 2),
(2906, 54, 'catalog/products/Princess-Bra-Top-6.jpg', 6),
(2905, 54, 'catalog/products/Princess-Bra-Top-5.jpg', 5),
(2896, 50, 'catalog/products/Glitz-Leggings-3.jpg', 4),
(2898, 51, 'catalog/products/Gracie-V-Tank-3.jpg', 3),
(2897, 51, 'catalog/products/Gracie-V-Tank-2.jpg', 2),
(2901, 52, 'catalog/products/Leela-Tank-2.jpg', 4),
(2900, 52, 'catalog/products/Leela-Tank-1.jpg', 3),
(2899, 52, 'catalog/products/Leela-Tank-4.jpg', 2),
(2922, 59, 'catalog/products/Taunte-tank-4.jpg', 4),
(2921, 59, 'catalog/products/Taunte-tank-3.jpg', 3),
(2920, 59, 'catalog/products/Taunte-tank-2.jpg', 2),
(2917, 58, 'catalog/products/Stellar-Leggings-3.jpg', 2),
(2914, 57, 'catalog/products/Sophie-Bra-Top-4.jpg', 4),
(2913, 57, 'catalog/products/Sophie-Bra-Top-3.jpg', 3),
(2912, 57, 'catalog/products/Sophie-Bra-Top-2.jpg', 2),
(2904, 54, 'catalog/products/Princess-Bra-Top-4.jpg', 4),
(2895, 50, 'catalog/products/Glitz-Leggings-4.jpg', 3),
(2894, 50, 'catalog/products/Glitz-Leggings-2.jpg', 2),
(2903, 54, 'catalog/products/Princess-Bra-Top-3.jpg', 3),
(2910, 53, 'catalog/products/Precious-Bra-Top-4.jpg', 5),
(2902, 54, 'catalog/products/Princess-Bra-Top-2.jpg', 2),
(2909, 53, 'catalog/products/Precious-Bra-Top-5.jpg', 4),
(2908, 53, 'catalog/products/Precious-Bra-Top-3.jpg', 3),
(2907, 53, 'catalog/products/Precious-Bra-Top-2.jpg', 2),
(2886, 71, '', 0),
(2885, 71, '', 0),
(2874, 76, 'catalog/IMG_0383.jpg', 0),
(2883, 83, 'catalog/IMG_9176.jpg', 0),
(2841, 88, 'catalog/IMG_0252.jpg', 0),
(2872, 94, 'catalog/IMG_0289.jpg', 0),
(2871, 94, 'catalog/IMG_0365.jpg', 0),
(2870, 94, 'catalog/IMG_0314.jpg', 0),
(2869, 94, 'catalog/IMG_0346.jpg', 0),
(2882, 75, 'catalog/IMG_9001.jpg', 0),
(2880, 79, 'catalog/IMG_0135.jpg', 0),
(2875, 82, 'catalog/IMG_0383.jpg', 0),
(2891, 81, 'catalog/IMG_0041.jpg', 0),
(2890, 81, 'catalog/IMG_0049.jpg', 0),
(2833, 78, 'catalog/IMG_0041.jpg', 0),
(2840, 74, 'catalog/IMG_0111.jpg', 0),
(2881, 79, 'catalog/IMG_0142.jpg', 0),
(2889, 84, 'catalog/IMG_9102.jpg', 0),
(2887, 95, 'catalog/IMG_0138.JPG', 0),
(2892, 72, 'catalog/IMG_0065.jpg', 0),
(2893, 90, 'catalog/IMG_8973.jpg', 0),
(2929, 67, 'catalog/IMG_7256.JPG', 0);

-- --------------------------------------------------------

--
-- Table structure for table `oc_product_option`
--

CREATE TABLE `oc_product_option` (
  `product_option_id` int(11) NOT NULL,
  `product_id` int(11) NOT NULL,
  `option_id` int(11) NOT NULL,
  `value` text NOT NULL,
  `required` tinyint(1) NOT NULL
) ENGINE=MyISAM DEFAULT CHARSET=utf8;

--
-- Dumping data for table `oc_product_option`
--

INSERT INTO `oc_product_option` (`product_option_id`, `product_id`, `option_id`, `value`, `required`) VALUES
(227, 50, 11, '', 1),
(228, 51, 11, '', 1),
(236, 59, 11, '', 1),
(235, 58, 11, '', 1),
(234, 57, 11, '', 1),
(233, 56, 11, '', 1),
(232, 55, 11, '', 1),
(231, 54, 11, '', 1),
(230, 53, 11, '', 1),
(229, 52, 11, '', 1),
(237, 63, 11, '', 1),
(247, 67, 14, '', 1),
(239, 63, 13, '', 0),
(244, 64, 11, '', 1),
(245, 64, 13, '', 0),
(248, 65, 15, '', 1),
(249, 66, 15, '', 1),
(250, 70, 15, '', 1),
(251, 68, 11, '', 1),
(252, 89, 11, '', 1),
(253, 90, 11, '', 1),
(254, 91, 11, '', 1),
(277, 94, 14, '', 1),
(260, 71, 11, '', 1),
(261, 72, 11, '', 1),
(262, 74, 11, '', 1),
(263, 75, 11, '', 1),
(264, 76, 11, '', 1),
(265, 78, 11, '', 1),
(266, 79, 11, '', 1),
(267, 81, 11, '', 1),
(268, 80, 11, '', 1),
(269, 82, 11, '', 1),
(270, 83, 11, '', 1),
(271, 84, 11, '', 1),
(272, 85, 11, '', 1),
(273, 86, 11, '', 1),
(274, 87, 11, '', 1),
(275, 88, 11, '', 1),
(258, 94, 11, '', 1),
(278, 96, 16, '', 1),
(279, 116, 15, '', 1);

-- --------------------------------------------------------

--
-- Table structure for table `oc_product_option_value`
--

CREATE TABLE `oc_product_option_value` (
  `product_option_value_id` int(11) NOT NULL,
  `product_option_id` int(11) NOT NULL,
  `product_id` int(11) NOT NULL,
  `option_id` int(11) NOT NULL,
  `option_value_id` int(11) NOT NULL,
  `quantity` int(3) NOT NULL,
  `subtract` tinyint(1) NOT NULL,
  `price` decimal(15,4) NOT NULL,
  `price_prefix` varchar(1) NOT NULL,
  `points` int(8) NOT NULL,
  `points_prefix` varchar(1) NOT NULL,
  `weight` decimal(15,8) NOT NULL,
  `weight_prefix` varchar(1) NOT NULL
) ENGINE=MyISAM DEFAULT CHARSET=utf8;

--
-- Dumping data for table `oc_product_option_value`
--

INSERT INTO `oc_product_option_value` (`product_option_value_id`, `product_option_id`, `product_id`, `option_id`, `option_value_id`, `quantity`, `subtract`, `price`, `price_prefix`, `points`, `points_prefix`, `weight`, `weight_prefix`) VALUES
(31, 231, 54, 11, 48, 100, 1, 0.0000, '+', 0, '+', 0.00000000, '+'),
(30, 231, 54, 11, 47, 100, 1, 0.0000, '+', 0, '+', 0.00000000, '+'),
(29, 231, 54, 11, 46, 99, 1, 0.0000, '+', 0, '+', 0.00000000, '+'),
(28, 230, 53, 11, 48, 100, 1, 0.0000, '+', 0, '+', 0.00000000, '+'),
(27, 230, 53, 11, 47, 100, 1, 0.0000, '+', 0, '+', 0.00000000, '+'),
(26, 230, 53, 11, 46, 97, 1, 0.0000, '+', 0, '+', 0.00000000, '+'),
(25, 229, 52, 11, 48, 100, 1, 0.0000, '+', 0, '+', 0.00000000, '+'),
(24, 229, 52, 11, 47, 99, 1, 0.0000, '+', 0, '+', 0.00000000, '+'),
(23, 229, 52, 11, 46, 99, 1, 0.0000, '+', 0, '+', 0.00000000, '+'),
(20, 228, 51, 11, 46, 99, 1, 0.0000, '+', 0, '+', 0.00000000, '+'),
(22, 228, 51, 11, 48, 100, 1, 0.0000, '+', 0, '+', 0.00000000, '+'),
(18, 227, 50, 11, 47, 100, 1, 0.0000, '+', 0, '+', 0.00000000, '+'),
(17, 227, 50, 11, 46, 98, 1, 0.0000, '+', 0, '+', 0.00000000, '+'),
(19, 227, 50, 11, 48, 100, 1, 0.0000, '+', 0, '+', 0.00000000, '+'),
(33, 232, 55, 11, 47, 100, 1, 0.0000, '+', 0, '+', 0.00000000, '+'),
(32, 232, 55, 11, 46, 98, 1, 0.0000, '+', 0, '+', 0.00000000, '+'),
(37, 233, 56, 11, 48, 100, 1, 0.0000, '+', 0, '+', 0.00000000, '+'),
(35, 233, 56, 11, 46, 99, 1, 0.0000, '+', 0, '+', 0.00000000, '+'),
(39, 234, 57, 11, 47, 99, 1, 0.0000, '+', 0, '+', 0.00000000, '+'),
(38, 234, 57, 11, 46, 99, 1, 0.0000, '+', 0, '+', 0.00000000, '+'),
(43, 235, 58, 11, 48, 100, 1, 0.0000, '+', 0, '+', 0.00000000, '+'),
(41, 235, 58, 11, 46, 97, 1, 0.0000, '+', 0, '+', 0.00000000, '+'),
(36, 233, 56, 11, 47, 100, 1, 0.0000, '+', 0, '+', 0.00000000, '+'),
(21, 228, 51, 11, 47, 100, 1, 0.0000, '+', 0, '+', 0.00000000, '+'),
(34, 232, 55, 11, 48, 100, 1, 0.0000, '+', 0, '+', 0.00000000, '+'),
(40, 234, 57, 11, 48, 100, 1, 0.0000, '+', 0, '+', 0.00000000, '+'),
(42, 235, 58, 11, 47, 99, 1, 0.0000, '+', 0, '+', 0.00000000, '+'),
(46, 236, 59, 11, 48, 100, 1, 0.0000, '+', 0, '+', 0.00000000, '+'),
(45, 236, 59, 11, 47, 100, 1, 0.0000, '+', 0, '+', 0.00000000, '+'),
(44, 236, 59, 11, 46, 98, 1, 0.0000, '+', 0, '+', 0.00000000, '+'),
(47, 237, 63, 11, 46, 1, 1, 0.0000, '+', 0, '+', 0.00000000, '+'),
(58, 244, 64, 11, 49, 1, 1, 0.0000, '+', 0, '+', 0.00000000, '+'),
(57, 244, 64, 11, 48, 1, 1, 0.0000, '+', 0, '+', 0.00000000, '+'),
(56, 244, 64, 11, 47, 1, 1, 0.0000, '+', 0, '+', 0.00000000, '+'),
(49, 237, 63, 11, 48, 1, 1, 0.0000, '+', 0, '+', 0.00000000, '+'),
(53, 237, 63, 11, 49, 1, 1, 0.0000, '+', 0, '+', 0.00000000, '+'),
(55, 244, 64, 11, 46, 1, 1, 0.0000, '+', 0, '+', 0.00000000, '+'),
(48, 237, 63, 11, 47, 1, 1, 0.0000, '+', 0, '+', 0.00000000, '+'),
(60, 248, 65, 15, 51, 1000, 1, 27000.0000, '+', 0, '+', 0.00000000, '+'),
(59, 248, 65, 15, 50, 1000, 1, 10000.0000, '+', 0, '+', 0.00000000, '+'),
(63, 249, 66, 15, 50, 1000, 1, 20000.0000, '+', 0, '+', 0.00000000, '+'),
(67, 250, 70, 15, 50, 1000, 1, 40000.0000, '+', 0, '+', 0.00000000, '+'),
(68, 250, 70, 15, 51, 1000, 1, 108000.0000, '+', 0, '+', 0.00000000, '+'),
(61, 248, 65, 15, 52, 1000, 1, 51000.0000, '+', 0, '+', 0.00000000, '+'),
(62, 248, 65, 15, 53, 1000, 1, 84000.0000, '+', 0, '+', 0.00000000, '+'),
(66, 249, 66, 15, 53, 1000, 1, 168000.0000, '+', 0, '+', 0.00000000, '+'),
(65, 249, 66, 15, 52, 1000, 1, 102000.0000, '+', 0, '+', 0.00000000, '+'),
(70, 250, 70, 15, 53, 1000, 1, 336000.0000, '+', 0, '+', 0.00000000, '+'),
(69, 250, 70, 15, 52, 1000, 1, 204000.0000, '+', 0, '+', 0.00000000, '+'),
(72, 251, 68, 11, 47, 10, 1, 0.0000, '+', 10, '+', 0.00000000, '+'),
(71, 251, 68, 11, 46, 10, 1, 0.0000, '+', 10, '+', 0.00000000, '+'),
(73, 251, 68, 11, 48, 10, 1, 0.0000, '+', 10, '+', 0.00000000, '+'),
(74, 251, 68, 11, 49, 20, 1, 0.0000, '+', 10, '+', 0.00000000, '+'),
(75, 252, 89, 11, 47, 10, 1, 0.0000, '+', 0, '+', 0.00000000, '+'),
(76, 252, 89, 11, 48, 10, 1, 0.0000, '+', 0, '+', 0.00000000, '+'),
(77, 253, 90, 11, 47, 10, 1, 0.0000, '+', 0, '+', 0.00000000, '+'),
(78, 253, 90, 11, 48, 10, 1, 0.0000, '+', 0, '+', 0.00000000, '+'),
(80, 254, 91, 11, 48, 0, 1, 0.0000, '+', 0, '+', 0.00000000, '+'),
(110, 268, 80, 11, 46, 10, 1, 0.0000, '+', 0, '+', 0.00000000, '+'),
(86, 258, 94, 11, 47, 150, 1, 0.0000, '+', 0, '+', 0.00000000, '+'),
(85, 258, 94, 11, 46, 150, 1, 0.0000, '+', 0, '+', 0.00000000, '+'),
(89, 260, 71, 11, 48, 10, 1, 0.0000, '+', 0, '+', 0.00000000, '+'),
(88, 260, 71, 11, 47, 10, 1, 0.0000, '+', 0, '+', 0.00000000, '+'),
(87, 260, 71, 11, 46, 10, 1, 0.0000, '+', 0, '+', 0.00000000, '+'),
(90, 261, 72, 11, 46, 10, 1, 0.0000, '+', 0, '+', 0.00000000, '+'),
(91, 261, 72, 11, 47, 10, 1, 0.0000, '+', 0, '+', 0.00000000, '+'),
(92, 261, 72, 11, 48, 10, 1, 0.0000, '+', 0, '+', 0.00000000, '+'),
(93, 262, 74, 11, 46, 10, 1, 0.0000, '+', 0, '+', 0.00000000, '+'),
(94, 262, 74, 11, 47, 10, 1, 0.0000, '+', 0, '+', 0.00000000, '+'),
(95, 262, 74, 11, 48, 10, 1, 0.0000, '+', 0, '+', 0.00000000, '+'),
(98, 263, 75, 11, 48, 10, 1, 0.0000, '+', 0, '+', 0.00000000, '+'),
(97, 263, 75, 11, 47, 10, 1, 0.0000, '+', 0, '+', 0.00000000, '+'),
(96, 263, 75, 11, 46, 10, 1, 0.0000, '+', 0, '+', 0.00000000, '+'),
(101, 264, 76, 11, 48, 10, 1, 0.0000, '+', 0, '+', 0.00000000, '+'),
(100, 264, 76, 11, 47, 10, 1, 0.0000, '+', 0, '+', 0.00000000, '+'),
(99, 264, 76, 11, 46, 10, 1, 0.0000, '+', 0, '+', 0.00000000, '+'),
(102, 265, 78, 11, 46, 10, 1, 0.0000, '+', 0, '+', 0.00000000, '+'),
(103, 265, 78, 11, 47, 10, 1, 0.0000, '+', 0, '+', 0.00000000, '+'),
(104, 265, 78, 11, 48, 10, 1, 0.0000, '+', 0, '+', 0.00000000, '+'),
(105, 266, 79, 11, 46, 10, 1, 0.0000, '+', 0, '+', 0.00000000, '+'),
(106, 266, 79, 11, 47, 10, 1, 0.0000, '+', 0, '+', 0.00000000, '+'),
(107, 266, 79, 11, 48, 10, 1, 0.0000, '+', 0, '+', 0.00000000, '+'),
(108, 267, 81, 11, 46, 10, 1, 0.0000, '+', 0, '+', 0.00000000, '+'),
(109, 267, 81, 11, 47, 10, 1, 0.0000, '+', 0, '+', 0.00000000, '+'),
(112, 268, 80, 11, 48, 0, 1, 0.0000, '+', 0, '+', 0.00000000, '+'),
(111, 268, 80, 11, 47, 10, 1, 0.0000, '+', 0, '+', 0.00000000, '+'),
(113, 269, 82, 11, 46, 10, 1, 0.0000, '+', 0, '+', 0.00000000, '+'),
(114, 269, 82, 11, 47, 10, 1, 0.0000, '+', 0, '+', 0.00000000, '+'),
(115, 269, 82, 11, 48, 10, 1, 0.0000, '+', 0, '+', 0.00000000, '+'),
(117, 270, 83, 11, 48, 15, 1, 0.0000, '+', 0, '+', 0.00000000, '+'),
(116, 270, 83, 11, 47, 15, 1, 0.0000, '+', 0, '+', 0.00000000, '+'),
(118, 271, 84, 11, 47, 15, 1, 0.0000, '+', 0, '+', 0.00000000, '+'),
(119, 271, 84, 11, 48, 15, 1, 0.0000, '+', 0, '+', 0.00000000, '+'),
(120, 272, 85, 11, 47, 15, 1, 0.0000, '+', 0, '+', 0.00000000, '+'),
(121, 272, 85, 11, 48, 15, 1, 0.0000, '+', 0, '+', 0.00000000, '+'),
(122, 273, 86, 11, 47, 10, 1, 0.0000, '+', 0, '+', 0.00000000, '+'),
(123, 273, 86, 11, 48, 10, 1, 0.0000, '+', 0, '+', 0.00000000, '+'),
(124, 274, 87, 11, 47, 10, 1, 0.0000, '+', 0, '+', 0.00000000, '+'),
(125, 274, 87, 11, 48, 10, 1, 0.0000, '+', 0, '+', 0.00000000, '+'),
(126, 275, 88, 11, 47, 10, 1, 0.0000, '+', 0, '+', 0.00000000, '+'),
(127, 275, 88, 11, 48, 10, 1, 0.0000, '+', 0, '+', 0.00000000, '+'),
(128, 275, 88, 11, 46, 10, 1, 0.0000, '+', 0, '+', 0.00000000, '+'),
(79, 254, 91, 11, 47, 10, 1, 0.0000, '+', 0, '+', 0.00000000, '+'),
(64, 249, 66, 15, 51, 1000, 1, 54000.0000, '+', 0, '+', 0.00000000, '+'),
(129, 279, 116, 15, 53, 1, 1, 672000.0000, '+', 67, '+', 0.00000000, '+'),
(130, 279, 116, 15, 52, 1, 1, 408000.0000, '+', 40, '+', 0.00000000, '+'),
(131, 279, 116, 15, 50, 1, 1, 80000.0000, '+', 8, '+', 0.00000000, '+'),
(132, 279, 116, 15, 51, 1, 1, 216000.0000, '+', 21, '+', 0.00000000, '+');

-- --------------------------------------------------------

--
-- Table structure for table `oc_product_recurring`
--

CREATE TABLE `oc_product_recurring` (
  `product_id` int(11) NOT NULL,
  `recurring_id` int(11) NOT NULL,
  `customer_group_id` int(11) NOT NULL
) ENGINE=MyISAM DEFAULT CHARSET=utf8;

-- --------------------------------------------------------

--
-- Table structure for table `oc_product_related`
--

CREATE TABLE `oc_product_related` (
  `product_id` int(11) NOT NULL,
  `related_id` int(11) NOT NULL
) ENGINE=MyISAM DEFAULT CHARSET=utf8;

--
-- Dumping data for table `oc_product_related`
--

INSERT INTO `oc_product_related` (`product_id`, `related_id`) VALUES
(50, 68),
(51, 67),
(51, 70),
(58, 71),
(63, 64),
(64, 63),
(64, 64),
(64, 67),
(64, 69),
(64, 70),
(65, 66),
(65, 70),
(65, 116),
(66, 65),
(66, 70),
(66, 116),
(66, 118),
(67, 51),
(67, 64),
(67, 68),
(67, 69),
(67, 70),
(68, 50),
(68, 67),
(68, 70),
(69, 64),
(69, 67),
(70, 51),
(70, 64),
(70, 65),
(70, 66),
(70, 67),
(70, 68),
(70, 116),
(70, 118),
(71, 58),
(71, 79),
(72, 73),
(72, 74),
(73, 72),
(73, 74),
(74, 72),
(74, 73),
(75, 76),
(75, 82),
(75, 94),
(76, 75),
(76, 82),
(77, 78),
(78, 77),
(78, 81),
(79, 71),
(79, 80),
(80, 79),
(80, 81),
(81, 78),
(81, 80),
(82, 75),
(82, 76),
(83, 84),
(84, 83),
(84, 86),
(84, 91),
(85, 88),
(86, 84),
(86, 87),
(86, 90),
(87, 86),
(88, 85),
(89, 90),
(90, 86),
(90, 89),
(90, 91),
(91, 84),
(91, 90),
(94, 75),
(97, 98),
(98, 97),
(116, 65),
(116, 66),
(116, 70),
(116, 117),
(116, 118),
(117, 116),
(117, 118),
(118, 66),
(118, 70),
(118, 116),
(118, 117);

-- --------------------------------------------------------

--
-- Table structure for table `oc_product_reward`
--

CREATE TABLE `oc_product_reward` (
  `product_reward_id` int(11) NOT NULL,
  `product_id` int(11) NOT NULL DEFAULT 0,
  `customer_group_id` int(11) NOT NULL DEFAULT 0,
  `points` int(8) NOT NULL DEFAULT 0
) ENGINE=MyISAM DEFAULT CHARSET=utf8;

--
-- Dumping data for table `oc_product_reward`
--

INSERT INTO `oc_product_reward` (`product_reward_id`, `product_id`, `customer_group_id`, `points`) VALUES
(610, 58, 1, 2),
(606, 54, 1, 2),
(609, 57, 1, 2),
(608, 56, 1, 2),
(613, 55, 1, 2),
(607, 53, 1, 2),
(604, 51, 1, 2),
(603, 50, 1, 2),
(611, 59, 1, 2),
(605, 52, 1, 2);

-- --------------------------------------------------------

--
-- Table structure for table `oc_product_special`
--

CREATE TABLE `oc_product_special` (
  `product_special_id` int(11) NOT NULL,
  `product_id` int(11) NOT NULL,
  `customer_group_id` int(11) NOT NULL,
  `priority` int(5) NOT NULL DEFAULT 1,
  `price` decimal(15,4) NOT NULL DEFAULT 0.0000,
  `date_start` date NOT NULL DEFAULT '0000-00-00',
  `date_end` date NOT NULL DEFAULT '0000-00-00'
) ENGINE=MyISAM DEFAULT CHARSET=utf8;

--
-- Dumping data for table `oc_product_special`
--

INSERT INTO `oc_product_special` (`product_special_id`, `product_id`, `customer_group_id`, `priority`, `price`, `date_start`, `date_end`) VALUES
(528, 52, 1, 0, 3600.0000, '2015-10-06', '2015-12-31'),
(527, 51, 1, 0, 3600.0000, '2015-10-06', '2015-12-31'),
(526, 50, 1, 0, 3900.0000, '2015-10-06', '2015-12-31'),
(530, 53, 1, 0, 2900.0000, '2015-10-06', '2015-12-31'),
(529, 54, 1, 0, 2900.0000, '2015-10-06', '2015-12-31'),
(536, 55, 1, 0, 3900.0000, '2015-10-06', '2015-12-31'),
(531, 56, 1, 0, 3600.0000, '2015-10-06', '2015-12-31'),
(532, 57, 1, 0, 2900.0000, '2015-10-06', '2015-12-31'),
(533, 58, 1, 0, 3900.0000, '2015-10-06', '2015-12-31'),
(534, 59, 1, 0, 3600.0000, '2015-10-06', '2015-12-31');

-- --------------------------------------------------------

--
-- Table structure for table `oc_product_tab`
--

CREATE TABLE `oc_product_tab` (
  `product_id` int(11) NOT NULL,
  `tab_id` int(11) NOT NULL,
  `language_id` int(11) NOT NULL,
  `text` text COLLATE utf8_bin NOT NULL,
  `position` tinyint(1) DEFAULT NULL,
  `show_empty` tinyint(1) DEFAULT NULL
) ENGINE=MyISAM DEFAULT CHARSET=utf8 COLLATE=utf8_bin;

-- --------------------------------------------------------

--
-- Table structure for table `oc_product_to_category`
--

CREATE TABLE `oc_product_to_category` (
  `product_id` int(11) NOT NULL,
  `category_id` int(11) NOT NULL
) ENGINE=MyISAM DEFAULT CHARSET=utf8;

--
-- Dumping data for table `oc_product_to_category`
--

INSERT INTO `oc_product_to_category` (`product_id`, `category_id`) VALUES
(50, 70),
(50, 72),
(50, 108),
(51, 72),
(51, 73),
(51, 107),
(52, 72),
(52, 73),
(52, 107),
(53, 72),
(53, 73),
(53, 109),
(54, 72),
(54, 73),
(54, 109),
(55, 70),
(55, 72),
(55, 108),
(56, 72),
(56, 73),
(56, 107),
(57, 72),
(57, 73),
(57, 109),
(58, 70),
(58, 72),
(58, 108),
(59, 72),
(59, 73),
(59, 107),
(63, 72),
(63, 89),
(64, 72),
(64, 85),
(65, 64),
(65, 110),
(66, 64),
(66, 110),
(67, 62),
(67, 68),
(67, 78),
(67, 91),
(67, 95),
(68, 62),
(68, 63),
(69, 62),
(69, 63),
(70, 59),
(70, 62),
(70, 64),
(70, 110),
(71, 61),
(71, 72),
(71, 73),
(71, 101),
(72, 72),
(72, 73),
(72, 107),
(73, 59),
(73, 61),
(73, 72),
(73, 101),
(73, 109),
(74, 61),
(74, 70),
(74, 72),
(75, 60),
(75, 72),
(75, 73),
(75, 90),
(75, 107),
(76, 70),
(76, 72),
(76, 108),
(77, 72),
(77, 73),
(77, 103),
(77, 107),
(78, 72),
(78, 109),
(79, 72),
(79, 109),
(80, 72),
(80, 73),
(80, 107),
(81, 61),
(81, 70),
(81, 72),
(81, 96),
(82, 72),
(82, 73),
(82, 107),
(83, 72),
(83, 85),
(83, 89),
(84, 72),
(84, 84),
(84, 85),
(84, 89),
(85, 60),
(85, 70),
(85, 72),
(86, 72),
(86, 73),
(86, 85),
(86, 89),
(86, 90),
(86, 107),
(87, 60),
(87, 70),
(87, 72),
(87, 87),
(88, 72),
(88, 73),
(88, 90),
(88, 107),
(89, 72),
(89, 85),
(89, 89),
(89, 107),
(90, 72),
(90, 87),
(91, 60),
(91, 72),
(91, 86),
(94, 70),
(94, 72),
(94, 73),
(94, 101),
(94, 102),
(94, 104),
(94, 109),
(95, 61),
(95, 70),
(95, 72),
(95, 101),
(96, 62),
(96, 72),
(97, 111),
(98, 111),
(99, 111),
(100, 111),
(101, 111),
(102, 111),
(103, 111),
(104, 111),
(105, 111),
(106, 111),
(107, 111),
(108, 111),
(109, 111),
(110, 111),
(111, 111),
(112, 111),
(113, 111),
(114, 111),
(115, 111),
(116, 64),
(116, 110),
(117, 64),
(117, 110),
(118, 64),
(118, 110),
(119, 111),
(120, 111);

-- --------------------------------------------------------

--
-- Table structure for table `oc_product_to_download`
--

CREATE TABLE `oc_product_to_download` (
  `product_id` int(11) NOT NULL,
  `download_id` int(11) NOT NULL
) ENGINE=MyISAM DEFAULT CHARSET=utf8;

-- --------------------------------------------------------

--
-- Table structure for table `oc_product_to_layout`
--

CREATE TABLE `oc_product_to_layout` (
  `product_id` int(11) NOT NULL,
  `store_id` int(11) NOT NULL,
  `layout_id` int(11) NOT NULL
) ENGINE=MyISAM DEFAULT CHARSET=utf8;

--
-- Dumping data for table `oc_product_to_layout`
--

INSERT INTO `oc_product_to_layout` (`product_id`, `store_id`, `layout_id`) VALUES
(50, 0, 0),
(51, 0, 0),
(52, 0, 0),
(53, 0, 0),
(54, 0, 0),
(55, 0, 0),
(56, 0, 0),
(57, 0, 0),
(58, 0, 0),
(59, 0, 0),
(63, 0, 0),
(64, 0, 0),
(65, 0, 0),
(66, 0, 0),
(67, 0, 0),
(68, 0, 0),
(69, 0, 0),
(70, 0, 0),
(71, 0, 0),
(72, 0, 0),
(73, 0, 0),
(74, 0, 0),
(75, 0, 0),
(76, 0, 0),
(77, 0, 0),
(78, 0, 0),
(79, 0, 0),
(80, 0, 0),
(81, 0, 0),
(82, 0, 0),
(83, 0, 0),
(84, 0, 0),
(85, 0, 0),
(86, 0, 0),
(87, 0, 0),
(88, 0, 0),
(89, 0, 0),
(90, 0, 0),
(91, 0, 0),
(96, 0, 0),
(95, 0, 0),
(94, 0, 0),
(97, 0, 0),
(98, 0, 0),
(99, 0, 0),
(100, 0, 0),
(101, 0, 0),
(102, 0, 0),
(103, 0, 0),
(104, 0, 0),
(105, 0, 0),
(106, 0, 0),
(107, 0, 0),
(108, 0, 0),
(109, 0, 0),
(110, 0, 0),
(111, 0, 0),
(112, 0, 0),
(113, 0, 0),
(114, 0, 0),
(115, 0, 0),
(116, 0, 0),
(117, 0, 0),
(118, 0, 0),
(119, 0, 0),
(120, 0, 0);

-- --------------------------------------------------------

--
-- Table structure for table `oc_product_to_reward`
--

CREATE TABLE `oc_product_to_reward` (
  `product_id` int(11) NOT NULL,
  `rule_id` int(11) NOT NULL,
  `reward_point` int(11) NOT NULL
) ENGINE=InnoDB DEFAULT CHARSET=utf8;

-- --------------------------------------------------------

--
-- Table structure for table `oc_product_to_store`
--

CREATE TABLE `oc_product_to_store` (
  `product_id` int(11) NOT NULL,
  `store_id` int(11) NOT NULL DEFAULT 0
) ENGINE=MyISAM DEFAULT CHARSET=utf8;

--
-- Dumping data for table `oc_product_to_store`
--

INSERT INTO `oc_product_to_store` (`product_id`, `store_id`) VALUES
(50, 0),
(51, 0),
(52, 0),
(53, 0),
(54, 0),
(55, 0),
(56, 0),
(57, 0),
(58, 0),
(59, 0),
(63, 0),
(64, 0),
(65, 0),
(66, 0),
(67, 0),
(68, 0),
(69, 0),
(70, 0),
(71, 0),
(72, 0),
(73, 0),
(74, 0),
(75, 0),
(76, 0),
(77, 0),
(78, 0),
(79, 0),
(80, 0),
(81, 0),
(82, 0),
(83, 0),
(84, 0),
(85, 0),
(86, 0),
(87, 0),
(88, 0),
(89, 0),
(90, 0),
(91, 0),
(94, 0),
(95, 0),
(96, 0),
(97, 0),
(98, 0),
(99, 0),
(100, 0),
(101, 0),
(102, 0),
(103, 0),
(104, 0),
(105, 0),
(106, 0),
(107, 0),
(108, 0),
(109, 0),
(110, 0),
(111, 0),
(112, 0),
(113, 0),
(114, 0),
(115, 0),
(116, 0),
(117, 0),
(118, 0),
(119, 0),
(120, 0);

-- --------------------------------------------------------

--
-- Table structure for table `oc_question`
--

CREATE TABLE `oc_question` (
  `question_id` int(11) NOT NULL,
  `product_id` int(1) NOT NULL,
  `customer_id` int(11) NOT NULL,
  `author` varchar(255) CHARACTER SET utf8 COLLATE utf8_bin NOT NULL,
  `email` varchar(255) CHARACTER SET utf8 COLLATE utf8_bin NOT NULL,
  `text` text CHARACTER SET utf8 COLLATE utf8_bin NOT NULL,
  `answer` text CHARACTER SET utf8 COLLATE utf8_bin NOT NULL,
  `status` tinyint(1) NOT NULL,
  `private` tinyint(1) NOT NULL DEFAULT 0,
  `notify` tinyint(1) NOT NULL DEFAULT 1,
  `date_added` datetime DEFAULT '0000-00-00 00:00:00',
  `date_modified` datetime DEFAULT '0000-00-00 00:00:00'
) ENGINE=MyISAM DEFAULT CHARSET=utf8;

-- --------------------------------------------------------

--
-- Table structure for table `oc_recurring`
--

CREATE TABLE `oc_recurring` (
  `recurring_id` int(11) NOT NULL,
  `price` decimal(10,4) NOT NULL,
  `frequency` enum('day','week','semi_month','month','year') NOT NULL,
  `duration` int(10) UNSIGNED NOT NULL,
  `cycle` int(10) UNSIGNED NOT NULL,
  `trial_status` tinyint(4) NOT NULL,
  `trial_price` decimal(10,4) NOT NULL,
  `trial_frequency` enum('day','week','semi_month','month','year') NOT NULL,
  `trial_duration` int(10) UNSIGNED NOT NULL,
  `trial_cycle` int(10) UNSIGNED NOT NULL,
  `status` tinyint(4) NOT NULL,
  `sort_order` int(11) NOT NULL
) ENGINE=MyISAM DEFAULT CHARSET=utf8;

-- --------------------------------------------------------

--
-- Table structure for table `oc_recurring_description`
--

CREATE TABLE `oc_recurring_description` (
  `recurring_id` int(11) NOT NULL,
  `language_id` int(11) NOT NULL,
  `name` varchar(255) NOT NULL
) ENGINE=MyISAM DEFAULT CHARSET=utf8;

-- --------------------------------------------------------

--
-- Table structure for table `oc_return`
--

CREATE TABLE `oc_return` (
  `return_id` int(11) NOT NULL,
  `order_id` int(11) NOT NULL,
  `product_id` int(11) NOT NULL,
  `customer_id` int(11) NOT NULL,
  `firstname` varchar(32) NOT NULL,
  `lastname` varchar(32) NOT NULL,
  `email` varchar(96) NOT NULL,
  `telephone` varchar(32) NOT NULL,
  `product` varchar(255) NOT NULL,
  `model` varchar(64) NOT NULL,
  `quantity` int(4) NOT NULL,
  `opened` tinyint(1) NOT NULL,
  `return_reason_id` int(11) NOT NULL,
  `return_action_id` int(11) NOT NULL,
  `return_status_id` int(11) NOT NULL,
  `comment` text DEFAULT NULL,
  `date_ordered` date NOT NULL DEFAULT '0000-00-00',
  `date_added` datetime NOT NULL,
  `date_modified` datetime NOT NULL
) ENGINE=MyISAM DEFAULT CHARSET=utf8;

--
-- Dumping data for table `oc_return`
--

INSERT INTO `oc_return` (`return_id`, `order_id`, `product_id`, `customer_id`, `firstname`, `lastname`, `email`, `telephone`, `product`, `model`, `quantity`, `opened`, `return_reason_id`, `return_action_id`, `return_status_id`, `comment`, `date_ordered`, `date_added`, `date_modified`) VALUES
(1, 0, 0, 0, 'Karess', 'Karess', 'eqb7aegj@outlook.com', '3FINe1dVr', 'rQcfRpOI', 'QuuyUCUV7UFu', 1, 1, 5, 0, 2, 'I had no idea how to approach this ben-oerfow I\'m locked and loaded.', '0000-00-00', '2016-05-19 15:12:39', '2016-05-19 15:12:39');

-- --------------------------------------------------------

--
-- Table structure for table `oc_return_action`
--

CREATE TABLE `oc_return_action` (
  `return_action_id` int(11) NOT NULL,
  `language_id` int(11) NOT NULL DEFAULT 0,
  `name` varchar(64) NOT NULL
) ENGINE=MyISAM DEFAULT CHARSET=utf8;

--
-- Dumping data for table `oc_return_action`
--

INSERT INTO `oc_return_action` (`return_action_id`, `language_id`, `name`) VALUES
(1, 1, 'Refunded'),
(2, 1, 'Credit Issued'),
(3, 1, 'Replacement Sent');

-- --------------------------------------------------------

--
-- Table structure for table `oc_return_history`
--

CREATE TABLE `oc_return_history` (
  `return_history_id` int(11) NOT NULL,
  `return_id` int(11) NOT NULL,
  `return_status_id` int(11) NOT NULL,
  `notify` tinyint(1) NOT NULL,
  `comment` text NOT NULL,
  `date_added` datetime NOT NULL
) ENGINE=MyISAM DEFAULT CHARSET=utf8;

-- --------------------------------------------------------

--
-- Table structure for table `oc_return_reason`
--

CREATE TABLE `oc_return_reason` (
  `return_reason_id` int(11) NOT NULL,
  `language_id` int(11) NOT NULL DEFAULT 0,
  `name` varchar(128) NOT NULL
) ENGINE=MyISAM DEFAULT CHARSET=utf8;

--
-- Dumping data for table `oc_return_reason`
--

INSERT INTO `oc_return_reason` (`return_reason_id`, `language_id`, `name`) VALUES
(1, 1, 'Dead On Arrival'),
(2, 1, 'Received Wrong Item'),
(3, 1, 'Order Error'),
(4, 1, 'Faulty, please supply details'),
(5, 1, 'Other, please supply details');

-- --------------------------------------------------------

--
-- Table structure for table `oc_return_status`
--

CREATE TABLE `oc_return_status` (
  `return_status_id` int(11) NOT NULL,
  `language_id` int(11) NOT NULL DEFAULT 0,
  `name` varchar(32) NOT NULL
) ENGINE=MyISAM DEFAULT CHARSET=utf8;

--
-- Dumping data for table `oc_return_status`
--

INSERT INTO `oc_return_status` (`return_status_id`, `language_id`, `name`) VALUES
(1, 1, 'Pending'),
(3, 1, 'Complete'),
(2, 1, 'Awaiting Products');

-- --------------------------------------------------------

--
-- Table structure for table `oc_review`
--

CREATE TABLE `oc_review` (
  `review_id` int(11) NOT NULL,
  `product_id` int(11) NOT NULL,
  `customer_id` int(11) NOT NULL,
  `author` varchar(64) NOT NULL,
  `text` text NOT NULL,
  `rating` int(1) NOT NULL,
  `status` tinyint(1) NOT NULL DEFAULT 0,
  `date_added` datetime NOT NULL,
  `date_modified` datetime NOT NULL
) ENGINE=MyISAM DEFAULT CHARSET=utf8;

-- --------------------------------------------------------

--
-- Table structure for table `oc_revslider_attachment_images`
--

CREATE TABLE `oc_revslider_attachment_images` (
  `ID` int(10) NOT NULL,
  `file_name` varchar(100) NOT NULL
) ENGINE=MyISAM DEFAULT CHARSET=utf8;

-- --------------------------------------------------------

--
-- Table structure for table `oc_revslider_css`
--

CREATE TABLE `oc_revslider_css` (
  `id` int(9) NOT NULL,
  `handle` text NOT NULL,
  `settings` text DEFAULT NULL,
  `hover` text DEFAULT NULL,
  `params` text NOT NULL
) ENGINE=MyISAM DEFAULT CHARSET=utf8;

--
-- Dumping data for table `oc_revslider_css`
--

INSERT INTO `oc_revslider_css` (`id`, `handle`, `settings`, `hover`, `params`) VALUES
(1, '.tp-caption.lightgrey_divider', NULL, NULL, '{\"text-decoration\":\"none\",\"background-color\":\"rgba(235, 235, 235, 1)\",\"width\":\"370px\",\"height\":\"3px\",\"background-position\":\"initial initial\",\"background-repeat\":\"initial initial\",\"border-width\":\"0px\",\"border-color\":\"rgb(34, 34, 34)\",\"border-style\":\"none\"}'),
(2, '.tp-caption.contrast_font_heading', NULL, NULL, '{\"font-size\":\"60px\",\"color\":\"#ffffff\",\"line-height\":\"56px\",\"font-family\":\"\\\"Roboto Slab\\\", serif\"}'),
(3, '.tp-caption.contrast_font_heading_dark', NULL, NULL, '{\"font-size\":\"60px\",\"color\":\"#222222\",\"line-height\":\"56px\",\"font-family\":\"\\\"Roboto Slab\\\", serif\"}'),
(4, '.tp-caption.contrast_font_heading_primary', NULL, NULL, '{\"font-size\":\"60px\",\"color\":\"#d6a916\",\"line-height\":\"56px\",\"font-family\":\"\\\"Roboto Slab\\\", serif\"}'),
(5, '.tp-caption.contrast_font_heading_secondary', NULL, NULL, '{\"font-size\":\"60px\",\"line-height\":\"56px\",\"color\":\"#276658\",\"font-family\":\"\\\"Roboto Slab\\\", serif\"}'),
(6, '.tp-caption.contrast_font_heading2', NULL, NULL, '{\"font-size\":\"48px\",\"color\":\"#ffffff\",\"line-height\":\"56px\",\"font-family\":\"\\\"Roboto Slab\\\", serif\"}'),
(7, '.tp-caption.contrast_font_heading2_dark', NULL, NULL, '{\"font-size\":\"48px\",\"color\":\"#222222\",\"line-height\":\"56px\",\"font-family\":\"\\\"Roboto Slab\\\", serif\"}'),
(8, '.tp-caption.contrast_font_heading2_primary', NULL, NULL, '{\"font-size\":\"48px\",\"color\":\"#d6a916\",\"line-height\":\"56px\",\"font-family\":\"\\\"Roboto Slab\\\", serif\"}'),
(9, '.tp-caption.contrast_font_heading2_secondary', NULL, NULL, '{\"font-size\":\"48px\",\"line-height\":\"56px\",\"color\":\"#276658\",\"font-family\":\"\\\"Roboto Slab\\\", serif\"}'),
(10, '.tp-caption.contrast_font_sub_heading', NULL, NULL, '{\"font-size\":\"30px\",\"color\":\"#ffffff\",\"line-height\":\"56px\",\"font-family\":\"\\\"Roboto Slab\\\", serif\"}'),
(11, '.tp-caption.contrast_font_sub_heading_dark', NULL, NULL, '{\"font-size\":\"30px\",\"color\":\"#222222\",\"line-height\":\"56px\",\"font-family\":\"\\\"Roboto Slab\\\", serif\"}'),
(12, '.tp-caption.contrast_font_sub_heading_primary', NULL, NULL, '{\"font-size\":\"30px\",\"color\":\"#d6a916\",\"line-height\":\"56px\",\"font-family\":\"\\\"Roboto Slab\\\", serif\"}'),
(13, '.tp-caption.contrast_font_sub_heading_secondary', NULL, NULL, '{\"font-size\":\"30px\",\"line-height\":\"56px\",\"color\":\"#276658\",\"font-family\":\"\\\"Roboto Slab\\\", serif\"}'),
(14, '.tp-caption.contrast_font', NULL, NULL, '{\"font-size\":\"17px\",\"color\":\"rgb(255, 255, 255)\",\"font-family\":\"\\\"Roboto Slab\\\",serif\",\"border-width\":\"0px\",\"border-color\":\"rgb(255, 255, 255)\",\"border-style\":\"none\"}'),
(15, '.tp-caption.contrast_font_dark', NULL, NULL, '{\"font-size\":\"17px\",\"color\":\"#222222\",\"font-family\":\"\\\"Roboto Slab\\\", serif\"}'),
(16, '.tp-caption.contrast_font_primary', NULL, NULL, '{\"font-size\":\"17px\",\"color\":\"#d6a916\",\"font-family\":\"\\\"Roboto Slab\\\", serif\"}'),
(17, '.tp-caption.contrast_font_secondary', NULL, NULL, '{\"font-size\":\"17px\",\"color\":\"#276658\",\"font-family\":\"\\\"Roboto Slab\\\", serif\"}'),
(18, '.tp-caption.contrast_font_slider_button', '{\"hover\":\"true\"}', '{\"border-color\":\"#ffffff\",\"transition\":\"border-color 400ms\",\"font-family\":\"\\\"Roboto Slab\\\", serif\"}', '{\"color\":\"#ffffff\",\"border\":\"2px solid\",\"border-color\":\"transparent\",\"border-top-color\":\"#ffffff\",\"display\":\"inline-block\",\"padding\":\"12px 25px\",\"transition\":\"border-color 400ms\",\"font-family\":\"\\\"Roboto Slab\\\", serif\"}'),
(19, '.tp-caption.contrast_font_slider_button_dark', '{\"hover\":\"true\"}', '{\"border-color\":\"#222222\",\"transition\":\"border-color 400ms\",\"font-family\":\"\\\"Roboto Slab\\\", serif\"}', '{\"color\":\"#222222\",\"border\":\"2px solid\",\"border-color\":\"transparent\",\"border-top-color\":\"#222222\",\"display\":\"inline-block\",\"padding\":\"12px 25px\",\"transition\":\"border-color 400ms\",\"font-family\":\"\\\"Roboto Slab\\\", serif\"}'),
(20, '.tp-caption.contrast_font_slider_button_primary', '{\"hover\":\"true\"}', '{\"border-color\":\"#d6a916\",\"transition\":\"border-color 400ms\",\"font-family\":\"\\\"Roboto Slab\\\", serif\"}', '{\"color\":\"#d6a916\",\"border\":\"2px solid\",\"border-color\":\"transparent\",\"border-top-color\":\"#d6a916\",\"display\":\"inline-block\",\"padding\":\"12px 25px\",\"transition\":\"border-color 400ms\",\"font-family\":\"\\\"Roboto Slab\\\", serif\"}'),
(21, '.tp-caption.contrast_font_slider_button_secondary', '{\"hover\":\"true\"}', '{\"border-color\":\"#276658\",\"transition\":\"border-color 400ms\",\"font-family\":\"\\\"Roboto Slab\\\", serif\"}', '{\"color\":\"#276658\",\"border\":\"2px solid\",\"border-color\":\"transparent\",\"border-top-color\":\"#276658\",\"display\":\"inline-block\",\"padding\":\"12px 25px\",\"transition\":\"border-color 400ms\",\"font-family\":\"\\\"Roboto Slab\\\", serif\"}'),
(22, '.tp-caption.main_font_heading', NULL, NULL, '{\"font-size\":\"60px\",\"color\":\"#ffffff\",\"line-height\":\"56px\",\"font-family\":\"\\\"Roboto\\\", serif\"}'),
(23, '.tp-caption.main_font_heading_dark', NULL, NULL, '{\"font-size\":\"60px\",\"color\":\"#222222\",\"line-height\":\"56px\",\"font-family\":\"\\\"Roboto\\\", serif\"}'),
(24, '.tp-caption.main_font_heading_primary', NULL, NULL, '{\"font-size\":\"60px\",\"color\":\"#d6a916\",\"line-height\":\"56px\",\"font-family\":\"\\\"Roboto\\\", serif\"}'),
(25, '.tp-caption.main_font_heading_secondary', NULL, NULL, '{\"font-size\":\"60px\",\"line-height\":\"56px\",\"color\":\"#276658\",\"font-family\":\"\\\"Roboto\\\", serif\"}'),
(26, '.tp-caption.main_font_heading2', NULL, NULL, '{\"font-size\":\"48px\",\"color\":\"#ffffff\",\"line-height\":\"56px\",\"font-family\":\"\\\"Roboto\\\", serif\"}'),
(27, '.tp-caption.main_font_heading2_dark', NULL, NULL, '{\"font-size\":\"48px\",\"color\":\"#222222\",\"line-height\":\"56px\",\"font-family\":\"\\\"Roboto\\\", serif\"}'),
(28, '.tp-caption.main_font_heading2_primary', NULL, NULL, '{\"font-size\":\"48px\",\"color\":\"#d6a916\",\"line-height\":\"56px\",\"font-family\":\"\\\"Roboto\\\", serif\"}'),
(29, '.tp-caption.main_font_heading2_secondary', NULL, NULL, '{\"font-size\":\"48px\",\"line-height\":\"56px\",\"color\":\"#276658\",\"font-family\":\"\\\"Roboto\\\", serif\"}'),
(30, '.tp-caption.main_font_sub_heading', NULL, NULL, '{\"font-size\":\"30px\",\"color\":\"#ffffff\",\"line-height\":\"56px\",\"font-family\":\"\\\"Roboto\\\", serif\"}'),
(31, '.tp-caption.main_font_sub_heading_dark', NULL, NULL, '{\"font-size\":\"30px\",\"color\":\"#222222\",\"line-height\":\"56px\",\"font-family\":\"\\\"Roboto\\\", serif\"}'),
(32, '.tp-caption.main_font_sub_heading_primary', NULL, NULL, '{\"font-size\":\"30px\",\"color\":\"#d6a916\",\"line-height\":\"56px\",\"font-family\":\"\\\"Roboto\\\", serif\"}'),
(33, '.tp-caption.main_font_sub_heading_secondary', NULL, NULL, '{\"font-size\":\"30px\",\"line-height\":\"56px\",\"color\":\"#276658\",\"font-family\":\"\\\"Roboto\\\", serif\"}'),
(34, '.tp-caption.main_font', NULL, NULL, '{\"font-size\":\"17px\",\"color\":\"#ffffff\",\"font-family\":\"\\\"Roboto\\\", serif\"}'),
(35, '.tp-caption.main_font_dark', NULL, NULL, '{\"font-size\":\"17px\",\"color\":\"#222222\",\"font-family\":\"\\\"Roboto\\\", serif\"}'),
(36, '.tp-caption.main_font_primary', NULL, NULL, '{\"font-size\":\"17px\",\"color\":\"#d6a916\",\"font-family\":\"\\\"Roboto\\\", serif\"}'),
(37, '.tp-caption.main_font_secondary', NULL, NULL, '{\"font-size\":\"17px\",\"color\":\"#276658\",\"font-family\":\"\\\"Roboto\\\", serif\"}'),
(38, '.tp-caption.main_font_slider_button', '{\"hover\":\"true\"}', '{\"border-color\":\"#ffffff\",\"transition\":\"border-color 400ms\",\"font-family\":\"\\\"Roboto\\\", serif\"}', '{\"border\":\"2px solid\",\"font-weight\":\"300\",\"border-color\":\"transparent\",\"border-top-color\":\"#ffffff\",\"display\":\"inline-block\",\"padding\":\"12px 25px\",\"transition\":\"border-color 400ms\",\"font-family\":\"\\\"Roboto\\\", serif\"}'),
(39, '.tp-caption.main_font_slider_button_dark', '{\"hover\":\"true\"}', '{\"border-color\":\"#222222\",\"transition\":\"border-color 400ms\",\"font-family\":\"\\\"Roboto\\\", serif\"}', '{\"border\":\"2px solid\",\"font-weight\":\"300\",\"border-color\":\"transparent\",\"border-top-color\":\"#222222\",\"display\":\"inline-block\",\"padding\":\"12px 25px\",\"transition\":\"border-color 400ms\",\"font-family\":\"\\\"Roboto\\\", serif\"}'),
(40, '.tp-caption.main_font_slider_button_primary', '{\"hover\":\"true\"}', '{\"border-color\":\"#d6a916\",\"transition\":\"border-color 400ms\",\"font-family\":\"\\\"Roboto\\\", serif\"}', '{\"color\":\"#d6a916\",\"font-weight\":\"300\",\"border\":\"2px solid\",\"border-color\":\"transparent\",\"border-top-color\":\"#d6a916\",\"display\":\"inline-block\",\"padding\":\"12px 25px\",\"transition\":\"border-color 400ms\",\"font-family\":\"\\\"Roboto\\\", serif\"}'),
(41, '.tp-caption.main_font_slider_button_secondary', '{\"hover\":\"true\"}', '{\"border-color\":\"#276658\",\"transition\":\"border-color 400ms\",\"font-family\":\"\\\"Roboto\\\", serif\"}', '{\"color\":\"#276658\",\"font-weight\":\"300\",\"border\":\"2px solid\",\"border-color\":\"transparent\",\"border-top-color\":\"#276658\",\"display\":\"inline-block\",\"padding\":\"12px 25px\",\"transition\":\"border-color 400ms\",\"font-family\":\"\\\"Roboto\\\", serif\"}');

-- --------------------------------------------------------

--
-- Table structure for table `oc_revslider_layer_animations`
--

CREATE TABLE `oc_revslider_layer_animations` (
  `id` int(9) NOT NULL,
  `handle` text NOT NULL,
  `params` text NOT NULL
) ENGINE=MyISAM DEFAULT CHARSET=utf8;

-- --------------------------------------------------------

--
-- Table structure for table `oc_revslider_settings`
--

CREATE TABLE `oc_revslider_settings` (
  `id` int(9) NOT NULL,
  `general` text NOT NULL,
  `params` text NOT NULL
) ENGINE=MyISAM DEFAULT CHARSET=utf8;

-- --------------------------------------------------------

--
-- Table structure for table `oc_revslider_sliders`
--

CREATE TABLE `oc_revslider_sliders` (
  `id` int(9) NOT NULL,
  `title` tinytext NOT NULL,
  `alias` tinytext DEFAULT NULL,
  `params` text NOT NULL
) ENGINE=MyISAM DEFAULT CHARSET=utf8;

--
-- Dumping data for table `oc_revslider_sliders`
--

INSERT INTO `oc_revslider_sliders` (`id`, `title`, `alias`, `params`) VALUES
(1, 'home_slider_fullwidth', 'home_slider_fullwidth', '{\"title\":\"home_slider_fullwidth\",\"alias\":\"home_slider_fullwidth\",\"source_type\":\"gallery\",\"post_types\":\"product\",\"post_category\":\"category_59\",\"post_sortby\":\"ID\",\"prd_img_width\":\"880\",\"prd_img_height\":\"345\",\"posts_sort_direction\":\"DESC\",\"max_slider_posts\":\"30\",\"excerpt_limit\":\"55\",\"slider_template_id\":\"\",\"posts_list\":\"\",\"slider_type\":\"fullwidth\",\"fullscreen_offset_container\":\"\",\"fullscreen_offset_size\":\"\",\"fullscreen_min_height\":\"\",\"full_screen_align_force\":\"off\",\"auto_height\":\"off\",\"force_full_width\":\"on\",\"min_height\":\"0\",\"width\":\"960\",\"height\":\"640\",\"responsitive_w1\":\"940\",\"responsitive_sw1\":\"770\",\"responsitive_w2\":\"780\",\"responsitive_sw2\":\"500\",\"responsitive_w3\":\"510\",\"responsitive_sw3\":\"310\",\"responsitive_w4\":\"0\",\"responsitive_sw4\":\"0\",\"responsitive_w5\":\"0\",\"responsitive_sw5\":\"0\",\"responsitive_w6\":\"0\",\"responsitive_sw6\":\"0\",\"delay\":\"8000\",\"shuffle\":\"off\",\"lazy_load\":\"off\",\"use_wpml\":\"off\",\"enable_static_layers\":\"off\",\"next_slide_on_window_focus\":\"off\",\"simplify_ie8_ios4\":\"off\",\"stop_slider\":\"off\",\"stop_after_loops\":0,\"stop_at_slide\":2,\"show_timerbar\":\"top\",\"loop_slide\":\"loop\",\"position\":\"center\",\"margin_top\":0,\"margin_bottom\":30,\"margin_left\":0,\"margin_right\":0,\"shadow_type\":\"3\",\"padding\":0,\"background_color\":\"#E9E9E9\",\"background_dotted_overlay\":\"none\",\"show_background_image\":\"false\",\"background_image\":\"\",\"bg_fit\":\"cover\",\"bg_repeat\":\"no-repeat\",\"bg_position\":\"center top\",\"stop_on_hover\":\"on\",\"keyboard_navigation\":\"off\",\"navigation_style\":\"round\",\"navigaion_type\":\"bullet\",\"navigation_arrows\":\"solo\",\"navigaion_always_on\":\"false\",\"hide_thumbs\":200,\"navigaion_align_hor\":\"center\",\"navigaion_align_vert\":\"bottom\",\"navigaion_offset_hor\":\"0\",\"navigaion_offset_vert\":20,\"leftarrow_align_hor\":\"left\",\"leftarrow_align_vert\":\"center\",\"leftarrow_offset_hor\":20,\"leftarrow_offset_vert\":0,\"rightarrow_align_hor\":\"right\",\"rightarrow_align_vert\":\"center\",\"rightarrow_offset_hor\":20,\"rightarrow_offset_vert\":0,\"thumb_width\":100,\"thumb_height\":50,\"thumb_amount\":5,\"use_spinner\":\"0\",\"spinner_color\":\"#FFFFFF\",\"use_parallax\":\"off\",\"disable_parallax_mobile\":\"off\",\"parallax_type\":\"mouse\",\"parallax_bg_freeze\":\"off\",\"parallax_level_1\":\"5\",\"parallax_level_2\":\"10\",\"parallax_level_3\":\"15\",\"parallax_level_4\":\"20\",\"parallax_level_5\":\"25\",\"parallax_level_6\":\"30\",\"parallax_level_7\":\"35\",\"parallax_level_8\":\"40\",\"parallax_level_9\":\"45\",\"parallax_level_10\":\"50\",\"touchenabled\":\"on\",\"swipe_velocity\":75,\"swipe_min_touches\":1,\"drag_block_vertical\":\"false\",\"disable_on_mobile\":\"off\",\"disable_kenburns_on_mobile\":\"off\",\"hide_slider_under\":0,\"hide_defined_layers_under\":0,\"hide_all_layers_under\":0,\"hide_arrows_on_mobile\":\"off\",\"hide_bullets_on_mobile\":\"off\",\"hide_thumbs_on_mobile\":\"off\",\"hide_thumbs_under_resolution\":0,\"hide_thumbs_delay_mobile\":1500,\"start_with_slide\":\"1\",\"first_transition_active\":\"false\",\"first_transition_type\":\"fade\",\"first_transition_duration\":300,\"first_transition_slot_amount\":7,\"reset_transitions\":\"\",\"reset_transition_duration\":0,\"0\":\"Execute settings on all slides\",\"jquery_noconflict\":\"off\",\"js_to_body\":\"false\",\"output_type\":\"none\",\"custom_css\":\"\",\"custom_javascript\":\"\",\"template\":\"false\"}');

-- --------------------------------------------------------

--
-- Table structure for table `oc_revslider_slides`
--

CREATE TABLE `oc_revslider_slides` (
  `id` int(9) NOT NULL,
  `slider_id` int(9) NOT NULL,
  `slide_order` int(11) NOT NULL,
  `params` text NOT NULL,
  `layers` text NOT NULL
) ENGINE=MyISAM DEFAULT CHARSET=utf8;

--
-- Dumping data for table `oc_revslider_slides`
--

INSERT INTO `oc_revslider_slides` (`id`, `slider_id`, `slide_order`, `params`, `layers`) VALUES
(1, 1, 1, '{\"background_type\":\"image\",\"image\":\"http:\\/\\/www.gravity-lifestyle.com\\/image\\/catalog\\/revslider_media_folder\\/fitness-collection.jpg\",\"title\":\"Slide\",\"state\":\"published\",\"date_from\":\"\",\"date_to\":\"\",\"slide_transition\":\"random\",\"0\":\"Remove\",\"slot_amount\":7,\"transition_rotation\":0,\"transition_duration\":300,\"delay\":\"\",\"save_performance\":\"off\",\"enable_link\":\"false\",\"link_type\":\"regular\",\"link\":\"\",\"link_open_in\":\"same\",\"slide_link\":\"nothing\",\"link_pos\":\"front\",\"slide_thumb\":\"\",\"class_attr\":\"\",\"id_attr\":\"\",\"attr_attr\":\"\",\"data_attr\":\"\",\"slide_bg_color\":\"#E7E7E7\",\"slide_bg_external\":\"\",\"bg_fit\":\"cover\",\"bg_fit_x\":\"100\",\"bg_fit_y\":\"100\",\"bg_repeat\":\"no-repeat\",\"bg_position\":\"center top\",\"bg_position_x\":\"0\",\"bg_position_y\":\"0\",\"bg_end_position_x\":\"0\",\"bg_end_position_y\":\"0\",\"bg_end_position\":\"center top\",\"kenburn_effect\":\"off\",\"kb_start_fit\":\"100\",\"kb_end_fit\":\"100\",\"kb_duration\":\"8000\",\"kb_easing\":\"Linear.easeNone\",\"0\":\"Remove\"}', '[]'),
(2, 1, 2, '{\"background_type\":\"image\",\"image\":\"http:\\/\\/www.gravity-lifestyle.com\\/image\\/catalog\\/revslider_media_folder\\/girl-on-mat.jpg\",\"title\":\"Slide\",\"state\":\"published\",\"date_from\":\"\",\"date_to\":\"\",\"slide_transition\":\"random\",\"0\":\"Remove\",\"slot_amount\":7,\"transition_rotation\":0,\"transition_duration\":300,\"delay\":\"\",\"save_performance\":\"off\",\"enable_link\":\"false\",\"link_type\":\"regular\",\"link\":\"\",\"link_open_in\":\"same\",\"slide_link\":\"nothing\",\"link_pos\":\"front\",\"slide_thumb\":\"\",\"class_attr\":\"\",\"id_attr\":\"\",\"attr_attr\":\"\",\"data_attr\":\"\",\"slide_bg_color\":\"#E7E7E7\",\"slide_bg_external\":\"\",\"bg_fit\":\"cover\",\"bg_fit_x\":\"100\",\"bg_fit_y\":\"100\",\"bg_repeat\":\"no-repeat\",\"bg_position\":\"center top\",\"bg_position_x\":\"0\",\"bg_position_y\":\"0\",\"bg_end_position_x\":\"0\",\"bg_end_position_y\":\"0\",\"bg_end_position\":\"center top\",\"kenburn_effect\":\"off\",\"kb_start_fit\":\"100\",\"kb_end_fit\":\"100\",\"kb_duration\":\"8000\",\"kb_easing\":\"Linear.easeNone\"}', '[]'),
(3, 1, 3, '{\"background_type\":\"image\",\"image\":\"http:\\/\\/www.gravity-lifestyle.com\\/image\\/catalog\\/revslider_media_folder\\/looking-up.jpg\",\"title\":\"Slide\",\"state\":\"published\",\"date_from\":\"\",\"date_to\":\"\",\"slide_transition\":\"random\",\"0\":\"Remove\",\"slot_amount\":7,\"transition_rotation\":0,\"transition_duration\":300,\"delay\":\"\",\"save_performance\":\"off\",\"enable_link\":\"false\",\"link_type\":\"regular\",\"link\":\"\",\"link_open_in\":\"same\",\"slide_link\":\"nothing\",\"link_pos\":\"front\",\"slide_thumb\":\"\",\"class_attr\":\"\",\"id_attr\":\"\",\"attr_attr\":\"\",\"data_attr\":\"\",\"slide_bg_color\":\"#E7E7E7\",\"slide_bg_external\":\"\",\"bg_fit\":\"cover\",\"bg_fit_x\":\"100\",\"bg_fit_y\":\"100\",\"bg_repeat\":\"no-repeat\",\"bg_position\":\"center top\",\"bg_position_x\":\"0\",\"bg_position_y\":\"0\",\"bg_end_position_x\":\"0\",\"bg_end_position_y\":\"0\",\"bg_end_position\":\"center top\",\"kenburn_effect\":\"off\",\"kb_start_fit\":\"100\",\"kb_end_fit\":\"100\",\"kb_duration\":\"8000\",\"kb_easing\":\"Linear.easeNone\"}', '[]'),
(4, 1, 4, '{\"background_type\":\"image\",\"image\":\"http:\\/\\/www.gravity-lifestyle.com\\/image\\/catalog\\/revslider_media_folder\\/accessories.jpg\",\"title\":\"Slide\",\"state\":\"published\",\"date_from\":\"\",\"date_to\":\"\",\"slide_transition\":\"random\",\"0\":\"Remove\",\"slot_amount\":7,\"transition_rotation\":0,\"transition_duration\":300,\"delay\":\"\",\"save_performance\":\"off\",\"enable_link\":\"false\",\"link_type\":\"regular\",\"link\":\"\",\"link_open_in\":\"same\",\"slide_link\":\"nothing\",\"link_pos\":\"front\",\"slide_thumb\":\"\",\"class_attr\":\"\",\"id_attr\":\"\",\"attr_attr\":\"\",\"data_attr\":\"\",\"slide_bg_color\":\"#E7E7E7\",\"slide_bg_external\":\"\",\"bg_fit\":\"cover\",\"bg_fit_x\":\"100\",\"bg_fit_y\":\"100\",\"bg_repeat\":\"no-repeat\",\"bg_position\":\"center top\",\"bg_position_x\":\"0\",\"bg_position_y\":\"0\",\"bg_end_position_x\":\"0\",\"bg_end_position_y\":\"0\",\"bg_end_position\":\"center top\",\"kenburn_effect\":\"off\",\"kb_start_fit\":\"100\",\"kb_end_fit\":\"100\",\"kb_duration\":\"8000\",\"kb_easing\":\"Linear.easeNone\"}', '[]'),
(5, 1, 5, '{\"background_type\":\"image\",\"image\":\"http:\\/\\/www.gravity-lifestyle.com\\/image\\/catalog\\/revslider_media_folder\\/full-collection.jpg\",\"title\":\"Slide\",\"state\":\"published\",\"date_from\":\"\",\"date_to\":\"\",\"slide_transition\":\"random\",\"0\":\"Remove\",\"slot_amount\":7,\"transition_rotation\":0,\"transition_duration\":300,\"delay\":\"\",\"save_performance\":\"off\",\"enable_link\":\"false\",\"link_type\":\"regular\",\"link\":\"\",\"link_open_in\":\"same\",\"slide_link\":\"nothing\",\"link_pos\":\"front\",\"slide_thumb\":\"\",\"class_attr\":\"\",\"id_attr\":\"\",\"attr_attr\":\"\",\"data_attr\":\"\",\"slide_bg_color\":\"#E7E7E7\",\"slide_bg_external\":\"\",\"bg_fit\":\"cover\",\"bg_fit_x\":\"100\",\"bg_fit_y\":\"100\",\"bg_repeat\":\"no-repeat\",\"bg_position\":\"center top\",\"bg_position_x\":\"0\",\"bg_position_y\":\"0\",\"bg_end_position_x\":\"0\",\"bg_end_position_y\":\"0\",\"bg_end_position\":\"center top\",\"kenburn_effect\":\"off\",\"kb_start_fit\":\"100\",\"kb_end_fit\":\"100\",\"kb_duration\":\"8000\",\"kb_easing\":\"Linear.easeNone\"}', '[]');

-- --------------------------------------------------------

--
-- Table structure for table `oc_revslider_static_slides`
--

CREATE TABLE `oc_revslider_static_slides` (
  `id` int(9) NOT NULL,
  `slider_id` int(9) NOT NULL,
  `params` text NOT NULL,
  `layers` text NOT NULL
) ENGINE=MyISAM DEFAULT CHARSET=utf8;

-- --------------------------------------------------------

--
-- Table structure for table `oc_shopping_cart_rules`
--

CREATE TABLE `oc_shopping_cart_rules` (
  `rule_id` int(11) UNSIGNED NOT NULL,
  `name` varchar(255) NOT NULL DEFAULT '',
  `description` text NOT NULL,
  `conditions_serialized` mediumtext NOT NULL,
  `store_view` varchar(255) NOT NULL DEFAULT '0',
  `customer_group_ids` varchar(255) NOT NULL DEFAULT '',
  `start_date` varchar(255) NOT NULL DEFAULT '',
  `end_date` varchar(255) NOT NULL DEFAULT '',
  `actions` int(2) NOT NULL DEFAULT 0,
  `reward_per_spent` int(11) NOT NULL DEFAULT 0,
  `reward_point` int(11) NOT NULL DEFAULT 0,
  `rule_position` int(11) NOT NULL DEFAULT 0,
  `stop_rules_processing` int(2) NOT NULL DEFAULT 0,
  `status` int(2) NOT NULL DEFAULT 0
) ENGINE=InnoDB DEFAULT CHARSET=utf8;

--
-- Dumping data for table `oc_shopping_cart_rules`
--

INSERT INTO `oc_shopping_cart_rules` (`rule_id`, `name`, `description`, `conditions_serialized`, `store_view`, `customer_group_ids`, `start_date`, `end_date`, `actions`, `reward_per_spent`, `reward_point`, `rule_position`, `stop_rules_processing`, `status`) VALUES
(1, 'Whole Cart Rule', 'Buy $1000, get 300 points!', 'YToxOntzOjEwOiJjb25kaXRpb25zIjthOjI6e2k6MTthOjM6e3M6MTA6ImFnZ3JlZ2F0b3IiO3M6MzoiYWxsIjtzOjU6InZhbHVlIjtzOjE6IjEiO3M6OToibmV3X2NoaWxkIjtzOjA6IiI7fXM6NDoiMS0tMSI7YTo0OntzOjQ6InR5cGUiO3M6Mzc6InNhbGUvcmV3YXJkX3BvaW50cy9ydWxlfHN1YnRvdGFsLXRleHQiO3M6OToiYXR0cmlidXRlIjtzOjE2OiJhdHRyaWJ1dGVfc2V0X2lkIjtzOjg6Im9wZXJhdG9yIjtzOjU6IiZndDs9IjtzOjU6InZhbHVlIjtzOjM6IjUwMCI7fX19', '0', 'a:2:{i:0;s:2:\"99\";i:1;s:1:\"1\";}', '', '', 2, 0, 300, 0, 0, 0),
(2, 'Bulk Purchase amount of $2000+', 'Bulk Purchase amount of $2000+', 'YToxOntzOjEwOiJjb25kaXRpb25zIjthOjI6e2k6MTthOjM6e3M6MTA6ImFnZ3JlZ2F0b3IiO3M6MzoiYWxsIjtzOjU6InZhbHVlIjtzOjE6IjEiO3M6OToibmV3X2NoaWxkIjtzOjA6IiI7fXM6NDoiMS0tMSI7YTo1OntzOjQ6InR5cGUiO3M6Mzc6InNhbGUvcmV3YXJkX3BvaW50cy9ydWxlfHN1YnRvdGFsLXRleHQiO3M6NDoidGV4dCI7czo4OiJTdWJ0b3RhbCI7czo5OiJhdHRyaWJ1dGUiO3M6MTY6ImF0dHJpYnV0ZV9zZXRfaWQiO3M6ODoib3BlcmF0b3IiO3M6NToiJmd0Oz0iO3M6NToidmFsdWUiO3M6NDoiMjAwMCI7fX19', '0', 'a:2:{i:0;s:2:\"99\";i:1;s:1:\"1\";}', '', '', 2, 0, 2000, 0, 0, 0),
(3, 'Bulk Purchase amount of $3000+', 'Bulk Purchase amount of $3000+', 'YToxOntzOjEwOiJjb25kaXRpb25zIjthOjI6e2k6MTthOjM6e3M6MTA6ImFnZ3JlZ2F0b3IiO3M6MzoiYWxsIjtzOjU6InZhbHVlIjtzOjE6IjEiO3M6OToibmV3X2NoaWxkIjtzOjA6IiI7fXM6NDoiMS0tMSI7YTo1OntzOjQ6InR5cGUiO3M6Mzc6InNhbGUvcmV3YXJkX3BvaW50cy9ydWxlfHN1YnRvdGFsLXRleHQiO3M6NDoidGV4dCI7czo4OiJTdWJ0b3RhbCI7czo5OiJhdHRyaWJ1dGUiO3M6MTY6ImF0dHJpYnV0ZV9zZXRfaWQiO3M6ODoib3BlcmF0b3IiO3M6NToiJmd0Oz0iO3M6NToidmFsdWUiO3M6NDoiMzAwMCI7fX19', '0', 'a:2:{i:0;s:2:\"99\";i:1;s:1:\"1\";}', '', '', 2, 0, 3000, 0, 0, 0),
(4, 'Bulk purchase of 5 products', 'Bulk purchase of 5 products', 'YToxOntzOjEwOiJjb25kaXRpb25zIjthOjI6e2k6MTthOjM6e3M6MTA6ImFnZ3JlZ2F0b3IiO3M6MzoiYWxsIjtzOjU6InZhbHVlIjtzOjE6IjEiO3M6OToibmV3X2NoaWxkIjtzOjA6IiI7fXM6NDoiMS0tMSI7YTo1OntzOjQ6InR5cGUiO3M6Mzc6InNhbGUvcmV3YXJkX3BvaW50cy9ydWxlfHF1YW50aXR5LXRleHQiO3M6NDoidGV4dCI7czoyMDoiVG90YWwgaXRlbXMgcXVhbnRpdHkiO3M6OToiYXR0cmlidXRlIjtzOjE2OiJhdHRyaWJ1dGVfc2V0X2lkIjtzOjg6Im9wZXJhdG9yIjtzOjU6IiZndDs9IjtzOjU6InZhbHVlIjtzOjE6IjUiO319fQ==', '0', 'a:2:{i:0;s:2:\"99\";i:1;s:1:\"1\";}', '', '', 2, 0, 500, 0, 0, 0);

-- --------------------------------------------------------

--
-- Table structure for table `oc_slot_setting`
--

CREATE TABLE `oc_slot_setting` (
  `slot_id` int(11) NOT NULL,
  `end_time` varchar(100) DEFAULT NULL,
  `intervals` int(11) DEFAULT NULL,
  `delivery_starts` int(11) DEFAULT NULL,
  `start_time` varchar(100) DEFAULT NULL,
  `show_slots` int(11) DEFAULT NULL,
  `order_per_slot` int(11) DEFAULT NULL,
  `time_format` varchar(100) DEFAULT '12 ( AM/PM and O clock )',
  `range_date_from` varchar(100) DEFAULT NULL,
  `range_date_to` varchar(100) DEFAULT NULL,
  `date_format` varchar(100) DEFAULT 'yy-mm-dd',
  `time_zone` varchar(100) DEFAULT 'Asia/karachi'
) ENGINE=MyISAM DEFAULT CHARSET=latin1;

--
-- Dumping data for table `oc_slot_setting`
--

INSERT INTO `oc_slot_setting` (`slot_id`, `end_time`, `intervals`, `delivery_starts`, `start_time`, `show_slots`, `order_per_slot`, `time_format`, `range_date_from`, `range_date_to`, `date_format`, `time_zone`) VALUES
(1, '17:00:00', 2, 48, '09:00:00', 10, 1, '12 ( AM/PM and O clock )', '2015-11-04', '2024-07-20', 'dd-mm-yy', 'Africa/Lagos');

-- --------------------------------------------------------

--
-- Table structure for table `oc_spending_rules`
--

CREATE TABLE `oc_spending_rules` (
  `rule_id` int(11) UNSIGNED NOT NULL,
  `name` varchar(255) NOT NULL DEFAULT '',
  `description` text NOT NULL,
  `conditions_serialized` mediumtext NOT NULL,
  `store_view` varchar(255) NOT NULL DEFAULT '0',
  `customer_group_ids` varchar(255) NOT NULL DEFAULT '',
  `start_date` varchar(255) NOT NULL DEFAULT '',
  `end_date` varchar(255) NOT NULL DEFAULT '',
  `actions` int(2) NOT NULL DEFAULT 0,
  `reward_per_spent` int(11) NOT NULL DEFAULT 0,
  `reward_point` int(11) NOT NULL DEFAULT 0,
  `rule_position` int(11) NOT NULL DEFAULT 0,
  `stop_rules_processing` int(2) NOT NULL DEFAULT 0,
  `status` int(2) NOT NULL DEFAULT 0
) ENGINE=InnoDB DEFAULT CHARSET=utf8;

--
-- Dumping data for table `oc_spending_rules`
--

INSERT INTO `oc_spending_rules` (`rule_id`, `name`, `description`, `conditions_serialized`, `store_view`, `customer_group_ids`, `start_date`, `end_date`, `actions`, `reward_per_spent`, `reward_point`, `rule_position`, `stop_rules_processing`, `status`) VALUES
(1, 'Spending Rule ', 'some particular products', 'YToxOntzOjEwOiJjb25kaXRpb25zIjthOjI6e2k6MTthOjM6e3M6MTA6ImFnZ3JlZ2F0b3IiO3M6MzoiYWxsIjtzOjU6InZhbHVlIjtzOjE6IjEiO3M6OToibmV3X2NoaWxkIjtzOjA6IiI7fXM6NDoiMS0tMSI7YTo1OntzOjQ6InR5cGUiO3M6Mzc6InNhbGUvcmV3YXJkX3BvaW50cy9ydWxlfHN1YnRvdGFsLXRleHQiO3M6NDoidGV4dCI7czo4OiJTdWJ0b3RhbCI7czo5OiJhdHRyaWJ1dGUiO3M6MTY6ImF0dHJpYnV0ZV9zZXRfaWQiO3M6ODoib3BlcmF0b3IiO3M6NToiJmd0Oz0iO3M6NToidmFsdWUiO3M6MzoiNTAwIjt9fX0=', '0', 'a:2:{i:0;s:2:\"99\";i:1;s:1:\"1\";}', '', '', 2, 0, 0, 0, 0, 0);

-- --------------------------------------------------------

--
-- Table structure for table `oc_stock_status`
--

CREATE TABLE `oc_stock_status` (
  `stock_status_id` int(11) NOT NULL,
  `language_id` int(11) NOT NULL,
  `name` varchar(32) NOT NULL
) ENGINE=MyISAM DEFAULT CHARSET=utf8;

--
-- Dumping data for table `oc_stock_status`
--

INSERT INTO `oc_stock_status` (`stock_status_id`, `language_id`, `name`) VALUES
(7, 1, 'In Stock'),
(8, 1, 'Pre-Order'),
(5, 1, 'Out Of Stock'),
(6, 1, '2-3 Days');

-- --------------------------------------------------------

--
-- Table structure for table `oc_store`
--

CREATE TABLE `oc_store` (
  `store_id` int(11) NOT NULL,
  `name` varchar(64) NOT NULL,
  `url` varchar(255) NOT NULL,
  `ssl` varchar(255) NOT NULL
) ENGINE=MyISAM DEFAULT CHARSET=utf8;

-- --------------------------------------------------------

--
-- Table structure for table `oc_tab`
--

CREATE TABLE `oc_tab` (
  `tab_id` int(11) NOT NULL,
  `sort_order` int(3) NOT NULL,
  `status` tinyint(1) NOT NULL DEFAULT 1,
  `position` tinyint(1) NOT NULL DEFAULT 1,
  `show_empty` tinyint(1) NOT NULL DEFAULT 0
) ENGINE=MyISAM DEFAULT CHARSET=utf8 COLLATE=utf8_bin;

-- --------------------------------------------------------

--
-- Table structure for table `oc_tab_description`
--

CREATE TABLE `oc_tab_description` (
  `tab_id` int(11) NOT NULL,
  `language_id` int(11) NOT NULL,
  `name` varchar(64) COLLATE utf8_bin NOT NULL
) ENGINE=MyISAM DEFAULT CHARSET=utf8 COLLATE=utf8_bin;

-- --------------------------------------------------------

--
-- Table structure for table `oc_tag_cloud`
--

CREATE TABLE `oc_tag_cloud` (
  `qty` int(11) NOT NULL,
  `tag` varchar(255) COLLATE utf8_bin NOT NULL,
  `language_id` int(11) NOT NULL,
  `store_id` int(11) NOT NULL
) ENGINE=MyISAM DEFAULT CHARSET=utf8 COLLATE=utf8_bin;

-- --------------------------------------------------------

--
-- Table structure for table `oc_tax_class`
--

CREATE TABLE `oc_tax_class` (
  `tax_class_id` int(11) NOT NULL,
  `title` varchar(32) NOT NULL,
  `description` varchar(255) NOT NULL,
  `date_added` datetime NOT NULL,
  `date_modified` datetime NOT NULL
) ENGINE=MyISAM DEFAULT CHARSET=utf8;

--
-- Dumping data for table `oc_tax_class`
--

INSERT INTO `oc_tax_class` (`tax_class_id`, `title`, `description`, `date_added`, `date_modified`) VALUES
(9, 'Taxable Goods', 'Taxed goods', '2009-01-06 23:21:53', '2011-09-23 14:07:50'),
(10, 'Downloadable Products', 'Downloadable', '2011-09-21 22:19:39', '2011-09-22 10:27:36');

-- --------------------------------------------------------

--
-- Table structure for table `oc_tax_rate`
--

CREATE TABLE `oc_tax_rate` (
  `tax_rate_id` int(11) NOT NULL,
  `geo_zone_id` int(11) NOT NULL DEFAULT 0,
  `name` varchar(32) NOT NULL,
  `rate` decimal(15,4) NOT NULL DEFAULT 0.0000,
  `type` char(1) NOT NULL,
  `date_added` datetime NOT NULL,
  `date_modified` datetime NOT NULL
) ENGINE=MyISAM DEFAULT CHARSET=utf8;

--
-- Dumping data for table `oc_tax_rate`
--

INSERT INTO `oc_tax_rate` (`tax_rate_id`, `geo_zone_id`, `name`, `rate`, `type`, `date_added`, `date_modified`) VALUES
(86, 3, 'VAT (20%)', 20.0000, 'P', '2011-03-09 21:17:10', '2011-09-22 22:24:29'),
(87, 3, 'Eco Tax (-2.00)', 2.0000, 'F', '2011-09-21 21:49:23', '2011-09-23 00:40:19');

-- --------------------------------------------------------

--
-- Table structure for table `oc_tax_rate_to_customer_group`
--

CREATE TABLE `oc_tax_rate_to_customer_group` (
  `tax_rate_id` int(11) NOT NULL,
  `customer_group_id` int(11) NOT NULL
) ENGINE=MyISAM DEFAULT CHARSET=utf8;

--
-- Dumping data for table `oc_tax_rate_to_customer_group`
--

INSERT INTO `oc_tax_rate_to_customer_group` (`tax_rate_id`, `customer_group_id`) VALUES
(86, 1),
(87, 1);

-- --------------------------------------------------------

--
-- Table structure for table `oc_tax_rule`
--

CREATE TABLE `oc_tax_rule` (
  `tax_rule_id` int(11) NOT NULL,
  `tax_class_id` int(11) NOT NULL,
  `tax_rate_id` int(11) NOT NULL,
  `based` varchar(10) NOT NULL,
  `priority` int(5) NOT NULL DEFAULT 1
) ENGINE=MyISAM DEFAULT CHARSET=utf8;

--
-- Dumping data for table `oc_tax_rule`
--

INSERT INTO `oc_tax_rule` (`tax_rule_id`, `tax_class_id`, `tax_rate_id`, `based`, `priority`) VALUES
(121, 10, 86, 'payment', 1),
(120, 10, 87, 'store', 0),
(128, 9, 86, 'shipping', 1),
(127, 9, 87, 'shipping', 2);

-- --------------------------------------------------------

--
-- Table structure for table `oc_testimonial`
--

CREATE TABLE `oc_testimonial` (
  `testimonial_id` int(11) NOT NULL,
  `name` varchar(64) CHARACTER SET utf8 COLLATE utf8_bin NOT NULL,
  `city` varchar(64) CHARACTER SET utf8 COLLATE utf8_bin DEFAULT NULL,
  `email` varchar(96) CHARACTER SET utf8 COLLATE utf8_bin DEFAULT NULL,
  `status` int(1) NOT NULL DEFAULT 0,
  `rating` int(1) NOT NULL DEFAULT 0,
  `date_added` datetime NOT NULL DEFAULT '0000-00-00 00:00:00'
) ENGINE=MyISAM DEFAULT CHARSET=utf8 COLLATE=utf8_unicode_ci;

--
-- Dumping data for table `oc_testimonial`
--

INSERT INTO `oc_testimonial` (`testimonial_id`, `name`, `city`, `email`, `status`, `rating`, `date_added`) VALUES
(1, 'Lizzy', 'Port-Harcourt', '', 1, 5, '2015-10-05 14:41:31'),
(2, 'Josephine Madu', 'Lagos', '', 1, 4, '2015-10-05 14:42:28'),
(3, 'Precious DaSilva', 'Port-Harcourt', '', 1, 5, '2015-10-05 14:43:02'),
(4, 'Princess Godswill', 'Port-Harcourt', '', 1, 4, '2015-10-05 14:43:35'),
(5, 'Stephanie Adams', 'FCT Abuja', '', 1, 5, '2015-10-05 14:44:11'),
(6, 'Kaden', 'Ky5xRXq7Yd9A', 'uduhlbs4@mail.com', 0, 5, '2016-07-07 19:50:42');

-- --------------------------------------------------------

--
-- Table structure for table `oc_testimonial_description`
--

CREATE TABLE `oc_testimonial_description` (
  `testimonial_id` int(11) NOT NULL,
  `language_id` int(11) NOT NULL,
  `title` varchar(64) COLLATE utf8_unicode_ci NOT NULL DEFAULT '',
  `description` text COLLATE utf8_unicode_ci NOT NULL
) ENGINE=MyISAM DEFAULT CHARSET=utf8 COLLATE=utf8_unicode_ci;

--
-- Dumping data for table `oc_testimonial_description`
--

INSERT INTO `oc_testimonial_description` (`testimonial_id`, `language_id`, `title`, `description`) VALUES
(1, 1, 'Perfect Body Fit Workout Wear', 'The way my gravity tank and leggings fit my body is amazing. Takes my curves perfectly and yet enables free movement during workout sessions. I recommend their products any-day, anytime, for those who love quality and comfortable wears.'),
(2, 1, 'Premium Sports Wear', 'I love gravity products as they are made from premium fabric. Been using my Leela tank for about a year now and still feels like its just a week old. Keep up the good job #TeamGravity'),
(3, 1, 'Fabulous, Unique, Comfortable Sports Wears', 'Gravity sports wears are surpassingly fabulous. Gravity sports wear are unique with it\'s own amazing comfort. It varies in size, has beautiful and cool colors and gives a perfect fitting. It also consists of appropriate fabrics suitable for the body. For ladies, who workout is their second nature, Gravity sports wear are a must have. '),
(4, 1, 'Comfortable, Stylish &amp; Fitting', 'Gravity and lifestyle wears are appropriate and very comfortable training wears with various sizes that range from skinny to even plus sized. They offer a variety of beautiful designs with insanely amazing fit which makes you feel and look sexy in the course of your workout . This definitely exceeded my expectations after my endless search for the best sports wear. I must say gravity sports wear is perfect for ladies who are workout obsessed and love to get a perfect and toned body. Gravity and lifestyle wears are perfect for your workout, training, yoga and any kind of exercise.'),
(5, 1, 'Light Fabric, yet Durable', 'I\'ve been using Gravity apparel for quite sometime now since I started working out and have grown to love their products. Feels so comfortable and light...just the perfect feeling one needs to work out for longer hours.'),
(6, 1, 'Wait, I cannot fatho', 'Wait, I cannot fathom it being so strhtgaiforwar d.');

-- --------------------------------------------------------

--
-- Table structure for table `oc_upload`
--

CREATE TABLE `oc_upload` (
  `upload_id` int(11) NOT NULL,
  `name` varchar(255) NOT NULL,
  `filename` varchar(255) NOT NULL,
  `code` varchar(255) NOT NULL,
  `date_added` datetime NOT NULL
) ENGINE=MyISAM DEFAULT CHARSET=utf8;

-- --------------------------------------------------------

--
-- Table structure for table `oc_url_alias`
--

CREATE TABLE `oc_url_alias` (
  `url_alias_id` int(11) NOT NULL,
  `query` varchar(255) NOT NULL,
  `keyword` varchar(255) NOT NULL
) ENGINE=MyISAM DEFAULT CHARSET=utf8;

--
-- Dumping data for table `oc_url_alias`
--

INSERT INTO `oc_url_alias` (`url_alias_id`, `query`, `keyword`) VALUES
(988, 'category_id=80', 'men-hoodies-sweatshirts'),
(1114, 'information_id=4', 'about_us'),
(1356, 'category_id=64', 'Virtual Fitness'),
(968, 'category_id=74', 'men-accessories'),
(969, 'category_id=75', 'bags-and-wallets'),
(970, 'category_id=76', 'men-footwear'),
(971, 'category_id=77', 'men-sunglasses'),
(972, 'category_id=78', 'men-watches'),
(973, 'category_id=79', 'men-coats-jackets'),
(1088, 'category_id=59', 'fitness-shop'),
(1034, 'category_id=60', 'men'),
(1035, 'category_id=61', 'women'),
(941, 'category_id=62', 'accessories'),
(848, 'category_id=63', ''),
(940, 'category_id=72', 'outfits'),
(942, 'category_id=71', 'footwear'),
(855, 'category_id=70', 'bottoms'),
(854, 'category_id=69', 'water-bottles-flasks'),
(853, 'category_id=68', 'pedometers'),
(850, 'category_id=65', 'gloves'),
(851, 'category_id=66', 'massagers'),
(852, 'category_id=67', 'mats'),
(858, 'category_id=73', 'tops'),
(1314, 'product_id=58', 'stellar-leggings'),
(1313, 'product_id=57', 'sophie-bra-top'),
(1310, 'product_id=54', 'princess-bra-top'),
(1311, 'product_id=53', 'precious-bra-top'),
(1309, 'product_id=52', 'leela-tank'),
(1308, 'product_id=51', 'gracie-vneck-tank'),
(1307, 'product_id=50', 'glitz-leggings'),
(899, 'manufacturer_id=11', 'gravity-lifestyle'),
(1312, 'product_id=56', 'sarah-short-sleeved-top'),
(1317, 'product_id=55', 'princewill-leggings'),
(1359, 'product_id=65', 'diet, weight management, support'),
(1360, 'information_id=6', 'delivery'),
(1038, 'information_id=3', 'privacy'),
(1039, 'information_id=5', 'terms'),
(989, 'category_id=81', 'men-innerwear'),
(978, 'category_id=82', 'men-jog-pants'),
(985, 'category_id=83', 'men-knitwear'),
(990, 'category_id=84', 'men-loungewear'),
(1093, 'category_id=85', 'men-polo-shirts'),
(983, 'category_id=86', 'men-shirts'),
(982, 'category_id=87', 'men-shorts'),
(981, 'category_id=88', 'men-swimwear-beachwear'),
(1095, 'category_id=89', 'men-tshirts'),
(979, 'category_id=90', 'men-vests'),
(877, 'category_id=91', 'women-accessories'),
(882, 'category_id=92', 'bags-and-purses'),
(883, 'category_id=93', 'women-footwear'),
(881, 'category_id=95', 'women-watches'),
(885, 'category_id=96', 'capri-shorts'),
(936, 'category_id=97', 'women-coats-jackets'),
(935, 'category_id=98', 'women-hoodies-sweatshirts'),
(888, 'category_id=99', 'women-innerwear'),
(939, 'category_id=100', 'women-knitwear'),
(938, 'category_id=101', 'women-loungewear'),
(891, 'category_id=102', 'women-activewear'),
(965, 'category_id=103', 'women-shirts-blouses'),
(964, 'category_id=104', 'skirts'),
(937, 'category_id=105', 'women-swimwear-beachwear'),
(963, 'category_id=106', 'women-tshirts'),
(962, 'category_id=107', 'women-vests-tanks'),
(897, 'category_id=108', 'trousers-leggings'),
(1315, 'product_id=59', 'taunte-crossed-back-tank'),
(958, 'category_id=109', 'bra-tops'),
(1366, 'category_id=110', 'health-shop'),
(1000, 'blog/home', 'blog'),
(1001, 'blog_category_id=49', 'health'),
(1002, 'blog_category_id=50', 'fitness'),
(1122, 'information_id=7', 'payment'),
(1299, 'product_id=71', 'Jacket, upper, grey, button free, open front, workout, hang out, Nigeria'),
(1305, 'product_id=72', 'angel, white, upper, white, button free, open back, workout, hang out, Nigeria'),
(1293, 'product_id=75', 'Tyme, Unisex, Hoodie, Black, workout, Hangout'),
(1286, 'product_id=76', 'black, leggings, workout, hangout, full length'),
(1268, 'product_id=77', 'Gozie, Off Shoulder, Top, Pink, longsleeve, workout, Hangout'),
(1270, 'product_id=78', 'La Belle, Bra top, Grey, black, workout, hangout, gravity'),
(1292, 'product_id=79', 'Tolzy, Bra top, black, workout, hangout, gravity'),
(1294, 'product_id=80', 'Verry, Berry, X-Top, Black, long sleeve, gravity '),
(1304, 'product_id=81', 'Fomsky, Hot Short, hot, short, workout, hangout, gravity, grey'),
(1287, 'product_id=82', 'Double-Jay, Crossed, Back, crossed back, crossed-back, Tank, Pink, workout, hangout, gravity'),
(1295, 'product_id=83', 'Yetty, Shirt, Yellow, Grey, T-shirt, workout, hangout, polo, gravity'),
(1303, 'product_id=84', 'Chech, Shorts, Yellow, men, workout, hangout, gravity'),
(1291, 'product_id=85', 'Tella, Trousers, Black, full length, workout, hangout, gravity'),
(1289, 'product_id=86', 'T for Tee\'s,  Unisex, Shirt, men, women, T-Shirt, Black, workout, hangout, gravity'),
(1273, 'product_id=87', 'Maple, Shorts, Red, men, workout, hangout, gravity'),
(1274, 'product_id=88', 'Nelo, Unisex Shirt, Black, workout, hangout, gravity'),
(1263, 'product_id=89', 'Erus, Shirt, Blue, T-Shirt, workout, hangout, gravity'),
(1306, 'product_id=90', 'Barry, Shorts, Black, men, workout, hangout, gravity'),
(1261, 'product_id=91', 'Data-Combo, Shirt, Green, workout, hangout, gravity'),
(1300, 'product_id=95', 'pants, high waisted, black, leggings, workout, hangout'),
(1284, 'product_id=94', 'Stunna Set, Babe in body stockings, BIB, Cute Crop Top,  Slinky Skirt, Dapper Leggings, Orange, Grey,  Backless, Body Suit, Top, Black, workout, hangout, gravity, Orange, Grey, Black'),
(1344, 'product_id=97', 'Clabber girl baking powder'),
(1330, 'category_id=111', 'Diet-Aids'),
(1354, 'product_id=118', ''),
(1361, 'product_id=119', ''),
(1362, 'product_id=120', '');

-- --------------------------------------------------------

--
-- Table structure for table `oc_user_group`
--

CREATE TABLE `oc_user_group` (
  `user_group_id` int(11) NOT NULL,
  `name` varchar(64) NOT NULL,
  `permission` text NOT NULL
) ENGINE=MyISAM DEFAULT CHARSET=utf8;

--
-- Dumping data for table `oc_user_group`
--

INSERT INTO `oc_user_group` (`user_group_id`, `name`, `permission`) VALUES
(1, 'Administrator', 'a:2:{s:6:\"access\";a:276:{i:0;s:9:\"blog/blog\";i:1;s:18:\"blog/blog_category\";i:2;s:17:\"blog/blog_comment\";i:3;s:17:\"blog/blog_setting\";i:4;s:17:\"catalog/attribute\";i:5;s:23:\"catalog/attribute_group\";i:6;s:16:\"catalog/category\";i:7;s:16:\"catalog/download\";i:8;s:14:\"catalog/filter\";i:9;s:19:\"catalog/information\";i:10;s:20:\"catalog/manufacturer\";i:11;s:14:\"catalog/option\";i:12;s:15:\"catalog/product\";i:13;s:16:\"catalog/question\";i:14;s:17:\"catalog/recurring\";i:15;s:14:\"catalog/review\";i:16;s:11:\"catalog/tab\";i:17;s:19:\"catalog/testimonial\";i:18;s:18:\"common/column_left\";i:19;s:18:\"common/filemanager\";i:20;s:11:\"common/menu\";i:21;s:14:\"common/profile\";i:22;s:12:\"common/stats\";i:23;s:13:\"design/banner\";i:24;s:13:\"design/layout\";i:25;s:26:\"ecadvancedreports/abstract\";i:26;s:26:\"ecadvancedreports/category\";i:27;s:26:\"ecadvancedreports/customer\";i:28;s:31:\"ecadvancedreports/customer_city\";i:29;s:34:\"ecadvancedreports/customer_company\";i:30;s:34:\"ecadvancedreports/customer_country\";i:31;s:32:\"ecadvancedreports/customer_group\";i:32;s:36:\"ecadvancedreports/customer_not_order\";i:33;s:26:\"ecadvancedreports/earnings\";i:34;s:25:\"ecadvancedreports/product\";i:35;s:36:\"ecadvancedreports/product_bestseller\";i:36;s:35:\"ecadvancedreports/product_inventory\";i:37;s:33:\"ecadvancedreports/product_notsold\";i:38;s:32:\"ecadvancedreports/report_product\";i:39;s:30:\"ecadvancedreports/sale_country\";i:40;s:29:\"ecadvancedreports/sale_coupon\";i:41;s:31:\"ecadvancedreports/sale_customer\";i:42;s:31:\"ecadvancedreports/sale_day_week\";i:43;s:27:\"ecadvancedreports/sale_hour\";i:44;s:35:\"ecadvancedreports/sale_manufacturer\";i:45;s:28:\"ecadvancedreports/sale_order\";i:46;s:30:\"ecadvancedreports/sale_payment\";i:47;s:29:\"ecadvancedreports/sale_report\";i:48;s:28:\"ecadvancedreports/sale_state\";i:49;s:33:\"ecadvancedreports/sale_statistics\";i:50;s:30:\"ecadvancedreports/sale_zipcode\";i:51;s:30:\"ecadvancedreports/top_customer\";i:52;s:31:\"ecadvancedreports/user_activity\";i:53;s:14:\"extension/feed\";i:54;s:15:\"extension/fraud\";i:55;s:19:\"extension/installer\";i:56;s:22:\"extension/modification\";i:57;s:16:\"extension/module\";i:58;s:20:\"extension/newsletter\";i:59;s:17:\"extension/openbay\";i:60;s:17:\"extension/payment\";i:61;s:18:\"extension/shipping\";i:62;s:15:\"extension/total\";i:63;s:16:\"feed/google_base\";i:64;s:19:\"feed/google_sitemap\";i:65;s:15:\"feed/openbaypro\";i:66;s:18:\"fraud/fraudlabspro\";i:67;s:13:\"fraud/maxmind\";i:68;s:20:\"localisation/country\";i:69;s:21:\"localisation/currency\";i:70;s:21:\"localisation/geo_zone\";i:71;s:21:\"localisation/language\";i:72;s:25:\"localisation/length_class\";i:73;s:21:\"localisation/location\";i:74;s:25:\"localisation/order_status\";i:75;s:26:\"localisation/return_action\";i:76;s:26:\"localisation/return_reason\";i:77;s:26:\"localisation/return_status\";i:78;s:25:\"localisation/stock_status\";i:79;s:22:\"localisation/tax_class\";i:80;s:21:\"localisation/tax_rate\";i:81;s:25:\"localisation/weight_class\";i:82;s:17:\"localisation/zone\";i:83;s:19:\"marketing/affiliate\";i:84;s:17:\"marketing/contact\";i:85;s:16:\"marketing/coupon\";i:86;s:19:\"marketing/marketing\";i:87;s:30:\"module/abandoned_cart_reminder\";i:88;s:14:\"module/account\";i:89;s:16:\"module/affiliate\";i:90;s:20:\"module/amazon_button\";i:91;s:19:\"module/amazon_login\";i:92;s:17:\"module/amazon_pay\";i:93;s:13:\"module/banner\";i:94;s:17:\"module/bestseller\";i:95;s:20:\"module/blog_category\";i:96;s:18:\"module/blog_latest\";i:97;s:15:\"module/carousel\";i:98;s:15:\"module/category\";i:99;s:14:\"module/cosyone\";i:100;s:21:\"module/cosyone_banner\";i:101;s:25:\"module/cosyone_bannerwall\";i:102;s:23:\"module/cosyone_carousel\";i:103;s:23:\"module/cosyone_category\";i:104;s:22:\"module/cosyone_content\";i:105;s:20:\"module/cosyone_deals\";i:106;s:27:\"module/cosyone_productbrand\";i:107;s:23:\"module/cosyone_recently\";i:108;s:22:\"module/cosyone_socials\";i:109;s:23:\"module/cosyone_tagcloud\";i:110;s:26:\"module/cosyone_testimonial\";i:111;s:26:\"module/cosyone_twitterfeed\";i:112;s:20:\"module/d_ajax_search\";i:113;s:21:\"module/d_social_login\";i:114;s:19:\"module/ebay_listing\";i:115;s:24:\"module/ecadvancedreports\";i:116;s:21:\"module/facebook_store\";i:117;s:17:\"module/faqmanager\";i:118;s:15:\"module/featured\";i:119;s:13:\"module/filter\";i:120;s:16:\"module/fs_banner\";i:121;s:20:\"module/fs_bestseller\";i:122;s:18:\"module/fs_category\";i:123;s:18:\"module/fs_featured\";i:124;s:16:\"module/fs_latest\";i:125;s:16:\"module/fs_slider\";i:126;s:17:\"module/fs_special\";i:127;s:22:\"module/google_hangouts\";i:128;s:11:\"module/html\";i:129;s:17:\"module/html_email\";i:130;s:18:\"module/information\";i:131;s:13:\"module/latest\";i:132;s:17:\"module/newsletter\";i:133;s:25:\"module/order_status_color\";i:134;s:18:\"module/pdf_invoice\";i:135;s:10:\"module/phe\";i:136;s:16:\"module/pp_button\";i:137;s:15:\"module/pp_login\";i:138;s:20:\"module/quickcheckout\";i:139;s:24:\"module/revslideropencart\";i:140;s:22:\"module/revslideroutput\";i:141;s:17:\"module/showintabs\";i:142;s:24:\"module/showintabs_output\";i:143;s:16:\"module/slideshow\";i:144;s:14:\"module/special\";i:145;s:12:\"module/store\";i:146;s:14:\"openbay/amazon\";i:147;s:22:\"openbay/amazon_listing\";i:148;s:22:\"openbay/amazon_product\";i:149;s:16:\"openbay/amazonus\";i:150;s:24:\"openbay/amazonus_listing\";i:151;s:24:\"openbay/amazonus_product\";i:152;s:12:\"openbay/ebay\";i:153;s:20:\"openbay/ebay_profile\";i:154;s:21:\"openbay/ebay_template\";i:155;s:12:\"openbay/etsy\";i:156;s:20:\"openbay/etsy_product\";i:157;s:21:\"openbay/etsy_shipping\";i:158;s:17:\"openbay/etsy_shop\";i:159;s:15:\"payment/GOP_COD\";i:160;s:23:\"payment/amazon_checkout\";i:161;s:24:\"payment/amazon_login_pay\";i:162;s:24:\"payment/authorizenet_aim\";i:163;s:24:\"payment/authorizenet_sim\";i:164;s:21:\"payment/bank_transfer\";i:165;s:22:\"payment/bluepay_hosted\";i:166;s:24:\"payment/bluepay_redirect\";i:167;s:14:\"payment/cheque\";i:168;s:11:\"payment/cod\";i:169;s:17:\"payment/firstdata\";i:170;s:24:\"payment/firstdata_remote\";i:171;s:21:\"payment/free_checkout\";i:172;s:14:\"payment/g2apay\";i:173;s:17:\"payment/globalpay\";i:174;s:24:\"payment/globalpay_remote\";i:175;s:22:\"payment/klarna_account\";i:176;s:22:\"payment/klarna_invoice\";i:177;s:14:\"payment/liqpay\";i:178;s:14:\"payment/nochex\";i:179;s:15:\"payment/paymate\";i:180;s:16:\"payment/paypoint\";i:181;s:13:\"payment/payza\";i:182;s:26:\"payment/perpetual_payments\";i:183;s:18:\"payment/pp_express\";i:184;s:18:\"payment/pp_payflow\";i:185;s:25:\"payment/pp_payflow_iframe\";i:186;s:14:\"payment/pp_pro\";i:187;s:21:\"payment/pp_pro_iframe\";i:188;s:19:\"payment/pp_standard\";i:189;s:14:\"payment/realex\";i:190;s:21:\"payment/realex_remote\";i:191;s:22:\"payment/sagepay_direct\";i:192;s:22:\"payment/sagepay_server\";i:193;s:18:\"payment/sagepay_us\";i:194;s:24:\"payment/securetrading_pp\";i:195;s:24:\"payment/securetrading_ws\";i:196;s:14:\"payment/skrill\";i:197;s:19:\"payment/twocheckout\";i:198;s:28:\"payment/web_payment_software\";i:199;s:16:\"payment/worldpay\";i:200;s:18:\"payment/zglobalpay\";i:201;s:24:\"promotions/reward_points\";i:202;s:16:\"report/affiliate\";i:203;s:25:\"report/affiliate_activity\";i:204;s:22:\"report/affiliate_login\";i:205;s:24:\"report/customer_activity\";i:206;s:22:\"report/customer_credit\";i:207;s:21:\"report/customer_login\";i:208;s:22:\"report/customer_online\";i:209;s:21:\"report/customer_order\";i:210;s:22:\"report/customer_reward\";i:211;s:16:\"report/marketing\";i:212;s:24:\"report/product_purchased\";i:213;s:21:\"report/product_viewed\";i:214;s:18:\"report/sale_coupon\";i:215;s:17:\"report/sale_order\";i:216;s:18:\"report/sale_return\";i:217;s:20:\"report/sale_shipping\";i:218;s:15:\"report/sale_tax\";i:219;s:17:\"sale/custom_field\";i:220;s:13:\"sale/customer\";i:221;s:20:\"sale/customer_ban_ip\";i:222;s:19:\"sale/customer_group\";i:223;s:10:\"sale/order\";i:224;s:14:\"sale/recurring\";i:225;s:11:\"sale/return\";i:226;s:12:\"sale/voucher\";i:227;s:18:\"sale/voucher_theme\";i:228;s:15:\"setting/setting\";i:229;s:13:\"setting/store\";i:230;s:16:\"shipping/auspost\";i:231;s:17:\"shipping/citylink\";i:232;s:14:\"shipping/fedex\";i:233;s:13:\"shipping/flat\";i:234;s:20:\"shipping/flatoptions\";i:235;s:13:\"shipping/free\";i:236;s:13:\"shipping/item\";i:237;s:23:\"shipping/parcelforce_48\";i:238;s:15:\"shipping/pickup\";i:239;s:19:\"shipping/royal_mail\";i:240;s:12:\"shipping/ups\";i:241;s:13:\"shipping/usps\";i:242;s:15:\"shipping/weight\";i:243;s:28:\"shipping/weight_volume_based\";i:244;s:11:\"tool/backup\";i:245;s:14:\"tool/error_log\";i:246;s:11:\"tool/upload\";i:247;s:17:\"total/GOP_COD_Fee\";i:248;s:12:\"total/coupon\";i:249;s:12:\"total/credit\";i:250;s:16:\"total/earn_point\";i:251;s:14:\"total/handling\";i:252;s:16:\"total/klarna_fee\";i:253;s:19:\"total/low_order_fee\";i:254;s:18:\"total/redeem_point\";i:255;s:12:\"total/reward\";i:256;s:14:\"total/shipping\";i:257;s:15:\"total/sub_total\";i:258;s:9:\"total/tax\";i:259;s:11:\"total/total\";i:260;s:13:\"total/voucher\";i:261;s:10:\"total/xfee\";i:262;s:8:\"user/api\";i:263;s:9:\"user/user\";i:264;s:20:\"user/user_permission\";i:265;s:21:\"payment/bank_transfer\";i:266;s:15:\"module/timeslot\";i:267;s:15:\"module/timeslot\";i:268;s:15:\"module/timeslot\";i:269;s:22:\"module/google_hangouts\";i:270;s:18:\"module/information\";i:271;s:18:\"module/blog_latest\";i:272;s:15:\"module/pp_login\";i:273;s:18:\"module/pdf_invoice\";i:274;s:16:\"module/pp_button\";i:275;s:18:\"payment/pp_express\";}s:6:\"modify\";a:276:{i:0;s:9:\"blog/blog\";i:1;s:18:\"blog/blog_category\";i:2;s:17:\"blog/blog_comment\";i:3;s:17:\"blog/blog_setting\";i:4;s:17:\"catalog/attribute\";i:5;s:23:\"catalog/attribute_group\";i:6;s:16:\"catalog/category\";i:7;s:16:\"catalog/download\";i:8;s:14:\"catalog/filter\";i:9;s:19:\"catalog/information\";i:10;s:20:\"catalog/manufacturer\";i:11;s:14:\"catalog/option\";i:12;s:15:\"catalog/product\";i:13;s:16:\"catalog/question\";i:14;s:17:\"catalog/recurring\";i:15;s:14:\"catalog/review\";i:16;s:11:\"catalog/tab\";i:17;s:19:\"catalog/testimonial\";i:18;s:18:\"common/column_left\";i:19;s:18:\"common/filemanager\";i:20;s:11:\"common/menu\";i:21;s:14:\"common/profile\";i:22;s:12:\"common/stats\";i:23;s:13:\"design/banner\";i:24;s:13:\"design/layout\";i:25;s:26:\"ecadvancedreports/abstract\";i:26;s:26:\"ecadvancedreports/category\";i:27;s:26:\"ecadvancedreports/customer\";i:28;s:31:\"ecadvancedreports/customer_city\";i:29;s:34:\"ecadvancedreports/customer_company\";i:30;s:34:\"ecadvancedreports/customer_country\";i:31;s:32:\"ecadvancedreports/customer_group\";i:32;s:36:\"ecadvancedreports/customer_not_order\";i:33;s:26:\"ecadvancedreports/earnings\";i:34;s:25:\"ecadvancedreports/product\";i:35;s:36:\"ecadvancedreports/product_bestseller\";i:36;s:35:\"ecadvancedreports/product_inventory\";i:37;s:33:\"ecadvancedreports/product_notsold\";i:38;s:32:\"ecadvancedreports/report_product\";i:39;s:30:\"ecadvancedreports/sale_country\";i:40;s:29:\"ecadvancedreports/sale_coupon\";i:41;s:31:\"ecadvancedreports/sale_customer\";i:42;s:31:\"ecadvancedreports/sale_day_week\";i:43;s:27:\"ecadvancedreports/sale_hour\";i:44;s:35:\"ecadvancedreports/sale_manufacturer\";i:45;s:28:\"ecadvancedreports/sale_order\";i:46;s:30:\"ecadvancedreports/sale_payment\";i:47;s:29:\"ecadvancedreports/sale_report\";i:48;s:28:\"ecadvancedreports/sale_state\";i:49;s:33:\"ecadvancedreports/sale_statistics\";i:50;s:30:\"ecadvancedreports/sale_zipcode\";i:51;s:30:\"ecadvancedreports/top_customer\";i:52;s:31:\"ecadvancedreports/user_activity\";i:53;s:14:\"extension/feed\";i:54;s:15:\"extension/fraud\";i:55;s:19:\"extension/installer\";i:56;s:22:\"extension/modification\";i:57;s:16:\"extension/module\";i:58;s:20:\"extension/newsletter\";i:59;s:17:\"extension/openbay\";i:60;s:17:\"extension/payment\";i:61;s:18:\"extension/shipping\";i:62;s:15:\"extension/total\";i:63;s:16:\"feed/google_base\";i:64;s:19:\"feed/google_sitemap\";i:65;s:15:\"feed/openbaypro\";i:66;s:18:\"fraud/fraudlabspro\";i:67;s:13:\"fraud/maxmind\";i:68;s:20:\"localisation/country\";i:69;s:21:\"localisation/currency\";i:70;s:21:\"localisation/geo_zone\";i:71;s:21:\"localisation/language\";i:72;s:25:\"localisation/length_class\";i:73;s:21:\"localisation/location\";i:74;s:25:\"localisation/order_status\";i:75;s:26:\"localisation/return_action\";i:76;s:26:\"localisation/return_reason\";i:77;s:26:\"localisation/return_status\";i:78;s:25:\"localisation/stock_status\";i:79;s:22:\"localisation/tax_class\";i:80;s:21:\"localisation/tax_rate\";i:81;s:25:\"localisation/weight_class\";i:82;s:17:\"localisation/zone\";i:83;s:19:\"marketing/affiliate\";i:84;s:17:\"marketing/contact\";i:85;s:16:\"marketing/coupon\";i:86;s:19:\"marketing/marketing\";i:87;s:30:\"module/abandoned_cart_reminder\";i:88;s:14:\"module/account\";i:89;s:16:\"module/affiliate\";i:90;s:20:\"module/amazon_button\";i:91;s:19:\"module/amazon_login\";i:92;s:17:\"module/amazon_pay\";i:93;s:13:\"module/banner\";i:94;s:17:\"module/bestseller\";i:95;s:20:\"module/blog_category\";i:96;s:18:\"module/blog_latest\";i:97;s:15:\"module/carousel\";i:98;s:15:\"module/category\";i:99;s:14:\"module/cosyone\";i:100;s:21:\"module/cosyone_banner\";i:101;s:25:\"module/cosyone_bannerwall\";i:102;s:23:\"module/cosyone_carousel\";i:103;s:23:\"module/cosyone_category\";i:104;s:22:\"module/cosyone_content\";i:105;s:20:\"module/cosyone_deals\";i:106;s:27:\"module/cosyone_productbrand\";i:107;s:23:\"module/cosyone_recently\";i:108;s:22:\"module/cosyone_socials\";i:109;s:23:\"module/cosyone_tagcloud\";i:110;s:26:\"module/cosyone_testimonial\";i:111;s:26:\"module/cosyone_twitterfeed\";i:112;s:20:\"module/d_ajax_search\";i:113;s:21:\"module/d_social_login\";i:114;s:19:\"module/ebay_listing\";i:115;s:24:\"module/ecadvancedreports\";i:116;s:21:\"module/facebook_store\";i:117;s:17:\"module/faqmanager\";i:118;s:15:\"module/featured\";i:119;s:13:\"module/filter\";i:120;s:16:\"module/fs_banner\";i:121;s:20:\"module/fs_bestseller\";i:122;s:18:\"module/fs_category\";i:123;s:18:\"module/fs_featured\";i:124;s:16:\"module/fs_latest\";i:125;s:16:\"module/fs_slider\";i:126;s:17:\"module/fs_special\";i:127;s:22:\"module/google_hangouts\";i:128;s:11:\"module/html\";i:129;s:17:\"module/html_email\";i:130;s:18:\"module/information\";i:131;s:13:\"module/latest\";i:132;s:17:\"module/newsletter\";i:133;s:25:\"module/order_status_color\";i:134;s:18:\"module/pdf_invoice\";i:135;s:10:\"module/phe\";i:136;s:16:\"module/pp_button\";i:137;s:15:\"module/pp_login\";i:138;s:20:\"module/quickcheckout\";i:139;s:24:\"module/revslideropencart\";i:140;s:22:\"module/revslideroutput\";i:141;s:17:\"module/showintabs\";i:142;s:24:\"module/showintabs_output\";i:143;s:16:\"module/slideshow\";i:144;s:14:\"module/special\";i:145;s:12:\"module/store\";i:146;s:14:\"openbay/amazon\";i:147;s:22:\"openbay/amazon_listing\";i:148;s:22:\"openbay/amazon_product\";i:149;s:16:\"openbay/amazonus\";i:150;s:24:\"openbay/amazonus_listing\";i:151;s:24:\"openbay/amazonus_product\";i:152;s:12:\"openbay/ebay\";i:153;s:20:\"openbay/ebay_profile\";i:154;s:21:\"openbay/ebay_template\";i:155;s:12:\"openbay/etsy\";i:156;s:20:\"openbay/etsy_product\";i:157;s:21:\"openbay/etsy_shipping\";i:158;s:17:\"openbay/etsy_shop\";i:159;s:15:\"payment/GOP_COD\";i:160;s:23:\"payment/amazon_checkout\";i:161;s:24:\"payment/amazon_login_pay\";i:162;s:24:\"payment/authorizenet_aim\";i:163;s:24:\"payment/authorizenet_sim\";i:164;s:21:\"payment/bank_transfer\";i:165;s:22:\"payment/bluepay_hosted\";i:166;s:24:\"payment/bluepay_redirect\";i:167;s:14:\"payment/cheque\";i:168;s:11:\"payment/cod\";i:169;s:17:\"payment/firstdata\";i:170;s:24:\"payment/firstdata_remote\";i:171;s:21:\"payment/free_checkout\";i:172;s:14:\"payment/g2apay\";i:173;s:17:\"payment/globalpay\";i:174;s:24:\"payment/globalpay_remote\";i:175;s:22:\"payment/klarna_account\";i:176;s:22:\"payment/klarna_invoice\";i:177;s:14:\"payment/liqpay\";i:178;s:14:\"payment/nochex\";i:179;s:15:\"payment/paymate\";i:180;s:16:\"payment/paypoint\";i:181;s:13:\"payment/payza\";i:182;s:26:\"payment/perpetual_payments\";i:183;s:18:\"payment/pp_express\";i:184;s:18:\"payment/pp_payflow\";i:185;s:25:\"payment/pp_payflow_iframe\";i:186;s:14:\"payment/pp_pro\";i:187;s:21:\"payment/pp_pro_iframe\";i:188;s:19:\"payment/pp_standard\";i:189;s:14:\"payment/realex\";i:190;s:21:\"payment/realex_remote\";i:191;s:22:\"payment/sagepay_direct\";i:192;s:22:\"payment/sagepay_server\";i:193;s:18:\"payment/sagepay_us\";i:194;s:24:\"payment/securetrading_pp\";i:195;s:24:\"payment/securetrading_ws\";i:196;s:14:\"payment/skrill\";i:197;s:19:\"payment/twocheckout\";i:198;s:28:\"payment/web_payment_software\";i:199;s:16:\"payment/worldpay\";i:200;s:18:\"payment/zglobalpay\";i:201;s:24:\"promotions/reward_points\";i:202;s:16:\"report/affiliate\";i:203;s:25:\"report/affiliate_activity\";i:204;s:22:\"report/affiliate_login\";i:205;s:24:\"report/customer_activity\";i:206;s:22:\"report/customer_credit\";i:207;s:21:\"report/customer_login\";i:208;s:22:\"report/customer_online\";i:209;s:21:\"report/customer_order\";i:210;s:22:\"report/customer_reward\";i:211;s:16:\"report/marketing\";i:212;s:24:\"report/product_purchased\";i:213;s:21:\"report/product_viewed\";i:214;s:18:\"report/sale_coupon\";i:215;s:17:\"report/sale_order\";i:216;s:18:\"report/sale_return\";i:217;s:20:\"report/sale_shipping\";i:218;s:15:\"report/sale_tax\";i:219;s:17:\"sale/custom_field\";i:220;s:13:\"sale/customer\";i:221;s:20:\"sale/customer_ban_ip\";i:222;s:19:\"sale/customer_group\";i:223;s:10:\"sale/order\";i:224;s:14:\"sale/recurring\";i:225;s:11:\"sale/return\";i:226;s:12:\"sale/voucher\";i:227;s:18:\"sale/voucher_theme\";i:228;s:15:\"setting/setting\";i:229;s:13:\"setting/store\";i:230;s:16:\"shipping/auspost\";i:231;s:17:\"shipping/citylink\";i:232;s:14:\"shipping/fedex\";i:233;s:13:\"shipping/flat\";i:234;s:20:\"shipping/flatoptions\";i:235;s:13:\"shipping/free\";i:236;s:13:\"shipping/item\";i:237;s:23:\"shipping/parcelforce_48\";i:238;s:15:\"shipping/pickup\";i:239;s:19:\"shipping/royal_mail\";i:240;s:12:\"shipping/ups\";i:241;s:13:\"shipping/usps\";i:242;s:15:\"shipping/weight\";i:243;s:28:\"shipping/weight_volume_based\";i:244;s:11:\"tool/backup\";i:245;s:14:\"tool/error_log\";i:246;s:11:\"tool/upload\";i:247;s:17:\"total/GOP_COD_Fee\";i:248;s:12:\"total/coupon\";i:249;s:12:\"total/credit\";i:250;s:16:\"total/earn_point\";i:251;s:14:\"total/handling\";i:252;s:16:\"total/klarna_fee\";i:253;s:19:\"total/low_order_fee\";i:254;s:18:\"total/redeem_point\";i:255;s:12:\"total/reward\";i:256;s:14:\"total/shipping\";i:257;s:15:\"total/sub_total\";i:258;s:9:\"total/tax\";i:259;s:11:\"total/total\";i:260;s:13:\"total/voucher\";i:261;s:10:\"total/xfee\";i:262;s:8:\"user/api\";i:263;s:9:\"user/user\";i:264;s:20:\"user/user_permission\";i:265;s:21:\"payment/bank_transfer\";i:266;s:15:\"module/timeslot\";i:267;s:15:\"module/timeslot\";i:268;s:15:\"module/timeslot\";i:269;s:22:\"module/google_hangouts\";i:270;s:18:\"module/information\";i:271;s:18:\"module/blog_latest\";i:272;s:15:\"module/pp_login\";i:273;s:18:\"module/pdf_invoice\";i:274;s:16:\"module/pp_button\";i:275;s:18:\"payment/pp_express\";}}'),
(10, 'Demonstration', ''),
(11, 'Customer Service', ''),
(12, 'Inventory Personnel', ''),
(13, 'Order Fulfillment (Delivery) Personnel', ''),
(14, 'Store Manager', '');

-- --------------------------------------------------------

--
-- Table structure for table `oc_voucher`
--

CREATE TABLE `oc_voucher` (
  `voucher_id` int(11) NOT NULL,
  `order_id` int(11) NOT NULL,
  `code` varchar(10) NOT NULL,
  `from_name` varchar(64) NOT NULL,
  `from_email` varchar(96) NOT NULL,
  `to_name` varchar(64) NOT NULL,
  `to_email` varchar(96) NOT NULL,
  `voucher_theme_id` int(11) NOT NULL,
  `message` text NOT NULL,
  `amount` decimal(15,4) NOT NULL,
  `status` tinyint(1) NOT NULL,
  `date_added` datetime NOT NULL
) ENGINE=MyISAM DEFAULT CHARSET=utf8;

-- --------------------------------------------------------

--
-- Table structure for table `oc_voucher_history`
--

CREATE TABLE `oc_voucher_history` (
  `voucher_history_id` int(11) NOT NULL,
  `voucher_id` int(11) NOT NULL,
  `order_id` int(11) NOT NULL,
  `amount` decimal(15,4) NOT NULL,
  `date_added` datetime NOT NULL
) ENGINE=MyISAM DEFAULT CHARSET=utf8;

-- --------------------------------------------------------

--
-- Table structure for table `oc_voucher_theme`
--

CREATE TABLE `oc_voucher_theme` (
  `voucher_theme_id` int(11) NOT NULL,
  `image` varchar(255) NOT NULL
) ENGINE=MyISAM DEFAULT CHARSET=utf8;

--
-- Dumping data for table `oc_voucher_theme`
--

INSERT INTO `oc_voucher_theme` (`voucher_theme_id`, `image`) VALUES
(8, 'catalog/demo/canon_eos_5d_2.jpg'),
(7, 'catalog/demo/gift-voucher-birthday.jpg'),
(6, 'catalog/demo/apple_logo.jpg');

-- --------------------------------------------------------

--
-- Table structure for table `oc_voucher_theme_description`
--

CREATE TABLE `oc_voucher_theme_description` (
  `voucher_theme_id` int(11) NOT NULL,
  `language_id` int(11) NOT NULL,
  `name` varchar(32) NOT NULL
) ENGINE=MyISAM DEFAULT CHARSET=utf8;

--
-- Dumping data for table `oc_voucher_theme_description`
--

INSERT INTO `oc_voucher_theme_description` (`voucher_theme_id`, `language_id`, `name`) VALUES
(6, 1, 'Christmas'),
(7, 1, 'Birthday'),
(8, 1, 'General');

-- --------------------------------------------------------

--
-- Table structure for table `oc_weekly_day_status`
--

CREATE TABLE `oc_weekly_day_status` (
  `w_id` int(11) NOT NULL,
  `w_sat` varchar(100) DEFAULT 'OPEN',
  `w_sun` varchar(100) DEFAULT 'OPEN',
  `w_mon` varchar(100) DEFAULT 'OPEN',
  `w_tue` varchar(100) DEFAULT 'OPEN',
  `w_wed` varchar(100) DEFAULT 'OPEN',
  `w_thu` varchar(100) DEFAULT 'OPEN',
  `w_fri` varchar(100) DEFAULT 'OPEN'
) ENGINE=MyISAM DEFAULT CHARSET=latin1;

--
-- Dumping data for table `oc_weekly_day_status`
--

INSERT INTO `oc_weekly_day_status` (`w_id`, `w_sat`, `w_sun`, `w_mon`, `w_tue`, `w_wed`, `w_thu`, `w_fri`) VALUES
(1, 'CLOSE', 'CLOSE', 'OPEN', 'OPEN', 'OPEN', 'OPEN', 'OPEN');

-- --------------------------------------------------------

--
-- Table structure for table `oc_weight_class`
--

CREATE TABLE `oc_weight_class` (
  `weight_class_id` int(11) NOT NULL,
  `value` decimal(15,8) NOT NULL DEFAULT 0.00000000
) ENGINE=MyISAM DEFAULT CHARSET=utf8;

--
-- Dumping data for table `oc_weight_class`
--

INSERT INTO `oc_weight_class` (`weight_class_id`, `value`) VALUES
(1, 1.00000000),
(2, 1000.00000000),
(5, 2.20460000),
(6, 35.27400000);

-- --------------------------------------------------------

--
-- Table structure for table `oc_weight_class_description`
--

CREATE TABLE `oc_weight_class_description` (
  `weight_class_id` int(11) NOT NULL,
  `language_id` int(11) NOT NULL,
  `title` varchar(32) NOT NULL,
  `unit` varchar(4) NOT NULL
) ENGINE=MyISAM DEFAULT CHARSET=utf8;

--
-- Dumping data for table `oc_weight_class_description`
--

INSERT INTO `oc_weight_class_description` (`weight_class_id`, `language_id`, `title`, `unit`) VALUES
(1, 1, 'Kilogram', 'kg'),
(2, 1, 'Gram', 'g'),
(5, 1, 'Pound ', 'lb'),
(6, 1, 'Ounce', 'oz');

-- --------------------------------------------------------

--
-- Table structure for table `oc_zglobalpay_tranxlog`
--

CREATE TABLE `oc_zglobalpay_tranxlog` (
  `id` bigint(20) NOT NULL,
  `order_id` bigint(20) NOT NULL,
  `cust_name` varchar(50) NOT NULL,
  `email` varchar(100) NOT NULL,
  `tranx_id` varchar(50) NOT NULL,
  `tranx_date` datetime DEFAULT NULL,
  `amount` float(11,2) NOT NULL,
  `currency` char(3) NOT NULL DEFAULT 'NGN',
  `channel` varchar(20) DEFAULT NULL,
  `status` enum('Pending','Failed','Successful') NOT NULL DEFAULT 'Pending',
  `capture_status` tinyint(1) DEFAULT NULL,
  `response` varchar(255) DEFAULT NULL,
  `raw_response` mediumtext DEFAULT NULL,
  `tranx_meta` text DEFAULT NULL,
  `last_date_modified` timestamp NOT NULL DEFAULT current_timestamp() ON UPDATE current_timestamp(),
  `last_ip_modified` varchar(100) DEFAULT NULL
) ENGINE=InnoDB DEFAULT CHARSET=utf8 COMMENT='Zenith GlobalPay Transaction Log';

--
-- Dumping data for table `oc_zglobalpay_tranxlog`
--

INSERT INTO `oc_zglobalpay_tranxlog` (`id`, `order_id`, `cust_name`, `email`, `tranx_id`, `tranx_date`, `amount`, `currency`, `channel`, `status`, `capture_status`, `response`, `raw_response`, `tranx_meta`, `last_date_modified`, `last_ip_modified`) VALUES
(1, 1, 'Toby Moore', 'tbennymoore@yahoo.com', '195911101850725', '2015-10-05 17:59:21', 5500.00, 'NGN', NULL, 'Pending', NULL, NULL, NULL, '{\"StoreName\":\"Gravity &amp; Lifestyle\",\"TranxMemo\":\"Purchase: 1 x Sophie Bra Top (Black), \",\"ShopperIP\":\"64.71.150.37\"}', '2015-10-05 22:59:21', NULL),
(2, 2, 'Toby Moore', 'tbennymoore@yahoo.com', '212811810550051', '2015-10-05 18:02:15', 5500.00, 'NGN', 'mastercard', 'Successful', 1, 'Successful - Transaction Successful - Approved', '<resultset><record><txnref>2215279000232487</txnref><channel>mastercard</channel><amount>5500.00</amount><payment_date>10/6/2015 12:02:32 AM</payment_date><payment_status>successful</payment_status><field_values><field_values><field><names>Toby Moore</names><acct_desc>False</acct_desc><acct_desc_order>0</acct_desc_order><hidden>False</hidden><defaultvalue /><xpath_field>0</xpath_field></field><field><amount>5500.00</amount><acct_desc>False</acct_desc><acct_desc_order>0</acct_desc_order><hidden>False</hidden><defaultvalue /><xpath_field>0</xpath_field></field><field><currency>NGN</currency><acct_desc>False</acct_desc><acct_desc_order>0</acct_desc_order><hidden>False</hidden><defaultvalue /><xpath_field>0</xpath_field></field><field><email_address>tbennymoore@yahoo.com</email_address><acct_desc>False</acct_desc><acct_desc_order>0</acct_desc_order><hidden>False</hidden><defaultvalue /><xpath_field>0</xpath_field></field><field><phone_number>08023000000</phone_number><acct_desc>False</acct_desc><acct_desc_order>0</acct_desc_order><hidden>False</hidden><defaultvalue /><xpath_field>0</xpath_field></field><field><merch_txnref>212811810550051</merch_txnref><acct_desc>False</acct_desc><acct_desc_order>1</acct_desc_order><hidden>False</hidden><defaultvalue /><xpath_field>0</xpath_field></field></field_values></field_values><payment_status_description>Transaction Successful - Approved</payment_status_description></record></resultset>', '{\"StoreName\":\"Gravity &amp; Lifestyle\",\"TranxMemo\":\"Purchase: 1 x Sophie Bra Top (Black), \",\"ShopperIP\":\"64.71.150.37\"}', '2015-10-05 23:03:25', '64.71.150.37'),
(3, 3, 'Toby Moore', 'tbennymoore@yahoo.com', '315302711800565', '2015-10-05 18:07:26', 10500.00, 'NGN', NULL, 'Pending', NULL, NULL, NULL, '{\"StoreName\":\"Gravity &amp; Lifestyle\",\"TranxMemo\":\"Purchase: 1 x Sophie Bra Top (Black), 1 x Princewill Leggings (u00be length) Multicoloured, \",\"ShopperIP\":\"64.71.150.37\"}', '2015-10-05 23:07:26', NULL),
(4, 4, 'Toby Moore', 'tbennymoore@yahoo.com', '415565100105958', '2015-10-05 18:09:56', 10500.00, 'NGN', 'mastercard', 'Successful', 1, 'Successful - Transaction Successful - Approved', '<resultset><record><txnref>2415279001022370</txnref><channel>mastercard</channel><amount>10500.00</amount><payment_date>10/6/2015 12:10:22 AM</payment_date><payment_status>successful</payment_status><field_values><field_values><field><names>Toby Moore</names><acct_desc>False</acct_desc><acct_desc_order>0</acct_desc_order><hidden>False</hidden><defaultvalue /><xpath_field>0</xpath_field></field><field><amount>10500.00</amount><acct_desc>False</acct_desc><acct_desc_order>0</acct_desc_order><hidden>False</hidden><defaultvalue /><xpath_field>0</xpath_field></field><field><currency>NGN</currency><acct_desc>False</acct_desc><acct_desc_order>0</acct_desc_order><hidden>False</hidden><defaultvalue /><xpath_field>0</xpath_field></field><field><email_address>tbennymoore@yahoo.com</email_address><acct_desc>False</acct_desc><acct_desc_order>0</acct_desc_order><hidden>False</hidden><defaultvalue /><xpath_field>0</xpath_field></field><field><phone_number>08023000000</phone_number><acct_desc>False</acct_desc><acct_desc_order>0</acct_desc_order><hidden>False</hidden><defaultvalue /><xpath_field>0</xpath_field></field><field><merch_txnref>415565100105958</merch_txnref><acct_desc>False</acct_desc><acct_desc_order>1</acct_desc_order><hidden>False</hidden><defaultvalue /><xpath_field>0</xpath_field></field></field_values></field_values><payment_status_description>Transaction Successful - Approved</payment_status_description></record></resultset>', '{\"StoreName\":\"Gravity &amp; Lifestyle\",\"TranxMemo\":\"Purchase: 1 x Sophie Bra Top (Black), 1 x Princewill Leggings (u00be length) Multicoloured, \",\"ShopperIP\":\"64.71.150.37\"}', '2015-10-05 23:21:11', '64.71.150.37'),
(5, 10, 'Toby Moore', 'tbennymoore@yahoo.com', '1011315870021210', '2015-10-07 02:21:13', 4500.00, 'NGN', NULL, 'Pending', NULL, NULL, NULL, '{\"StoreName\":\"Gravity &amp; Lifestyle\",\"TranxMemo\":\"Purchase: 1 x Princess Bra Top (Turquoise), \",\"ShopperIP\":\"64.71.150.37\"}', '2015-10-07 07:21:13', NULL),
(6, 11, 'Christie Eze', 'katayana1@yahoo.com', '1103738354011111', '2015-10-08 13:47:31', 4700.00, 'NGN', NULL, 'Pending', NULL, NULL, NULL, '{\"StoreName\":\"Gravity &amp; Lifestyle\",\"TranxMemo\":\"Purchase: 1 x Princess Bra Top (Turquoise), \",\"ShopperIP\":\"169.159.88.76\"}', '2015-10-08 18:47:31', NULL),
(7, 12, 'Toby Moore', 'tbennymoore@yahoo.com', '1242901510371073', '2015-10-12 09:34:30', 20300.00, 'NGN', 'interswitch', 'Failed', 1, 'Failed - Incomplete Transaction', '<resultset><record><txnref>3415285153513673</txnref><channel>interswitch</channel><amount>20300.00</amount><payment_date>10/12/2015 3:35:13 PM</payment_date><payment_status>failed</payment_status><field_values><field_values><field><names>Toby Moore</names><acct_desc>False</acct_desc><acct_desc_order>0</acct_desc_order><hidden>False</hidden><defaultvalue /><xpath_field>0</xpath_field></field><field><amount>20300.00</amount><acct_desc>False</acct_desc><acct_desc_order>0</acct_desc_order><hidden>False</hidden><defaultvalue /><xpath_field>0</xpath_field></field><field><currency>NGN</currency><acct_desc>False</acct_desc><acct_desc_order>0</acct_desc_order><hidden>False</hidden><defaultvalue /><xpath_field>0</xpath_field></field><field><email_address>tbennymoore@yahoo.com</email_address><acct_desc>False</acct_desc><acct_desc_order>0</acct_desc_order><hidden>False</hidden><defaultvalue /><xpath_field>0</xpath_field></field><field><phone_number>08023000000</phone_number><acct_desc>False</acct_desc><acct_desc_order>0</acct_desc_order><hidden>False</hidden><defaultvalue /><xpath_field>0</xpath_field></field><field><merch_txnref>1242901510371073</merch_txnref><acct_desc>False</acct_desc><acct_desc_order>1</acct_desc_order><hidden>False</hidden><defaultvalue /><xpath_field>0</xpath_field></field></field_values></field_values><payment_status_description>Incomplete Transaction</payment_status_description></record></resultset>', '{\"StoreName\":\"Gravity &amp; Lifestyle\",\"TranxMemo\":\"Purchase: 1 x Stellar Leggings (Full length) Black, 2 x Princess Bra Top (Turquoise), 2 x Glitz Leggings (u00be length) Grey &amp; Blue, \",\"ShopperIP\":\"64.71.150.37\"}', '2015-10-12 14:35:49', '64.71.150.37'),
(8, 13, 'Toby Moore', 'tbennymoore@yahoo.com', '1321516310450438', '2015-10-14 06:25:38', 139600.00, 'NGN', NULL, 'Pending', NULL, NULL, NULL, '{\"StoreName\":\"Gravity &amp; Lifestyle\",\"TranxMemo\":\"Purchase: 20 x Princess Bra Top (Turquoise), 20 x Glitz Leggings (u00be length) Grey &amp; Blue, \",\"ShopperIP\":\"41.190.3.249\"}', '2015-10-14 11:25:38', NULL),
(9, 17, 'Ceejay Charles', 'ceejay@ceejaycharles.com', '1762032015117115', '2015-12-10 16:21:07', 5700.00, 'NGN', NULL, 'Pending', NULL, NULL, NULL, '{\"StoreName\":\"Gravity &amp; Lifestyle\",\"TranxMemo\":\"Purchase: 1 x Stellar Leggings (Full length) Black, \",\"ShopperIP\":\"154.120.125.27\"}', '2015-12-10 22:21:07', NULL),
(10, 18, 'Jordana dear', 'dear@mschange.uk', '1880247945121111', '2015-12-17 19:18:20', 4700.00, 'NGN', NULL, 'Pending', NULL, NULL, NULL, '{\"StoreName\":\"Gravity &amp; Lifestyle\",\"TranxMemo\":\"Purchase: 1 x Princess Bra Top (Turquoise), \",\"ShopperIP\":\"108.213.221.177\"}', '2015-12-18 01:18:20', NULL),
(11, 19, 'Joanne Usifoh', 'joanne.usifoh@gmail.com', '1922728140052321', '2015-12-22 00:24:37', 34800.00, 'NGN', NULL, 'Pending', NULL, NULL, NULL, '{\"StoreName\":\"Gravity &amp; Lifestyle\",\"TranxMemo\":\"Purchase: 1 x Princess Bra Top (Turquoise), 1 x Sophie Bra Top (Black), 1 x Precious Bra Top (Black &amp; White), 1 x Gracie V-neck Tank (Turquoise &amp; Black), 1 x Leela Tank (Black &amp; White), 1 x Taunte Crossed-back Tank (Pink &amp; Black), 1 x Glitz Leggings (u00be length) Grey &amp; Blue, 1 x Princewill Leggings (u00be length) Multicoloured, 1 x Stellar Leggings (Full length) Black, 1 x Sarah Short-sleeved Top (Pink &amp; White), \",\"ShopperIP\":\"68.144.161.13\"}', '2015-12-22 06:24:37', NULL),
(12, 26, 'Stella  Nwala', 'lovesunstella@gmail.com', '2663410913006223', '2016-01-20 03:23:39', 4000.00, 'NGN', 'interswitch', 'Successful', 1, 'Successful - Approved or completed successfully', '<resultset><record><txnref>1616020093728337</txnref><channel>interswitch</channel><amount>4000.00</amount><payment_date>1/20/2016 9:37:28 AM</payment_date><payment_status>successful</payment_status><field_values><field_values><field><names>Stella  Nwala</names><acct_desc>False</acct_desc><acct_desc_order>0</acct_desc_order><hidden>False</hidden><defaultvalue /><xpath_field>0</xpath_field></field><field><amount>4000.00</amount><acct_desc>False</acct_desc><acct_desc_order>0</acct_desc_order><hidden>False</hidden><defaultvalue /><xpath_field>0</xpath_field></field><field><currency>NGN</currency><acct_desc>False</acct_desc><acct_desc_order>0</acct_desc_order><hidden>False</hidden><defaultvalue /><xpath_field>0</xpath_field></field><field><email_address>lovesunstella@gmail.com</email_address><acct_desc>False</acct_desc><acct_desc_order>0</acct_desc_order><hidden>False</hidden><defaultvalue /><xpath_field>0</xpath_field></field><field><phone_number>07035065710</phone_number><acct_desc>False</acct_desc><acct_desc_order>0</acct_desc_order><hidden>False</hidden><defaultvalue /><xpath_field>0</xpath_field></field><field><merch_txnref>2663410913006223</merch_txnref><acct_desc>True</acct_desc><acct_desc_order>1</acct_desc_order><hidden>False</hidden><defaultvalue /><xpath_field>0</xpath_field></field></field_values></field_values><payment_status_description>Approved or completed successfully</payment_status_description></record></resultset>', '{\"StoreName\":\"Gravity &amp; Lifestyle\",\"TranxMemo\":\"Purchase: 1 x Stellar Leggings (Full length) Black, \",\"ShopperIP\":\"41.190.2.250\"}', '2016-01-20 09:40:05', '41.190.2.250'),
(13, 29, 'Stella  Nwala', 'lovesunstella@gmail.com', '2941615077506180', '2016-05-11 07:07:48', 3000.00, 'NGN', 'interswitch', 'Pending', 1, 'Pending - Transaction Error', '<resultset><record><txnref>0916132130843660</txnref><channel>interswitch</channel><amount>3000.00</amount><payment_date>5/11/2016 1:08:43 PM</payment_date><payment_status>pending</payment_status><field_values><field_values><field><names>Stella  Nwala</names><acct_desc>False</acct_desc><acct_desc_order>0</acct_desc_order><hidden>False</hidden><defaultvalue /><xpath_field>0</xpath_field></field><field><amount>3000.00</amount><acct_desc>False</acct_desc><acct_desc_order>0</acct_desc_order><hidden>False</hidden><defaultvalue /><xpath_field>0</xpath_field></field><field><currency>NGN</currency><acct_desc>False</acct_desc><acct_desc_order>0</acct_desc_order><hidden>False</hidden><defaultvalue /><xpath_field>0</xpath_field></field><field><email_address>lovesunstella@gmail.com</email_address><acct_desc>False</acct_desc><acct_desc_order>0</acct_desc_order><hidden>False</hidden><defaultvalue /><xpath_field>0</xpath_field></field><field><phone_number>07035065710</phone_number><acct_desc>False</acct_desc><acct_desc_order>0</acct_desc_order><hidden>False</hidden><defaultvalue /><xpath_field>0</xpath_field></field><field><merch_txnref>2941615077506180</merch_txnref><acct_desc>True</acct_desc><acct_desc_order>1</acct_desc_order><hidden>False</hidden><defaultvalue /><xpath_field>0</xpath_field></field></field_values></field_values><payment_status_description>Transaction Error</payment_status_description></record></resultset>', '{\"StoreName\":\"Gravity &amp; Lifestyle\",\"TranxMemo\":\"Purchase: 1 x Sophie Bra Top (Black), \",\"ShopperIP\":\"41.190.2.181\"}', '2016-05-11 12:26:37', '41.190.2.181'),
(14, 30, 'Stella  Nwala', 'lovesunstella@gmail.com', '3016127010762115', '2016-05-11 07:22:17', 3000.00, 'NGN', NULL, 'Pending', NULL, NULL, NULL, '{\"StoreName\":\"Gravity &amp; Lifestyle\",\"TranxMemo\":\"Purchase: 1 x Sophie Bra Top (Black), \",\"ShopperIP\":\"41.190.2.181\"}', '2016-05-11 12:22:17', NULL),
(15, 31, 'Stella  Nwala', 'lovesunstella@gmail.com', '3174108651261200', '2016-05-11 07:26:20', 4500.00, 'NGN', NULL, 'Pending', NULL, NULL, NULL, '{\"StoreName\":\"Gravity &amp; Lifestyle\",\"TranxMemo\":\"Purchase: 1 x Sophie Bra Top (Black), \",\"ShopperIP\":\"41.190.2.181\"}', '2016-05-11 12:26:20', NULL),
(16, 32, 'Stella  Nwala', 'lovesunstella@gmail.com', '3221606077215319', '2016-05-11 07:27:39', 3000.00, 'NGN', 'interswitch', 'Successful', 1, 'Successful - Approved or completed successfully', '<resultset><record><txnref>6516132132829000</txnref><channel>interswitch</channel><amount>3000.00</amount><payment_date>5/11/2016 1:28:29 PM</payment_date><payment_status>successful</payment_status><field_values><field_values><field><names>Stella  Nwala</names><acct_desc>False</acct_desc><acct_desc_order>0</acct_desc_order><hidden>False</hidden><defaultvalue /><xpath_field>0</xpath_field></field><field><amount>3000.00</amount><acct_desc>False</acct_desc><acct_desc_order>0</acct_desc_order><hidden>False</hidden><defaultvalue /><xpath_field>0</xpath_field></field><field><currency>NGN</currency><acct_desc>False</acct_desc><acct_desc_order>0</acct_desc_order><hidden>False</hidden><defaultvalue /><xpath_field>0</xpath_field></field><field><email_address>lovesunstella@gmail.com</email_address><acct_desc>False</acct_desc><acct_desc_order>0</acct_desc_order><hidden>False</hidden><defaultvalue /><xpath_field>0</xpath_field></field><field><phone_number>07035065710</phone_number><acct_desc>False</acct_desc><acct_desc_order>0</acct_desc_order><hidden>False</hidden><defaultvalue /><xpath_field>0</xpath_field></field><field><merch_txnref>3221606077215319</merch_txnref><acct_desc>True</acct_desc><acct_desc_order>1</acct_desc_order><hidden>False</hidden><defaultvalue /><xpath_field>0</xpath_field></field></field_values></field_values><payment_status_description>Approved or completed successfully</payment_status_description></record></resultset>', '{\"StoreName\":\"Gravity &amp; Lifestyle\",\"TranxMemo\":\"Purchase: 1 x Sophie Bra Top (Black), \",\"ShopperIP\":\"41.190.2.181\"}', '2016-05-11 12:31:22', '41.190.2.181'),
(17, 33, 'Lucy Igwenagu', 'katayana1@yahoo.com', '3331710700596217', '2016-07-19 10:57:37', 3400.00, 'NGN', 'interswitch', 'Successful', 1, 'Successful - Approved or completed successfully', '<resultset><record><txnref>7216201165821987</txnref><channel>interswitch</channel><amount>3400.00</amount><payment_date>7/19/2016 4:58:21 PM</payment_date><payment_status>successful</payment_status><field_values><field_values><field><names>Lucy Igwenagu</names><acct_desc>False</acct_desc><acct_desc_order>0</acct_desc_order><hidden>False</hidden><defaultvalue /><xpath_field>0</xpath_field></field><field><amount>3400.00</amount><acct_desc>False</acct_desc><acct_desc_order>0</acct_desc_order><hidden>False</hidden><defaultvalue /><xpath_field>0</xpath_field></field><field><currency>NGN</currency><acct_desc>False</acct_desc><acct_desc_order>0</acct_desc_order><hidden>False</hidden><defaultvalue /><xpath_field>0</xpath_field></field><field><email_address>katayana1@yahoo.com</email_address><acct_desc>False</acct_desc><acct_desc_order>0</acct_desc_order><hidden>False</hidden><defaultvalue /><xpath_field>0</xpath_field></field><field><phone_number>07036986199</phone_number><acct_desc>False</acct_desc><acct_desc_order>0</acct_desc_order><hidden>False</hidden><defaultvalue /><xpath_field>0</xpath_field></field><field><merch_txnref>3331710700596217</merch_txnref><acct_desc>True</acct_desc><acct_desc_order>1</acct_desc_order><hidden>False</hidden><defaultvalue /><xpath_field>0</xpath_field></field></field_values></field_values><payment_status_description>Approved or completed successfully</payment_status_description></record></resultset>', '{\"StoreName\":\"Gravity &amp; Lifestyle\",\"TranxMemo\":\"Purchase: 1 x Precious Bra Top (Black &amp; White), \",\"ShopperIP\":\"197.242.118.197\"}', '2016-07-19 16:02:13', '197.242.118.197'),
(18, 36, 'Obianuju Adesoji', 'gb713@yahoo.co.uk', '3612841641031906', '2016-08-23 06:11:41', 1600.00, 'NGN', NULL, 'Pending', NULL, NULL, NULL, '{\"StoreName\":\"Gravity &amp; Lifestyle\",\"TranxMemo\":\"Purchase: 1 x Gravity V5S  - Smart Fitness Tracker, \",\"ShopperIP\":\"197.210.227.23\"}', '2016-08-23 11:11:41', NULL),
(19, 43, 'Ugochi  Amah', 'yugoamah@yahoo.com', '4345610293120017', '2016-09-05 04:21:13', 11600.00, 'NGN', NULL, 'Pending', NULL, NULL, NULL, '{\"StoreName\":\"Gravity &amp; Lifestyle\",\"TranxMemo\":\"Purchase: 1 x Gravity V5S  - Smart Fitness Tracker, \",\"ShopperIP\":\"105.112.28.199\"}', '2016-09-05 09:21:13', NULL),
(20, 45, 'Ugochi  Amah', 'yugoamah@yahoo.com', '4560313394805042', '2016-09-05 04:33:24', 11600.00, 'NGN', 'interswitch', 'Successful', 1, 'Successful - Approved or completed successfully', '<resultset><record><txnref>8216249093406600</txnref><channel>interswitch</channel><amount>11600.00</amount><payment_date>9/5/2016 9:34:06 AM</payment_date><payment_status>successful</payment_status><field_values><field_values><field><names>Ugochi  Amah</names><acct_desc>False</acct_desc><acct_desc_order>0</acct_desc_order><hidden>False</hidden><defaultvalue /><xpath_field>0</xpath_field></field><field><amount>11600.00</amount><acct_desc>False</acct_desc><acct_desc_order>0</acct_desc_order><hidden>False</hidden><defaultvalue /><xpath_field>0</xpath_field></field><field><currency>NGN</currency><acct_desc>False</acct_desc><acct_desc_order>0</acct_desc_order><hidden>False</hidden><defaultvalue /><xpath_field>0</xpath_field></field><field><email_address>yugoamah@yahoo.com</email_address><acct_desc>False</acct_desc><acct_desc_order>0</acct_desc_order><hidden>False</hidden><defaultvalue /><xpath_field>0</xpath_field></field><field><phone_number>08023013328</phone_number><acct_desc>False</acct_desc><acct_desc_order>0</acct_desc_order><hidden>False</hidden><defaultvalue /><xpath_field>0</xpath_field></field><field><merch_txnref>4560313394805042</merch_txnref><acct_desc>True</acct_desc><acct_desc_order>1</acct_desc_order><hidden>False</hidden><defaultvalue /><xpath_field>0</xpath_field></field></field_values></field_values><payment_status_description>Approved or completed successfully</payment_status_description></record></resultset>', '{\"StoreName\":\"Gravity &amp; Lifestyle\",\"TranxMemo\":\"Purchase: 1 x Gravity V5S  - Smart Fitness Tracker, \",\"ShopperIP\":\"105.112.28.199\"}', '2016-09-05 09:36:14', '105.112.28.199'),
(21, 47, 'Oluchi Afurobi', 'afurobi.oluchi@yahoo.com', '4706531075060529', '2016-09-07 05:55:30', 31600.00, 'NGN', 'interswitch', 'Pending', 1, 'Pending - Transaction Error', '<resultset><record><txnref>9116251105609730</txnref><channel>interswitch</channel><amount>31600.00</amount><payment_date>9/7/2016 10:56:09 AM</payment_date><payment_status>pending</payment_status><field_values><field_values><field><names>Oluchi Afurobi</names><acct_desc>False</acct_desc><acct_desc_order>0</acct_desc_order><hidden>False</hidden><defaultvalue /><xpath_field>0</xpath_field></field><field><amount>31600.00</amount><acct_desc>False</acct_desc><acct_desc_order>0</acct_desc_order><hidden>False</hidden><defaultvalue /><xpath_field>0</xpath_field></field><field><currency>NGN</currency><acct_desc>False</acct_desc><acct_desc_order>0</acct_desc_order><hidden>False</hidden><defaultvalue /><xpath_field>0</xpath_field></field><field><email_address>afurobi.oluchi@yahoo.com</email_address><acct_desc>False</acct_desc><acct_desc_order>0</acct_desc_order><hidden>False</hidden><defaultvalue /><xpath_field>0</xpath_field></field><field><phone_number>08092100019</phone_number><acct_desc>False</acct_desc><acct_desc_order>0</acct_desc_order><hidden>False</hidden><defaultvalue /><xpath_field>0</xpath_field></field><field><merch_txnref>4706531075060529</merch_txnref><acct_desc>True</acct_desc><acct_desc_order>1</acct_desc_order><hidden>False</hidden><defaultvalue /><xpath_field>0</xpath_field></field></field_values></field_values><payment_status_description>Transaction Error</payment_status_description></record></resultset>', '{\"StoreName\":\"Gravity &amp; Lifestyle\",\"TranxMemo\":\"Purchase: 3 x Gravity V5S  - Smart Fitness Tracker, \",\"ShopperIP\":\"41.190.28.191\"}', '2016-09-07 10:58:02', '41.190.28.191'),
(22, 48, 'Stella  Nwala', 'lovesunstella@gmail.com', '4890620015983711', '2016-09-07 09:38:51', 3000.00, 'NGN', 'interswitch', 'Pending', 1, 'Pending - Transaction Error', '<resultset><record><txnref>7016251144216400</txnref><channel>interswitch</channel><amount>3000.00</amount><payment_date>9/7/2016 2:42:16 PM</payment_date><payment_status>pending</payment_status><field_values><field_values><field><names>Stella  Nwala</names><acct_desc>False</acct_desc><acct_desc_order>0</acct_desc_order><hidden>False</hidden><defaultvalue /><xpath_field>0</xpath_field></field><field><amount>3000.00</amount><acct_desc>False</acct_desc><acct_desc_order>0</acct_desc_order><hidden>False</hidden><defaultvalue /><xpath_field>0</xpath_field></field><field><currency>NGN</currency><acct_desc>False</acct_desc><acct_desc_order>0</acct_desc_order><hidden>False</hidden><defaultvalue /><xpath_field>0</xpath_field></field><field><email_address>lovesunstella@gmail.com</email_address><acct_desc>False</acct_desc><acct_desc_order>0</acct_desc_order><hidden>False</hidden><defaultvalue /><xpath_field>0</xpath_field></field><field><phone_number>07035065710</phone_number><acct_desc>False</acct_desc><acct_desc_order>0</acct_desc_order><hidden>False</hidden><defaultvalue /><xpath_field>0</xpath_field></field><field><merch_txnref>4890620015983711</merch_txnref><acct_desc>True</acct_desc><acct_desc_order>1</acct_desc_order><hidden>False</hidden><defaultvalue /><xpath_field>0</xpath_field></field></field_values></field_values><payment_status_description>Transaction Error</payment_status_description></record></resultset>', '{\"StoreName\":\"Gravity &amp; Lifestyle\",\"TranxMemo\":\"Purchase: 1 x Precious Bra Top (Black &amp; White), \",\"ShopperIP\":\"197.210.225.46\"}', '2016-09-07 14:58:26', '197.210.225.46'),
(23, 49, 'Stella  Nwala', 'lovesunstella@gmail.com', '4991202716001158', '2016-09-07 10:52:12', 3000.00, 'NGN', 'interswitch', 'Successful', 1, 'Successful - Approved or completed successfully', '<resultset><record><txnref>3316251155241020</txnref><channel>interswitch</channel><amount>3000.00</amount><payment_date>9/7/2016 3:52:41 PM</payment_date><payment_status>successful</payment_status><field_values><field_values><field><names>Stella  Nwala</names><acct_desc>False</acct_desc><acct_desc_order>0</acct_desc_order><hidden>False</hidden><defaultvalue /><xpath_field>0</xpath_field></field><field><amount>3000.00</amount><acct_desc>False</acct_desc><acct_desc_order>0</acct_desc_order><hidden>False</hidden><defaultvalue /><xpath_field>0</xpath_field></field><field><currency>NGN</currency><acct_desc>False</acct_desc><acct_desc_order>0</acct_desc_order><hidden>False</hidden><defaultvalue /><xpath_field>0</xpath_field></field><field><email_address>lovesunstella@gmail.com</email_address><acct_desc>False</acct_desc><acct_desc_order>0</acct_desc_order><hidden>False</hidden><defaultvalue /><xpath_field>0</xpath_field></field><field><phone_number>07035065710</phone_number><acct_desc>False</acct_desc><acct_desc_order>0</acct_desc_order><hidden>False</hidden><defaultvalue /><xpath_field>0</xpath_field></field><field><merch_txnref>4991202716001158</merch_txnref><acct_desc>True</acct_desc><acct_desc_order>1</acct_desc_order><hidden>False</hidden><defaultvalue /><xpath_field>0</xpath_field></field></field_values></field_values><payment_status_description>Approved or completed successfully</payment_status_description></record></resultset>', '{\"StoreName\":\"Gravity &amp; Lifestyle\",\"TranxMemo\":\"Purchase: 1 x Precious Bra Top (Black &amp; White), \",\"ShopperIP\":\"154.120.95.99\"}', '2016-09-07 15:56:01', '154.120.95.99'),
(24, 54, 'yetunde sonoiki', 'yetundesonoiki@gmail.com', '5429966709204061', '2016-09-29 06:49:20', 3000.00, 'NGN', NULL, 'Pending', NULL, NULL, NULL, '{\"StoreName\":\"Gravity &amp; Lifestyle\",\"TranxMemo\":\"Purchase: 1 x Gravity Virtual Fitness Basic, \",\"ShopperIP\":\"41.206.1.8\"}', '2016-09-29 11:49:20', NULL),
(25, 56, 'yetunde sonoiki', 'yetundesonoiki@gmail.com', '5612195039766085', '2016-09-29 06:57:15', 3000.00, 'NGN', NULL, 'Pending', NULL, NULL, NULL, '{\"StoreName\":\"Gravity &amp; Lifestyle\",\"TranxMemo\":\"Purchase: 1 x Gravity Virtual Fitness Basic, \",\"ShopperIP\":\"41.206.1.8\"}', '2016-09-29 11:57:15', NULL),
(26, 57, 'yetunde sonoiki', 'yetundesonoiki@gmail.com', '5727169349004814', '2016-09-29 07:48:31', 3000.00, 'NGN', 'mastercard', 'Failed', 1, 'Failed - 3D Secure Authentication failed - The card holder was not authorised. This is used in 3-D Secure Authentication.', '<resultset><record><txnref>8816273124853137</txnref><channel>mastercard</channel><amount>3000.00</amount><payment_date>9/29/2016 12:48:53 PM</payment_date><payment_status>failed</payment_status><field_values><field_values><field><names>yetunde sonoiki</names><acct_desc>False</acct_desc><acct_desc_order>0</acct_desc_order><hidden>False</hidden><defaultvalue /><xpath_field>0</xpath_field></field><field><amount>3000.00</amount><acct_desc>False</acct_desc><acct_desc_order>0</acct_desc_order><hidden>False</hidden><defaultvalue /><xpath_field>0</xpath_field></field><field><currency>NGN</currency><acct_desc>False</acct_desc><acct_desc_order>0</acct_desc_order><hidden>False</hidden><defaultvalue /><xpath_field>0</xpath_field></field><field><email_address>yetundesonoiki@gmail.com</email_address><acct_desc>False</acct_desc><acct_desc_order>0</acct_desc_order><hidden>False</hidden><defaultvalue /><xpath_field>0</xpath_field></field><field><phone_number>08164132670</phone_number><acct_desc>False</acct_desc><acct_desc_order>0</acct_desc_order><hidden>False</hidden><defaultvalue /><xpath_field>0</xpath_field></field><field><merch_txnref>5727169349004814</merch_txnref><acct_desc>True</acct_desc><acct_desc_order>1</acct_desc_order><hidden>False</hidden><defaultvalue /><xpath_field>0</xpath_field></field></field_values></field_values><payment_status_description>3D Secure Authentication failed - The card holder was not authorised. This is used in 3-D Secure Authentication.</payment_status_description></record></resultset>', '{\"StoreName\":\"Gravity &amp; Lifestyle\",\"TranxMemo\":\"Purchase: 1 x Gravity Virtual Fitness Basic, \",\"ShopperIP\":\"41.206.1.8\"}', '2016-09-29 12:56:55', '41.206.1.8'),
(27, 64, 'Mmeme  Etuk', 'mmemeudoh@yahoo.com', '6479014681490011', '2016-10-19 09:08:41', 3000.00, 'NGN', NULL, 'Pending', NULL, NULL, NULL, '{\"StoreName\":\"Gravity &amp; Lifestyle\",\"TranxMemo\":\"Purchase: 1 x Gravity Virtual Fitness Basic, \",\"ShopperIP\":\"41.184.162.14\"}', '2016-10-19 14:08:41', NULL),
(28, 69, 'Stella  Nwala', 'lovesunstella@gmail.com', '6949103460717016', '2016-11-03 07:47:46', 13000.00, 'NGN', NULL, 'Pending', NULL, NULL, NULL, '{\"StoreName\":\"Gravity &amp; Lifestyle\",\"TranxMemo\":\"Purchase: 1 x Gravity V5S  - Smart Bracelet, 1 x Sophie Bra Top (Black), \",\"ShopperIP\":\"197.210.226.75\"}', '2016-11-03 12:47:46', NULL),
(29, 70, 'Perpetua Ekatah', 'pekatah@gmail.com', '7041196104439411', '2016-11-14 13:49:49', 14800.00, 'NGN', NULL, 'Pending', NULL, NULL, NULL, '{\"StoreName\":\"Gravity &amp; Lifestyle\",\"TranxMemo\":\"Purchase: 1 x Gravity Virtual Fitness Basic, 1 x Gravity V5S  - Smart Bracelet, \",\"ShopperIP\":\"154.120.75.13\"}', '2016-11-14 19:49:49', NULL),
(30, 72, 'Susan Oranye ', 'susan.oranye@gmail.com', '7241124191193226', '2016-11-23 11:49:24', 20000.00, 'NGN', 'interswitch', 'Successful', 1, 'Successful - Approved Successful', '<resultset><record><txnref>5316328174958757</txnref><channel>interswitch</channel><amount>20000.00</amount><payment_date>11/23/2016 5:49:58 PM</payment_date><payment_status>successful</payment_status><field_values><field_values><field><names>Susan Oranye </names><acct_desc>False</acct_desc><acct_desc_order>0</acct_desc_order><hidden>False</hidden><defaultvalue /><xpath_field>0</xpath_field></field><field><amount>20000.00</amount><acct_desc>False</acct_desc><acct_desc_order>0</acct_desc_order><hidden>False</hidden><defaultvalue /><xpath_field>0</xpath_field></field><field><currency>NGN</currency><acct_desc>False</acct_desc><acct_desc_order>0</acct_desc_order><hidden>False</hidden><defaultvalue /><xpath_field>0</xpath_field></field><field><email_address>susan.oranye@gmail.com</email_address><acct_desc>False</acct_desc><acct_desc_order>0</acct_desc_order><hidden>False</hidden><defaultvalue /><xpath_field>0</xpath_field></field><field><phone_number>08140395353</phone_number><acct_desc>False</acct_desc><acct_desc_order>0</acct_desc_order><hidden>False</hidden><defaultvalue /><xpath_field>0</xpath_field></field><field><merch_txnref>7241124191193226</merch_txnref><acct_desc>True</acct_desc><acct_desc_order>1</acct_desc_order><hidden>False</hidden><defaultvalue /><xpath_field>0</xpath_field></field></field_values></field_values><payment_status_description>Approved Successful</payment_status_description></record></resultset>', '{\"StoreName\":\"Gravity &amp; Lifestyle\",\"TranxMemo\":\"Purchase: 1 x Gravity Virtual Fitness Pro, \",\"ShopperIP\":\"41.58.112.11\"}', '2016-11-23 17:56:45', '160.152.2.63'),
(31, 74, 'Beauty Erhunwmunse ', 'teggybeauty@gmail.com', '7403122148331661', '2016-11-28 03:13:43', 10000.00, 'NGN', NULL, 'Pending', NULL, NULL, NULL, '{\"StoreName\":\"Gravity &amp; Lifestyle\",\"TranxMemo\":\"Purchase: 1 x Gravity Virtual Fitness Plus, \",\"ShopperIP\":\"41.190.2.224\"}', '2016-11-28 09:13:43', NULL),
(32, 77, 'Toby Moore', 'tbennymoore@yahoo.com', '7741105205827106', '2016-12-01 08:07:52', 162740.00, 'NGN', NULL, 'Pending', NULL, NULL, NULL, '{\"StoreName\":\"Gravity &amp; Lifestyle\",\"TranxMemo\":\"Purchase: 1 x Sarah Short-sleeved Top (Pink &amp; White), 1 x Precious Bra Top (Black &amp; White), 1 x Custom Active Wear, 1 x Taunte Crossed-back Tank (Pink &amp; Black), 1 x Precious Bra Top (Black &amp; White), 20 x Princess Bra Top (Turquoise), 20 x Glitz Leggings (u00be length) Grey &amp; Blue, \",\"ShopperIP\":\"154.118.10.109\"}', '2016-12-01 14:07:52', NULL),
(33, 78, 'Toby Moore', 'tbennymoore@yahoo.com', '7832411045088146', '2016-12-01 08:44:34', 21400.00, 'NGN', NULL, 'Pending', NULL, NULL, NULL, '{\"StoreName\":\"Gravity &amp; Lifestyle\",\"TranxMemo\":\"Purchase: 1 x Sarah Short-sleeved Top (Pink &amp; White), 1 x Precious Bra Top (Black &amp; White), 1 x Custom Active Wear, 1 x Taunte Crossed-back Tank (Pink &amp; Black), 1 x Precious Bra Top (Black &amp; White), \",\"ShopperIP\":\"154.118.10.109\"}', '2016-12-01 14:44:34', NULL),
(34, 79, 'Toby Moore', 'tbennymoore@yahoo.com', '7948016186571320', '2016-12-01 08:46:57', 21400.00, 'NGN', NULL, 'Pending', NULL, NULL, NULL, '{\"StoreName\":\"Gravity &amp; Lifestyle\",\"TranxMemo\":\"Purchase: 1 x Sarah Short-sleeved Top (Pink &amp; White), 1 x Precious Bra Top (Black &amp; White), 1 x Custom Active Wear, 1 x Taunte Crossed-back Tank (Pink &amp; Black), 1 x Precious Bra Top (Black &amp; White), \",\"ShopperIP\":\"154.118.10.109\"}', '2016-12-01 14:46:57', NULL),
(35, 87, 'Data Akpan', 'datakpan@gmail.con', '8797739736100240', '2017-02-09 06:39:34', 3000.00, 'NGN', 'interswitch', 'Pending', 1, 'Pending - pending', '<resultset><record><txnref>3917040134035050</txnref><channel>interswitch</channel><amount>3000.00</amount><payment_date>2/9/2017 1:40:35 PM</payment_date><payment_status>pending</payment_status><field_values><field_values><field><names>Data Akpan</names><acct_desc>False</acct_desc><acct_desc_order>0</acct_desc_order><hidden>False</hidden><defaultvalue /><xpath_field>0</xpath_field></field><field><amount>3000.00</amount><acct_desc>False</acct_desc><acct_desc_order>0</acct_desc_order><hidden>False</hidden><defaultvalue /><xpath_field>0</xpath_field></field><field><currency>NGN</currency><acct_desc>False</acct_desc><acct_desc_order>0</acct_desc_order><hidden>False</hidden><defaultvalue /><xpath_field>0</xpath_field></field><field><email_address>datakpan@gmail.con</email_address><acct_desc>False</acct_desc><acct_desc_order>0</acct_desc_order><hidden>False</hidden><defaultvalue /><xpath_field>0</xpath_field></field><field><phone_number>08034516311</phone_number><acct_desc>False</acct_desc><acct_desc_order>0</acct_desc_order><hidden>False</hidden><defaultvalue /><xpath_field>0</xpath_field></field><field><merch_txnref>8797739736100240</merch_txnref><acct_desc>True</acct_desc><acct_desc_order>1</acct_desc_order><hidden>False</hidden><defaultvalue /><xpath_field>0</xpath_field></field></field_values></field_values><payment_status_description>pending</payment_status_description></record></resultset>', '{\"StoreName\":\"Gravity &amp; Lifestyle\",\"TranxMemo\":\"Purchase: 1 x Gravity Virtual Fitness Basic, \",\"ShopperIP\":\"169.159.122.6\"}', '2017-02-09 12:44:16', '169.159.122.6'),
(36, 106, 'BOLANLE SHOBOWALE', 'bolashobowale@gmail.com', '10657401830056978', '2017-05-05 09:38:47', 20000.00, 'NGN', 'interswitch', 'Successful', 1, 'Successful - Approved Successful', '<resultset><record><txnref>3917125153911173</txnref><channel>interswitch</channel><amount>20000.00</amount><payment_date>5/5/2017 3:39:11 PM</payment_date><payment_status>successful</payment_status><field_values><field_values><field><names>BOLANLE SHOBOWALE</names><acct_desc>False</acct_desc><acct_desc_order>0</acct_desc_order><hidden>False</hidden><defaultvalue /><xpath_field>0</xpath_field></field><field><amount>20000.00</amount><acct_desc>False</acct_desc><acct_desc_order>0</acct_desc_order><hidden>False</hidden><defaultvalue /><xpath_field>0</xpath_field></field><field><currency>NGN</currency><acct_desc>False</acct_desc><acct_desc_order>0</acct_desc_order><hidden>False</hidden><defaultvalue /><xpath_field>0</xpath_field></field><field><email_address>bolashobowale@gmail.com</email_address><acct_desc>False</acct_desc><acct_desc_order>0</acct_desc_order><hidden>False</hidden><defaultvalue /><xpath_field>0</xpath_field></field><field><phone_number>+2348025017793</phone_number><acct_desc>False</acct_desc><acct_desc_order>0</acct_desc_order><hidden>False</hidden><defaultvalue /><xpath_field>0</xpath_field></field><field><merch_txnref>10657401830056978</merch_txnref><acct_desc>True</acct_desc><acct_desc_order>1</acct_desc_order><hidden>False</hidden><defaultvalue /><xpath_field>0</xpath_field></field></field_values></field_values><payment_status_description>Approved Successful</payment_status_description></record></resultset>', '{\"StoreName\":\"Gravity &amp; Lifestyle\",\"TranxMemo\":\"Purchase: 1 x Gravity Virtual Fitness Pro, \",\"ShopperIP\":\"197.253.4.85\"}', '2017-05-05 14:41:27', '197.253.4.85'),
(37, 127, 'Sarah  Tamunowari ', 'saadayre@gmail.com', '12714293221115515', '2019-12-11 09:25:34', 20000.00, 'NGN', NULL, 'Pending', NULL, NULL, NULL, '{\"StoreName\":\"Gravity &amp; Lifestyle\",\"TranxMemo\":\"Purchase: 1 x GRAVITY Virtual Fitness PRO, \",\"ShopperIP\":\"66.249.93.63\"}', '2019-12-11 15:25:34', NULL);

-- --------------------------------------------------------

--
-- Table structure for table `oc_zone`
--

CREATE TABLE `oc_zone` (
  `zone_id` int(11) NOT NULL,
  `country_id` int(11) NOT NULL,
  `name` varchar(128) NOT NULL,
  `code` varchar(32) NOT NULL,
  `status` tinyint(1) NOT NULL DEFAULT 1
) ENGINE=MyISAM DEFAULT CHARSET=utf8;

--
-- Dumping data for table `oc_zone`
--

INSERT INTO `oc_zone` (`zone_id`, `country_id`, `name`, `code`, `status`) VALUES
(1, 1, 'Badakhshan', 'BDS', 0),
(2, 1, 'Badghis', 'BDG', 0),
(3, 1, 'Baghlan', 'BGL', 0),
(4, 1, 'Balkh', 'BAL', 0),
(5, 1, 'Bamian', 'BAM', 0),
(6, 1, 'Farah', 'FRA', 0),
(7, 1, 'Faryab', 'FYB', 0),
(8, 1, 'Ghazni', 'GHA', 0),
(9, 1, 'Ghowr', 'GHO', 0),
(10, 1, 'Helmand', 'HEL', 0),
(11, 1, 'Herat', 'HER', 0),
(12, 1, 'Jowzjan', 'JOW', 0),
(13, 1, 'Kabul', 'KAB', 0),
(14, 1, 'Kandahar', 'KAN', 0),
(15, 1, 'Kapisa', 'KAP', 0),
(16, 1, 'Khost', 'KHO', 0),
(17, 1, 'Konar', 'KNR', 0),
(18, 1, 'Kondoz', 'KDZ', 0),
(19, 1, 'Laghman', 'LAG', 0),
(20, 1, 'Lowgar', 'LOW', 0),
(21, 1, 'Nangrahar', 'NAN', 0),
(22, 1, 'Nimruz', 'NIM', 0),
(23, 1, 'Nurestan', 'NUR', 0),
(24, 1, 'Oruzgan', 'ORU', 0),
(25, 1, 'Paktia', 'PIA', 0),
(26, 1, 'Paktika', 'PKA', 0),
(27, 1, 'Parwan', 'PAR', 0),
(28, 1, 'Samangan', 'SAM', 0),
(29, 1, 'Sar-e Pol', 'SAR', 0),
(30, 1, 'Takhar', 'TAK', 0),
(31, 1, 'Wardak', 'WAR', 0),
(32, 1, 'Zabol', 'ZAB', 0),
(33, 2, 'Berat', 'BR', 0),
(34, 2, 'Bulqize', 'BU', 0),
(35, 2, 'Delvine', 'DL', 0),
(36, 2, 'Devoll', 'DV', 0),
(37, 2, 'Diber', 'DI', 0),
(38, 2, 'Durres', 'DR', 0),
(39, 2, 'Elbasan', 'EL', 0),
(40, 2, 'Kolonje', 'ER', 0),
(41, 2, 'Fier', 'FR', 0),
(42, 2, 'Gjirokaster', 'GJ', 0),
(43, 2, 'Gramsh', 'GR', 0),
(44, 2, 'Has', 'HA', 0),
(45, 2, 'Kavaje', 'KA', 0),
(46, 2, 'Kurbin', 'KB', 0),
(47, 2, 'Kucove', 'KC', 0),
(48, 2, 'Korce', 'KO', 0),
(49, 2, 'Kruje', 'KR', 0),
(50, 2, 'Kukes', 'KU', 0),
(51, 2, 'Librazhd', 'LB', 0),
(52, 2, 'Lezhe', 'LE', 0),
(53, 2, 'Lushnje', 'LU', 0),
(54, 2, 'Malesi e Madhe', 'MM', 0),
(55, 2, 'Mallakaster', 'MK', 0),
(56, 2, 'Mat', 'MT', 0),
(57, 2, 'Mirdite', 'MR', 0),
(58, 2, 'Peqin', 'PQ', 0),
(59, 2, 'Permet', 'PR', 0),
(60, 2, 'Pogradec', 'PG', 0),
(61, 2, 'Puke', 'PU', 0),
(62, 2, 'Shkoder', 'SH', 0),
(63, 2, 'Skrapar', 'SK', 0),
(64, 2, 'Sarande', 'SR', 0),
(65, 2, 'Tepelene', 'TE', 0),
(66, 2, 'Tropoje', 'TP', 0),
(67, 2, 'Tirane', 'TR', 0),
(68, 2, 'Vlore', 'VL', 0),
(69, 3, 'Adrar', 'ADR', 0),
(70, 3, 'Ain Defla', 'ADE', 0),
(71, 3, 'Ain Temouchent', 'ATE', 0),
(72, 3, 'Alger', 'ALG', 0),
(73, 3, 'Annaba', 'ANN', 0),
(74, 3, 'Batna', 'BAT', 0),
(75, 3, 'Bechar', 'BEC', 0),
(76, 3, 'Bejaia', 'BEJ', 0),
(77, 3, 'Biskra', 'BIS', 0),
(78, 3, 'Blida', 'BLI', 0),
(79, 3, 'Bordj Bou Arreridj', 'BBA', 0),
(80, 3, 'Bouira', 'BOA', 0),
(81, 3, 'Boumerdes', 'BMD', 0),
(82, 3, 'Chlef', 'CHL', 0),
(83, 3, 'Constantine', 'CON', 0),
(84, 3, 'Djelfa', 'DJE', 0),
(85, 3, 'El Bayadh', 'EBA', 0),
(86, 3, 'El Oued', 'EOU', 0),
(87, 3, 'El Tarf', 'ETA', 0),
(88, 3, 'Ghardaia', 'GHA', 0),
(89, 3, 'Guelma', 'GUE', 0),
(90, 3, 'Illizi', 'ILL', 0),
(91, 3, 'Jijel', 'JIJ', 0),
(92, 3, 'Khenchela', 'KHE', 0),
(93, 3, 'Laghouat', 'LAG', 0),
(94, 3, 'Muaskar', 'MUA', 0),
(95, 3, 'Medea', 'MED', 0),
(96, 3, 'Mila', 'MIL', 0),
(97, 3, 'Mostaganem', 'MOS', 0),
(98, 3, 'M\'Sila', 'MSI', 0),
(99, 3, 'Naama', 'NAA', 0),
(100, 3, 'Oran', 'ORA', 0),
(101, 3, 'Ouargla', 'OUA', 0),
(102, 3, 'Oum el-Bouaghi', 'OEB', 0),
(103, 3, 'Relizane', 'REL', 0),
(104, 3, 'Saida', 'SAI', 0),
(105, 3, 'Setif', 'SET', 0),
(106, 3, 'Sidi Bel Abbes', 'SBA', 0),
(107, 3, 'Skikda', 'SKI', 0),
(108, 3, 'Souk Ahras', 'SAH', 0),
(109, 3, 'Tamanghasset', 'TAM', 0),
(110, 3, 'Tebessa', 'TEB', 0),
(111, 3, 'Tiaret', 'TIA', 0),
(112, 3, 'Tindouf', 'TIN', 0),
(113, 3, 'Tipaza', 'TIP', 0),
(114, 3, 'Tissemsilt', 'TIS', 0),
(115, 3, 'Tizi Ouzou', 'TOU', 0),
(116, 3, 'Tlemcen', 'TLE', 0),
(117, 4, 'Eastern', 'E', 0),
(118, 4, 'Manu\'a', 'M', 0),
(119, 4, 'Rose Island', 'R', 0),
(120, 4, 'Swains Island', 'S', 0),
(121, 4, 'Western', 'W', 0),
(122, 5, 'Andorra la Vella', 'ALV', 0),
(123, 5, 'Canillo', 'CAN', 0),
(124, 5, 'Encamp', 'ENC', 0),
(125, 5, 'Escaldes-Engordany', 'ESE', 0),
(126, 5, 'La Massana', 'LMA', 0),
(127, 5, 'Ordino', 'ORD', 0),
(128, 5, 'Sant Julia de Loria', 'SJL', 0),
(129, 6, 'Bengo', 'BGO', 0),
(130, 6, 'Benguela', 'BGU', 0),
(131, 6, 'Bie', 'BIE', 0),
(132, 6, 'Cabinda', 'CAB', 0),
(133, 6, 'Cuando-Cubango', 'CCU', 0),
(134, 6, 'Cuanza Norte', 'CNO', 0),
(135, 6, 'Cuanza Sul', 'CUS', 0),
(136, 6, 'Cunene', 'CNN', 0),
(137, 6, 'Huambo', 'HUA', 0),
(138, 6, 'Huila', 'HUI', 0),
(139, 6, 'Luanda', 'LUA', 0),
(140, 6, 'Lunda Norte', 'LNO', 0),
(141, 6, 'Lunda Sul', 'LSU', 0),
(142, 6, 'Malange', 'MAL', 0),
(143, 6, 'Moxico', 'MOX', 0),
(144, 6, 'Namibe', 'NAM', 0),
(145, 6, 'Uige', 'UIG', 0),
(146, 6, 'Zaire', 'ZAI', 0),
(147, 9, 'Saint George', 'ASG', 0),
(148, 9, 'Saint John', 'ASJ', 0),
(149, 9, 'Saint Mary', 'ASM', 0),
(150, 9, 'Saint Paul', 'ASL', 0),
(151, 9, 'Saint Peter', 'ASR', 0),
(152, 9, 'Saint Philip', 'ASH', 0),
(153, 9, 'Barbuda', 'BAR', 0),
(154, 9, 'Redonda', 'RED', 0),
(155, 10, 'Antartida e Islas del Atlantico', 'AN', 0),
(156, 10, 'Buenos Aires', 'BA', 0),
(157, 10, 'Catamarca', 'CA', 0),
(158, 10, 'Chaco', 'CH', 0),
(159, 10, 'Chubut', 'CU', 0),
(160, 10, 'Cordoba', 'CO', 0),
(161, 10, 'Corrientes', 'CR', 0),
(162, 10, 'Distrito Federal', 'DF', 0),
(163, 10, 'Entre Rios', 'ER', 0),
(164, 10, 'Formosa', 'FO', 0),
(165, 10, 'Jujuy', 'JU', 0),
(166, 10, 'La Pampa', 'LP', 0),
(167, 10, 'La Rioja', 'LR', 0),
(168, 10, 'Mendoza', 'ME', 0),
(169, 10, 'Misiones', 'MI', 0),
(170, 10, 'Neuquen', 'NE', 0),
(171, 10, 'Rio Negro', 'RN', 0),
(172, 10, 'Salta', 'SA', 0),
(173, 10, 'San Juan', 'SJ', 0),
(174, 10, 'San Luis', 'SL', 0),
(175, 10, 'Santa Cruz', 'SC', 0),
(176, 10, 'Santa Fe', 'SF', 0),
(177, 10, 'Santiago del Estero', 'SD', 0),
(178, 10, 'Tierra del Fuego', 'TF', 0),
(179, 10, 'Tucuman', 'TU', 0),
(180, 11, 'Aragatsotn', 'AGT', 0),
(181, 11, 'Ararat', 'ARR', 0),
(182, 11, 'Armavir', 'ARM', 0),
(183, 11, 'Geghark\'unik\'', 'GEG', 0),
(184, 11, 'Kotayk\'', 'KOT', 0),
(185, 11, 'Lorri', 'LOR', 0),
(186, 11, 'Shirak', 'SHI', 0),
(187, 11, 'Syunik\'', 'SYU', 0),
(188, 11, 'Tavush', 'TAV', 0),
(189, 11, 'Vayots\' Dzor', 'VAY', 0),
(190, 11, 'Yerevan', 'YER', 0),
(191, 13, 'Australian Capital Territory', 'ACT', 0),
(192, 13, 'New South Wales', 'NSW', 0),
(193, 13, 'Northern Territory', 'NT', 0),
(194, 13, 'Queensland', 'QLD', 0),
(195, 13, 'South Australia', 'SA', 0),
(196, 13, 'Tasmania', 'TAS', 0),
(197, 13, 'Victoria', 'VIC', 0),
(198, 13, 'Western Australia', 'WA', 0),
(199, 14, 'Burgenland', 'BUR', 0),
(200, 14, 'Kärnten', 'KAR', 0),
(201, 14, 'Nieder&ouml;sterreich', 'NOS', 0),
(202, 14, 'Ober&ouml;sterreich', 'OOS', 0),
(203, 14, 'Salzburg', 'SAL', 0),
(204, 14, 'Steiermark', 'STE', 0),
(205, 14, 'Tirol', 'TIR', 0),
(206, 14, 'Vorarlberg', 'VOR', 0),
(207, 14, 'Wien', 'WIE', 0),
(208, 15, 'Ali Bayramli', 'AB', 0),
(209, 15, 'Abseron', 'ABS', 0),
(210, 15, 'AgcabAdi', 'AGC', 0),
(211, 15, 'Agdam', 'AGM', 0),
(212, 15, 'Agdas', 'AGS', 0),
(213, 15, 'Agstafa', 'AGA', 0),
(214, 15, 'Agsu', 'AGU', 0),
(215, 15, 'Astara', 'AST', 0),
(216, 15, 'Baki', 'BA', 0),
(217, 15, 'BabAk', 'BAB', 0),
(218, 15, 'BalakAn', 'BAL', 0),
(219, 15, 'BArdA', 'BAR', 0),
(220, 15, 'Beylaqan', 'BEY', 0),
(221, 15, 'Bilasuvar', 'BIL', 0),
(222, 15, 'Cabrayil', 'CAB', 0),
(223, 15, 'Calilabab', 'CAL', 0),
(224, 15, 'Culfa', 'CUL', 0),
(225, 15, 'Daskasan', 'DAS', 0),
(226, 15, 'Davaci', 'DAV', 0),
(227, 15, 'Fuzuli', 'FUZ', 0),
(228, 15, 'Ganca', 'GA', 0),
(229, 15, 'Gadabay', 'GAD', 0),
(230, 15, 'Goranboy', 'GOR', 0),
(231, 15, 'Goycay', 'GOY', 0),
(232, 15, 'Haciqabul', 'HAC', 0),
(233, 15, 'Imisli', 'IMI', 0),
(234, 15, 'Ismayilli', 'ISM', 0),
(235, 15, 'Kalbacar', 'KAL', 0),
(236, 15, 'Kurdamir', 'KUR', 0),
(237, 15, 'Lankaran', 'LA', 0),
(238, 15, 'Lacin', 'LAC', 0),
(239, 15, 'Lankaran', 'LAN', 0),
(240, 15, 'Lerik', 'LER', 0),
(241, 15, 'Masalli', 'MAS', 0),
(242, 15, 'Mingacevir', 'MI', 0),
(243, 15, 'Naftalan', 'NA', 0),
(244, 15, 'Neftcala', 'NEF', 0),
(245, 15, 'Oguz', 'OGU', 0),
(246, 15, 'Ordubad', 'ORD', 0),
(247, 15, 'Qabala', 'QAB', 0),
(248, 15, 'Qax', 'QAX', 0),
(249, 15, 'Qazax', 'QAZ', 0),
(250, 15, 'Qobustan', 'QOB', 0),
(251, 15, 'Quba', 'QBA', 0),
(252, 15, 'Qubadli', 'QBI', 0),
(253, 15, 'Qusar', 'QUS', 0),
(254, 15, 'Saki', 'SA', 0),
(255, 15, 'Saatli', 'SAT', 0),
(256, 15, 'Sabirabad', 'SAB', 0),
(257, 15, 'Sadarak', 'SAD', 0),
(258, 15, 'Sahbuz', 'SAH', 0),
(259, 15, 'Saki', 'SAK', 0),
(260, 15, 'Salyan', 'SAL', 0),
(261, 15, 'Sumqayit', 'SM', 0),
(262, 15, 'Samaxi', 'SMI', 0),
(263, 15, 'Samkir', 'SKR', 0),
(264, 15, 'Samux', 'SMX', 0),
(265, 15, 'Sarur', 'SAR', 0),
(266, 15, 'Siyazan', 'SIY', 0),
(267, 15, 'Susa', 'SS', 0),
(268, 15, 'Susa', 'SUS', 0),
(269, 15, 'Tartar', 'TAR', 0),
(270, 15, 'Tovuz', 'TOV', 0),
(271, 15, 'Ucar', 'UCA', 0),
(272, 15, 'Xankandi', 'XA', 0),
(273, 15, 'Xacmaz', 'XAC', 0),
(274, 15, 'Xanlar', 'XAN', 0),
(275, 15, 'Xizi', 'XIZ', 0),
(276, 15, 'Xocali', 'XCI', 0),
(277, 15, 'Xocavand', 'XVD', 0),
(278, 15, 'Yardimli', 'YAR', 0),
(279, 15, 'Yevlax', 'YEV', 0),
(280, 15, 'Zangilan', 'ZAN', 0),
(281, 15, 'Zaqatala', 'ZAQ', 0),
(282, 15, 'Zardab', 'ZAR', 0),
(283, 15, 'Naxcivan', 'NX', 0),
(284, 16, 'Acklins', 'ACK', 0),
(285, 16, 'Berry Islands', 'BER', 0),
(286, 16, 'Bimini', 'BIM', 0),
(287, 16, 'Black Point', 'BLK', 0),
(288, 16, 'Cat Island', 'CAT', 0),
(289, 16, 'Central Abaco', 'CAB', 0),
(290, 16, 'Central Andros', 'CAN', 0),
(291, 16, 'Central Eleuthera', 'CEL', 0),
(292, 16, 'City of Freeport', 'FRE', 0),
(293, 16, 'Crooked Island', 'CRO', 0),
(294, 16, 'East Grand Bahama', 'EGB', 0),
(295, 16, 'Exuma', 'EXU', 0),
(296, 16, 'Grand Cay', 'GRD', 0),
(297, 16, 'Harbour Island', 'HAR', 0),
(298, 16, 'Hope Town', 'HOP', 0),
(299, 16, 'Inagua', 'INA', 0),
(300, 16, 'Long Island', 'LNG', 0),
(301, 16, 'Mangrove Cay', 'MAN', 0),
(302, 16, 'Mayaguana', 'MAY', 0),
(303, 16, 'Moore\'s Island', 'MOO', 0),
(304, 16, 'North Abaco', 'NAB', 0),
(305, 16, 'North Andros', 'NAN', 0),
(306, 16, 'North Eleuthera', 'NEL', 0),
(307, 16, 'Ragged Island', 'RAG', 0),
(308, 16, 'Rum Cay', 'RUM', 0),
(309, 16, 'San Salvador', 'SAL', 0),
(310, 16, 'South Abaco', 'SAB', 0),
(311, 16, 'South Andros', 'SAN', 0),
(312, 16, 'South Eleuthera', 'SEL', 0),
(313, 16, 'Spanish Wells', 'SWE', 0),
(314, 16, 'West Grand Bahama', 'WGB', 0),
(315, 17, 'Capital', 'CAP', 0),
(316, 17, 'Central', 'CEN', 0),
(317, 17, 'Muharraq', 'MUH', 0),
(318, 17, 'Northern', 'NOR', 0),
(319, 17, 'Southern', 'SOU', 0),
(320, 18, 'Barisal', 'BAR', 0),
(321, 18, 'Chittagong', 'CHI', 0),
(322, 18, 'Dhaka', 'DHA', 0),
(323, 18, 'Khulna', 'KHU', 0),
(324, 18, 'Rajshahi', 'RAJ', 0),
(325, 18, 'Sylhet', 'SYL', 0),
(326, 19, 'Christ Church', 'CC', 0),
(327, 19, 'Saint Andrew', 'AND', 0),
(328, 19, 'Saint George', 'GEO', 0),
(329, 19, 'Saint James', 'JAM', 0),
(330, 19, 'Saint John', 'JOH', 0),
(331, 19, 'Saint Joseph', 'JOS', 0),
(332, 19, 'Saint Lucy', 'LUC', 0),
(333, 19, 'Saint Michael', 'MIC', 0),
(334, 19, 'Saint Peter', 'PET', 0),
(335, 19, 'Saint Philip', 'PHI', 0),
(336, 19, 'Saint Thomas', 'THO', 0),
(337, 20, 'Brestskaya (Brest)', 'BR', 0),
(338, 20, 'Homyel\'skaya (Homyel\')', 'HO', 0),
(339, 20, 'Horad Minsk', 'HM', 0),
(340, 20, 'Hrodzyenskaya (Hrodna)', 'HR', 0),
(341, 20, 'Mahilyowskaya (Mahilyow)', 'MA', 0),
(342, 20, 'Minskaya', 'MI', 0),
(343, 20, 'Vitsyebskaya (Vitsyebsk)', 'VI', 0),
(344, 21, 'Antwerpen', 'VAN', 0),
(345, 21, 'Brabant Wallon', 'WBR', 0),
(346, 21, 'Hainaut', 'WHT', 0),
(347, 21, 'Liège', 'WLG', 0),
(348, 21, 'Limburg', 'VLI', 0),
(349, 21, 'Luxembourg', 'WLX', 0),
(350, 21, 'Namur', 'WNA', 0),
(351, 21, 'Oost-Vlaanderen', 'VOV', 0),
(352, 21, 'Vlaams Brabant', 'VBR', 0),
(353, 21, 'West-Vlaanderen', 'VWV', 0),
(354, 22, 'Belize', 'BZ', 0),
(355, 22, 'Cayo', 'CY', 0),
(356, 22, 'Corozal', 'CR', 0),
(357, 22, 'Orange Walk', 'OW', 0),
(358, 22, 'Stann Creek', 'SC', 0),
(359, 22, 'Toledo', 'TO', 0),
(360, 23, 'Alibori', 'AL', 0),
(361, 23, 'Atakora', 'AK', 0),
(362, 23, 'Atlantique', 'AQ', 0),
(363, 23, 'Borgou', 'BO', 0),
(364, 23, 'Collines', 'CO', 0),
(365, 23, 'Donga', 'DO', 0),
(366, 23, 'Kouffo', 'KO', 0),
(367, 23, 'Littoral', 'LI', 0),
(368, 23, 'Mono', 'MO', 0),
(369, 23, 'Oueme', 'OU', 0),
(370, 23, 'Plateau', 'PL', 0),
(371, 23, 'Zou', 'ZO', 0),
(372, 24, 'Devonshire', 'DS', 0),
(373, 24, 'Hamilton City', 'HC', 0),
(374, 24, 'Hamilton', 'HA', 0),
(375, 24, 'Paget', 'PG', 0),
(376, 24, 'Pembroke', 'PB', 0),
(377, 24, 'Saint George City', 'GC', 0),
(378, 24, 'Saint George\'s', 'SG', 0),
(379, 24, 'Sandys', 'SA', 0),
(380, 24, 'Smith\'s', 'SM', 0),
(381, 24, 'Southampton', 'SH', 0),
(382, 24, 'Warwick', 'WA', 0),
(383, 25, 'Bumthang', 'BUM', 0),
(384, 25, 'Chukha', 'CHU', 0),
(385, 25, 'Dagana', 'DAG', 0),
(386, 25, 'Gasa', 'GAS', 0),
(387, 25, 'Haa', 'HAA', 0),
(388, 25, 'Lhuntse', 'LHU', 0),
(389, 25, 'Mongar', 'MON', 0),
(390, 25, 'Paro', 'PAR', 0),
(391, 25, 'Pemagatshel', 'PEM', 0),
(392, 25, 'Punakha', 'PUN', 0),
(393, 25, 'Samdrup Jongkhar', 'SJO', 0),
(394, 25, 'Samtse', 'SAT', 0),
(395, 25, 'Sarpang', 'SAR', 0),
(396, 25, 'Thimphu', 'THI', 0),
(397, 25, 'Trashigang', 'TRG', 0),
(398, 25, 'Trashiyangste', 'TRY', 0),
(399, 25, 'Trongsa', 'TRO', 0),
(400, 25, 'Tsirang', 'TSI', 0),
(401, 25, 'Wangdue Phodrang', 'WPH', 0),
(402, 25, 'Zhemgang', 'ZHE', 0),
(403, 26, 'Beni', 'BEN', 0),
(404, 26, 'Chuquisaca', 'CHU', 0),
(405, 26, 'Cochabamba', 'COC', 0),
(406, 26, 'La Paz', 'LPZ', 0),
(407, 26, 'Oruro', 'ORU', 0),
(408, 26, 'Pando', 'PAN', 0),
(409, 26, 'Potosi', 'POT', 0),
(410, 26, 'Santa Cruz', 'SCZ', 0),
(411, 26, 'Tarija', 'TAR', 0),
(412, 27, 'Brcko district', 'BRO', 0),
(413, 27, 'Unsko-Sanski Kanton', 'FUS', 0),
(414, 27, 'Posavski Kanton', 'FPO', 0),
(415, 27, 'Tuzlanski Kanton', 'FTU', 0),
(416, 27, 'Zenicko-Dobojski Kanton', 'FZE', 0),
(417, 27, 'Bosanskopodrinjski Kanton', 'FBP', 0),
(418, 27, 'Srednjebosanski Kanton', 'FSB', 0),
(419, 27, 'Hercegovacko-neretvanski Kanton', 'FHN', 0),
(420, 27, 'Zapadnohercegovacka Zupanija', 'FZH', 0),
(421, 27, 'Kanton Sarajevo', 'FSA', 0),
(422, 27, 'Zapadnobosanska', 'FZA', 0),
(423, 27, 'Banja Luka', 'SBL', 0),
(424, 27, 'Doboj', 'SDO', 0),
(425, 27, 'Bijeljina', 'SBI', 0),
(426, 27, 'Vlasenica', 'SVL', 0),
(427, 27, 'Sarajevo-Romanija or Sokolac', 'SSR', 0),
(428, 27, 'Foca', 'SFO', 0),
(429, 27, 'Trebinje', 'STR', 0),
(430, 28, 'Central', 'CE', 0),
(431, 28, 'Ghanzi', 'GH', 0),
(432, 28, 'Kgalagadi', 'KD', 0),
(433, 28, 'Kgatleng', 'KT', 0),
(434, 28, 'Kweneng', 'KW', 0),
(435, 28, 'Ngamiland', 'NG', 0),
(436, 28, 'North East', 'NE', 0),
(437, 28, 'North West', 'NW', 0),
(438, 28, 'South East', 'SE', 0),
(439, 28, 'Southern', 'SO', 0),
(440, 30, 'Acre', 'AC', 0),
(441, 30, 'Alagoas', 'AL', 0),
(442, 30, 'Amapá', 'AP', 0),
(443, 30, 'Amazonas', 'AM', 0),
(444, 30, 'Bahia', 'BA', 0),
(445, 30, 'Ceará', 'CE', 0),
(446, 30, 'Distrito Federal', 'DF', 0),
(447, 30, 'Espírito Santo', 'ES', 0),
(448, 30, 'Goiás', 'GO', 0),
(449, 30, 'Maranhão', 'MA', 0),
(450, 30, 'Mato Grosso', 'MT', 0),
(451, 30, 'Mato Grosso do Sul', 'MS', 0),
(452, 30, 'Minas Gerais', 'MG', 0),
(453, 30, 'Pará', 'PA', 0),
(454, 30, 'Paraíba', 'PB', 0),
(455, 30, 'Paraná', 'PR', 0),
(456, 30, 'Pernambuco', 'PE', 0),
(457, 30, 'Piauí', 'PI', 0),
(458, 30, 'Rio de Janeiro', 'RJ', 0),
(459, 30, 'Rio Grande do Norte', 'RN', 0),
(460, 30, 'Rio Grande do Sul', 'RS', 0),
(461, 30, 'Rondônia', 'RO', 0),
(462, 30, 'Roraima', 'RR', 0),
(463, 30, 'Santa Catarina', 'SC', 0),
(464, 30, 'São Paulo', 'SP', 0),
(465, 30, 'Sergipe', 'SE', 0),
(466, 30, 'Tocantins', 'TO', 0),
(467, 31, 'Peros Banhos', 'PB', 0),
(468, 31, 'Salomon Islands', 'SI', 0),
(469, 31, 'Nelsons Island', 'NI', 0),
(470, 31, 'Three Brothers', 'TB', 0),
(471, 31, 'Eagle Islands', 'EA', 0),
(472, 31, 'Danger Island', 'DI', 0),
(473, 31, 'Egmont Islands', 'EG', 0),
(474, 31, 'Diego Garcia', 'DG', 0),
(475, 32, 'Belait', 'BEL', 0),
(476, 32, 'Brunei and Muara', 'BRM', 0),
(477, 32, 'Temburong', 'TEM', 0),
(478, 32, 'Tutong', 'TUT', 0),
(479, 33, 'Blagoevgrad', '', 0),
(480, 33, 'Burgas', '', 0),
(481, 33, 'Dobrich', '', 0),
(482, 33, 'Gabrovo', '', 0),
(483, 33, 'Haskovo', '', 0),
(484, 33, 'Kardjali', '', 0),
(485, 33, 'Kyustendil', '', 0),
(486, 33, 'Lovech', '', 0),
(487, 33, 'Montana', '', 0),
(488, 33, 'Pazardjik', '', 0),
(489, 33, 'Pernik', '', 0),
(490, 33, 'Pleven', '', 0),
(491, 33, 'Plovdiv', '', 0),
(492, 33, 'Razgrad', '', 0),
(493, 33, 'Shumen', '', 0),
(494, 33, 'Silistra', '', 0),
(495, 33, 'Sliven', '', 0),
(496, 33, 'Smolyan', '', 0),
(497, 33, 'Sofia', '', 0),
(498, 33, 'Sofia - town', '', 0),
(499, 33, 'Stara Zagora', '', 0),
(500, 33, 'Targovishte', '', 0),
(501, 33, 'Varna', '', 0),
(502, 33, 'Veliko Tarnovo', '', 0),
(503, 33, 'Vidin', '', 0),
(504, 33, 'Vratza', '', 0),
(505, 33, 'Yambol', '', 0),
(506, 34, 'Bale', 'BAL', 0),
(507, 34, 'Bam', 'BAM', 0),
(508, 34, 'Banwa', 'BAN', 0),
(509, 34, 'Bazega', 'BAZ', 0),
(510, 34, 'Bougouriba', 'BOR', 0),
(511, 34, 'Boulgou', 'BLG', 0),
(512, 34, 'Boulkiemde', 'BOK', 0),
(513, 34, 'Comoe', 'COM', 0),
(514, 34, 'Ganzourgou', 'GAN', 0),
(515, 34, 'Gnagna', 'GNA', 0),
(516, 34, 'Gourma', 'GOU', 0),
(517, 34, 'Houet', 'HOU', 0),
(518, 34, 'Ioba', 'IOA', 0),
(519, 34, 'Kadiogo', 'KAD', 0),
(520, 34, 'Kenedougou', 'KEN', 0),
(521, 34, 'Komondjari', 'KOD', 0),
(522, 34, 'Kompienga', 'KOP', 0),
(523, 34, 'Kossi', 'KOS', 0),
(524, 34, 'Koulpelogo', 'KOL', 0),
(525, 34, 'Kouritenga', 'KOT', 0),
(526, 34, 'Kourweogo', 'KOW', 0),
(527, 34, 'Leraba', 'LER', 0),
(528, 34, 'Loroum', 'LOR', 0),
(529, 34, 'Mouhoun', 'MOU', 0),
(530, 34, 'Nahouri', 'NAH', 0),
(531, 34, 'Namentenga', 'NAM', 0),
(532, 34, 'Nayala', 'NAY', 0),
(533, 34, 'Noumbiel', 'NOU', 0),
(534, 34, 'Oubritenga', 'OUB', 0),
(535, 34, 'Oudalan', 'OUD', 0),
(536, 34, 'Passore', 'PAS', 0),
(537, 34, 'Poni', 'PON', 0),
(538, 34, 'Sanguie', 'SAG', 0),
(539, 34, 'Sanmatenga', 'SAM', 0),
(540, 34, 'Seno', 'SEN', 0),
(541, 34, 'Sissili', 'SIS', 0),
(542, 34, 'Soum', 'SOM', 0),
(543, 34, 'Sourou', 'SOR', 0),
(544, 34, 'Tapoa', 'TAP', 0),
(545, 34, 'Tuy', 'TUY', 0),
(546, 34, 'Yagha', 'YAG', 0),
(547, 34, 'Yatenga', 'YAT', 0),
(548, 34, 'Ziro', 'ZIR', 0),
(549, 34, 'Zondoma', 'ZOD', 0),
(550, 34, 'Zoundweogo', 'ZOW', 0),
(551, 35, 'Bubanza', 'BB', 0),
(552, 35, 'Bujumbura', 'BJ', 0),
(553, 35, 'Bururi', 'BR', 0),
(554, 35, 'Cankuzo', 'CA', 0),
(555, 35, 'Cibitoke', 'CI', 0),
(556, 35, 'Gitega', 'GI', 0),
(557, 35, 'Karuzi', 'KR', 0),
(558, 35, 'Kayanza', 'KY', 0),
(559, 35, 'Kirundo', 'KI', 0),
(560, 35, 'Makamba', 'MA', 0),
(561, 35, 'Muramvya', 'MU', 0),
(562, 35, 'Muyinga', 'MY', 0),
(563, 35, 'Mwaro', 'MW', 0),
(564, 35, 'Ngozi', 'NG', 0),
(565, 35, 'Rutana', 'RT', 0),
(566, 35, 'Ruyigi', 'RY', 0),
(567, 36, 'Phnom Penh', 'PP', 0),
(568, 36, 'Preah Seihanu (Kompong Som or Sihanoukville)', 'PS', 0),
(569, 36, 'Pailin', 'PA', 0),
(570, 36, 'Keb', 'KB', 0),
(571, 36, 'Banteay Meanchey', 'BM', 0),
(572, 36, 'Battambang', 'BA', 0),
(573, 36, 'Kampong Cham', 'KM', 0),
(574, 36, 'Kampong Chhnang', 'KN', 0),
(575, 36, 'Kampong Speu', 'KU', 0),
(576, 36, 'Kampong Som', 'KO', 0),
(577, 36, 'Kampong Thom', 'KT', 0),
(578, 36, 'Kampot', 'KP', 0),
(579, 36, 'Kandal', 'KL', 0),
(580, 36, 'Kaoh Kong', 'KK', 0),
(581, 36, 'Kratie', 'KR', 0),
(582, 36, 'Mondul Kiri', 'MK', 0),
(583, 36, 'Oddar Meancheay', 'OM', 0),
(584, 36, 'Pursat', 'PU', 0),
(585, 36, 'Preah Vihear', 'PR', 0),
(586, 36, 'Prey Veng', 'PG', 0),
(587, 36, 'Ratanak Kiri', 'RK', 0),
(588, 36, 'Siemreap', 'SI', 0),
(589, 36, 'Stung Treng', 'ST', 0),
(590, 36, 'Svay Rieng', 'SR', 0),
(591, 36, 'Takeo', 'TK', 0),
(592, 37, 'Adamawa (Adamaoua)', 'ADA', 0),
(593, 37, 'Centre', 'CEN', 0),
(594, 37, 'East (Est)', 'EST', 0),
(595, 37, 'Extreme North (Extreme-Nord)', 'EXN', 0),
(596, 37, 'Littoral', 'LIT', 0),
(597, 37, 'North (Nord)', 'NOR', 0),
(598, 37, 'Northwest (Nord-Ouest)', 'NOT', 0),
(599, 37, 'West (Ouest)', 'OUE', 0),
(600, 37, 'South (Sud)', 'SUD', 0),
(601, 37, 'Southwest (Sud-Ouest).', 'SOU', 0),
(602, 38, 'Alberta', 'AB', 0),
(603, 38, 'British Columbia', 'BC', 0),
(604, 38, 'Manitoba', 'MB', 0),
(605, 38, 'New Brunswick', 'NB', 0),
(606, 38, 'Newfoundland and Labrador', 'NL', 0),
(607, 38, 'Northwest Territories', 'NT', 0),
(608, 38, 'Nova Scotia', 'NS', 0),
(609, 38, 'Nunavut', 'NU', 0),
(610, 38, 'Ontario', 'ON', 0),
(611, 38, 'Prince Edward Island', 'PE', 0),
(612, 38, 'Qu&eacute;bec', 'QC', 0),
(613, 38, 'Saskatchewan', 'SK', 0),
(614, 38, 'Yukon Territory', 'YT', 0),
(615, 39, 'Boa Vista', 'BV', 0),
(616, 39, 'Brava', 'BR', 0),
(617, 39, 'Calheta de Sao Miguel', 'CS', 0),
(618, 39, 'Maio', 'MA', 0),
(619, 39, 'Mosteiros', 'MO', 0),
(620, 39, 'Paul', 'PA', 0),
(621, 39, 'Porto Novo', 'PN', 0),
(622, 39, 'Praia', 'PR', 0),
(623, 39, 'Ribeira Grande', 'RG', 0),
(624, 39, 'Sal', 'SL', 0),
(625, 39, 'Santa Catarina', 'CA', 0),
(626, 39, 'Santa Cruz', 'CR', 0),
(627, 39, 'Sao Domingos', 'SD', 0),
(628, 39, 'Sao Filipe', 'SF', 0),
(629, 39, 'Sao Nicolau', 'SN', 0),
(630, 39, 'Sao Vicente', 'SV', 0),
(631, 39, 'Tarrafal', 'TA', 0),
(632, 40, 'Creek', 'CR', 0),
(633, 40, 'Eastern', 'EA', 0),
(634, 40, 'Midland', 'ML', 0),
(635, 40, 'South Town', 'ST', 0),
(636, 40, 'Spot Bay', 'SP', 0),
(637, 40, 'Stake Bay', 'SK', 0),
(638, 40, 'West End', 'WD', 0),
(639, 40, 'Western', 'WN', 0),
(640, 41, 'Bamingui-Bangoran', 'BBA', 0),
(641, 41, 'Basse-Kotto', 'BKO', 0),
(642, 41, 'Haute-Kotto', 'HKO', 0),
(643, 41, 'Haut-Mbomou', 'HMB', 0),
(644, 41, 'Kemo', 'KEM', 0),
(645, 41, 'Lobaye', 'LOB', 0),
(646, 41, 'Mambere-KadeÔ', 'MKD', 0),
(647, 41, 'Mbomou', 'MBO', 0),
(648, 41, 'Nana-Mambere', 'NMM', 0),
(649, 41, 'Ombella-M\'Poko', 'OMP', 0),
(650, 41, 'Ouaka', 'OUK', 0),
(651, 41, 'Ouham', 'OUH', 0),
(652, 41, 'Ouham-Pende', 'OPE', 0),
(653, 41, 'Vakaga', 'VAK', 0),
(654, 41, 'Nana-Grebizi', 'NGR', 0),
(655, 41, 'Sangha-Mbaere', 'SMB', 0),
(656, 41, 'Bangui', 'BAN', 0),
(657, 42, 'Batha', 'BA', 0),
(658, 42, 'Biltine', 'BI', 0),
(659, 42, 'Borkou-Ennedi-Tibesti', 'BE', 0),
(660, 42, 'Chari-Baguirmi', 'CB', 0),
(661, 42, 'Guera', 'GU', 0),
(662, 42, 'Kanem', 'KA', 0),
(663, 42, 'Lac', 'LA', 0),
(664, 42, 'Logone Occidental', 'LC', 0),
(665, 42, 'Logone Oriental', 'LR', 0),
(666, 42, 'Mayo-Kebbi', 'MK', 0),
(667, 42, 'Moyen-Chari', 'MC', 0),
(668, 42, 'Ouaddai', 'OU', 0),
(669, 42, 'Salamat', 'SA', 0),
(670, 42, 'Tandjile', 'TA', 0),
(671, 43, 'Aisen del General Carlos Ibanez', 'AI', 0),
(672, 43, 'Antofagasta', 'AN', 0),
(673, 43, 'Araucania', 'AR', 0),
(674, 43, 'Atacama', 'AT', 0),
(675, 43, 'Bio-Bio', 'BI', 0),
(676, 43, 'Coquimbo', 'CO', 0),
(677, 43, 'Libertador General Bernardo O\'Higgins', 'LI', 0),
(678, 43, 'Los Lagos', 'LL', 0),
(679, 43, 'Magallanes y de la Antartica Chilena', 'MA', 0),
(680, 43, 'Maule', 'ML', 0),
(681, 43, 'Region Metropolitana', 'RM', 0),
(682, 43, 'Tarapaca', 'TA', 0),
(683, 43, 'Valparaiso', 'VS', 0),
(684, 44, 'Anhui', 'AN', 0),
(685, 44, 'Beijing', 'BE', 0),
(686, 44, 'Chongqing', 'CH', 0),
(687, 44, 'Fujian', 'FU', 0),
(688, 44, 'Gansu', 'GA', 0),
(689, 44, 'Guangdong', 'GU', 0),
(690, 44, 'Guangxi', 'GX', 0),
(691, 44, 'Guizhou', 'GZ', 0),
(692, 44, 'Hainan', 'HA', 0),
(693, 44, 'Hebei', 'HB', 0),
(694, 44, 'Heilongjiang', 'HL', 0),
(695, 44, 'Henan', 'HE', 0),
(696, 44, 'Hong Kong', 'HK', 0),
(697, 44, 'Hubei', 'HU', 0),
(698, 44, 'Hunan', 'HN', 0),
(699, 44, 'Inner Mongolia', 'IM', 0),
(700, 44, 'Jiangsu', 'JI', 0),
(701, 44, 'Jiangxi', 'JX', 0),
(702, 44, 'Jilin', 'JL', 0),
(703, 44, 'Liaoning', 'LI', 0),
(704, 44, 'Macau', 'MA', 0),
(705, 44, 'Ningxia', 'NI', 0),
(706, 44, 'Shaanxi', 'SH', 0),
(707, 44, 'Shandong', 'SA', 0),
(708, 44, 'Shanghai', 'SG', 0),
(709, 44, 'Shanxi', 'SX', 0),
(710, 44, 'Sichuan', 'SI', 0),
(711, 44, 'Tianjin', 'TI', 0),
(712, 44, 'Xinjiang', 'XI', 0),
(713, 44, 'Yunnan', 'YU', 0),
(714, 44, 'Zhejiang', 'ZH', 0),
(715, 46, 'Direction Island', 'D', 0),
(716, 46, 'Home Island', 'H', 0),
(717, 46, 'Horsburgh Island', 'O', 0),
(718, 46, 'South Island', 'S', 0),
(719, 46, 'West Island', 'W', 0),
(720, 47, 'Amazonas', 'AMZ', 0),
(721, 47, 'Antioquia', 'ANT', 0),
(722, 47, 'Arauca', 'ARA', 0),
(723, 47, 'Atlantico', 'ATL', 0),
(724, 47, 'Bogota D.C.', 'BDC', 0),
(725, 47, 'Bolivar', 'BOL', 0),
(726, 47, 'Boyaca', 'BOY', 0),
(727, 47, 'Caldas', 'CAL', 0),
(728, 47, 'Caqueta', 'CAQ', 0),
(729, 47, 'Casanare', 'CAS', 0),
(730, 47, 'Cauca', 'CAU', 0),
(731, 47, 'Cesar', 'CES', 0),
(732, 47, 'Choco', 'CHO', 0),
(733, 47, 'Cordoba', 'COR', 0),
(734, 47, 'Cundinamarca', 'CAM', 0),
(735, 47, 'Guainia', 'GNA', 0),
(736, 47, 'Guajira', 'GJR', 0),
(737, 47, 'Guaviare', 'GVR', 0),
(738, 47, 'Huila', 'HUI', 0),
(739, 47, 'Magdalena', 'MAG', 0),
(740, 47, 'Meta', 'MET', 0),
(741, 47, 'Narino', 'NAR', 0),
(742, 47, 'Norte de Santander', 'NDS', 0),
(743, 47, 'Putumayo', 'PUT', 0),
(744, 47, 'Quindio', 'QUI', 0),
(745, 47, 'Risaralda', 'RIS', 0),
(746, 47, 'San Andres y Providencia', 'SAP', 0),
(747, 47, 'Santander', 'SAN', 0),
(748, 47, 'Sucre', 'SUC', 0),
(749, 47, 'Tolima', 'TOL', 0),
(750, 47, 'Valle del Cauca', 'VDC', 0),
(751, 47, 'Vaupes', 'VAU', 0),
(752, 47, 'Vichada', 'VIC', 0),
(753, 48, 'Grande Comore', 'G', 0),
(754, 48, 'Anjouan', 'A', 0),
(755, 48, 'Moheli', 'M', 0),
(756, 49, 'Bouenza', 'BO', 0),
(757, 49, 'Brazzaville', 'BR', 0),
(758, 49, 'Cuvette', 'CU', 0),
(759, 49, 'Cuvette-Ouest', 'CO', 0),
(760, 49, 'Kouilou', 'KO', 0),
(761, 49, 'Lekoumou', 'LE', 0),
(762, 49, 'Likouala', 'LI', 0),
(763, 49, 'Niari', 'NI', 0),
(764, 49, 'Plateaux', 'PL', 0),
(765, 49, 'Pool', 'PO', 0),
(766, 49, 'Sangha', 'SA', 0),
(767, 50, 'Pukapuka', 'PU', 0),
(768, 50, 'Rakahanga', 'RK', 0),
(769, 50, 'Manihiki', 'MK', 0),
(770, 50, 'Penrhyn', 'PE', 0),
(771, 50, 'Nassau Island', 'NI', 0),
(772, 50, 'Surwarrow', 'SU', 0),
(773, 50, 'Palmerston', 'PA', 0),
(774, 50, 'Aitutaki', 'AI', 0),
(775, 50, 'Manuae', 'MA', 0),
(776, 50, 'Takutea', 'TA', 0),
(777, 50, 'Mitiaro', 'MT', 0),
(778, 50, 'Atiu', 'AT', 0),
(779, 50, 'Mauke', 'MU', 0),
(780, 50, 'Rarotonga', 'RR', 0),
(781, 50, 'Mangaia', 'MG', 0),
(782, 51, 'Alajuela', 'AL', 0),
(783, 51, 'Cartago', 'CA', 0),
(784, 51, 'Guanacaste', 'GU', 0),
(785, 51, 'Heredia', 'HE', 0),
(786, 51, 'Limon', 'LI', 0),
(787, 51, 'Puntarenas', 'PU', 0),
(788, 51, 'San Jose', 'SJ', 0),
(789, 52, 'Abengourou', 'ABE', 0),
(790, 52, 'Abidjan', 'ABI', 0),
(791, 52, 'Aboisso', 'ABO', 0),
(792, 52, 'Adiake', 'ADI', 0),
(793, 52, 'Adzope', 'ADZ', 0),
(794, 52, 'Agboville', 'AGB', 0),
(795, 52, 'Agnibilekrou', 'AGN', 0),
(796, 52, 'Alepe', 'ALE', 0),
(797, 52, 'Bocanda', 'BOC', 0),
(798, 52, 'Bangolo', 'BAN', 0),
(799, 52, 'Beoumi', 'BEO', 0),
(800, 52, 'Biankouma', 'BIA', 0),
(801, 52, 'Bondoukou', 'BDK', 0),
(802, 52, 'Bongouanou', 'BGN', 0),
(803, 52, 'Bouafle', 'BFL', 0),
(804, 52, 'Bouake', 'BKE', 0),
(805, 52, 'Bouna', 'BNA', 0),
(806, 52, 'Boundiali', 'BDL', 0),
(807, 52, 'Dabakala', 'DKL', 0),
(808, 52, 'Dabou', 'DBU', 0),
(809, 52, 'Daloa', 'DAL', 0),
(810, 52, 'Danane', 'DAN', 0),
(811, 52, 'Daoukro', 'DAO', 0),
(812, 52, 'Dimbokro', 'DIM', 0),
(813, 52, 'Divo', 'DIV', 0),
(814, 52, 'Duekoue', 'DUE', 0),
(815, 52, 'Ferkessedougou', 'FER', 0),
(816, 52, 'Gagnoa', 'GAG', 0),
(817, 52, 'Grand-Bassam', 'GBA', 0),
(818, 52, 'Grand-Lahou', 'GLA', 0),
(819, 52, 'Guiglo', 'GUI', 0),
(820, 52, 'Issia', 'ISS', 0),
(821, 52, 'Jacqueville', 'JAC', 0),
(822, 52, 'Katiola', 'KAT', 0),
(823, 52, 'Korhogo', 'KOR', 0),
(824, 52, 'Lakota', 'LAK', 0),
(825, 52, 'Man', 'MAN', 0),
(826, 52, 'Mankono', 'MKN', 0),
(827, 52, 'Mbahiakro', 'MBA', 0),
(828, 52, 'Odienne', 'ODI', 0),
(829, 52, 'Oume', 'OUM', 0),
(830, 52, 'Sakassou', 'SAK', 0),
(831, 52, 'San-Pedro', 'SPE', 0),
(832, 52, 'Sassandra', 'SAS', 0),
(833, 52, 'Seguela', 'SEG', 0),
(834, 52, 'Sinfra', 'SIN', 0),
(835, 52, 'Soubre', 'SOU', 0),
(836, 52, 'Tabou', 'TAB', 0),
(837, 52, 'Tanda', 'TAN', 0),
(838, 52, 'Tiebissou', 'TIE', 0),
(839, 52, 'Tingrela', 'TIN', 0),
(840, 52, 'Tiassale', 'TIA', 0),
(841, 52, 'Touba', 'TBA', 0),
(842, 52, 'Toulepleu', 'TLP', 0),
(843, 52, 'Toumodi', 'TMD', 0),
(844, 52, 'Vavoua', 'VAV', 0),
(845, 52, 'Yamoussoukro', 'YAM', 0),
(846, 52, 'Zuenoula', 'ZUE', 0),
(847, 53, 'Bjelovarsko-bilogorska', 'BB', 0),
(848, 53, 'Grad Zagreb', 'GZ', 0),
(849, 53, 'Dubrovačko-neretvanska', 'DN', 0),
(850, 53, 'Istarska', 'IS', 0),
(851, 53, 'Karlovačka', 'KA', 0),
(852, 53, 'Koprivničko-križevačka', 'KK', 0),
(853, 53, 'Krapinsko-zagorska', 'KZ', 0),
(854, 53, 'Ličko-senjska', 'LS', 0),
(855, 53, 'Međimurska', 'ME', 0),
(856, 53, 'Osječko-baranjska', 'OB', 0),
(857, 53, 'Požeško-slavonska', 'PS', 0),
(858, 53, 'Primorsko-goranska', 'PG', 0),
(859, 53, 'Šibensko-kninska', 'SK', 0),
(860, 53, 'Sisačko-moslavačka', 'SM', 0),
(861, 53, 'Brodsko-posavska', 'BP', 0),
(862, 53, 'Splitsko-dalmatinska', 'SD', 0),
(863, 53, 'Varaždinska', 'VA', 0),
(864, 53, 'Virovitičko-podravska', 'VP', 0),
(865, 53, 'Vukovarsko-srijemska', 'VS', 0),
(866, 53, 'Zadarska', 'ZA', 0),
(867, 53, 'Zagrebačka', 'ZG', 0),
(868, 54, 'Camaguey', 'CA', 0),
(869, 54, 'Ciego de Avila', 'CD', 0),
(870, 54, 'Cienfuegos', 'CI', 0),
(871, 54, 'Ciudad de La Habana', 'CH', 0),
(872, 54, 'Granma', 'GR', 0),
(873, 54, 'Guantanamo', 'GU', 0),
(874, 54, 'Holguin', 'HO', 0),
(875, 54, 'Isla de la Juventud', 'IJ', 0),
(876, 54, 'La Habana', 'LH', 0),
(877, 54, 'Las Tunas', 'LT', 0),
(878, 54, 'Matanzas', 'MA', 0),
(879, 54, 'Pinar del Rio', 'PR', 0),
(880, 54, 'Sancti Spiritus', 'SS', 0),
(881, 54, 'Santiago de Cuba', 'SC', 0),
(882, 54, 'Villa Clara', 'VC', 0),
(883, 55, 'Famagusta', 'F', 0),
(884, 55, 'Kyrenia', 'K', 0),
(885, 55, 'Larnaca', 'A', 0),
(886, 55, 'Limassol', 'I', 0),
(887, 55, 'Nicosia', 'N', 0),
(888, 55, 'Paphos', 'P', 0),
(889, 56, 'Ústecký', 'U', 0),
(890, 56, 'Jihočeský', 'C', 0),
(891, 56, 'Jihomoravský', 'B', 0),
(892, 56, 'Karlovarský', 'K', 0),
(893, 56, 'Královehradecký', 'H', 0),
(894, 56, 'Liberecký', 'L', 0),
(895, 56, 'Moravskoslezský', 'T', 0),
(896, 56, 'Olomoucký', 'M', 0),
(897, 56, 'Pardubický', 'E', 0),
(898, 56, 'Plzeňský', 'P', 0),
(899, 56, 'Praha', 'A', 0),
(900, 56, 'Středočeský', 'S', 0),
(901, 56, 'Vysočina', 'J', 0),
(902, 56, 'Zlínský', 'Z', 0),
(903, 57, 'Arhus', 'AR', 0),
(904, 57, 'Bornholm', 'BH', 0),
(905, 57, 'Copenhagen', 'CO', 0),
(906, 57, 'Faroe Islands', 'FO', 0),
(907, 57, 'Frederiksborg', 'FR', 0),
(908, 57, 'Fyn', 'FY', 0),
(909, 57, 'Kobenhavn', 'KO', 0),
(910, 57, 'Nordjylland', 'NO', 0),
(911, 57, 'Ribe', 'RI', 0),
(912, 57, 'Ringkobing', 'RK', 0),
(913, 57, 'Roskilde', 'RO', 0),
(914, 57, 'Sonderjylland', 'SO', 0),
(915, 57, 'Storstrom', 'ST', 0),
(916, 57, 'Vejle', 'VK', 0),
(917, 57, 'Vestj&aelig;lland', 'VJ', 0),
(918, 57, 'Viborg', 'VB', 0),
(919, 58, '\'Ali Sabih', 'S', 0),
(920, 58, 'Dikhil', 'K', 0),
(921, 58, 'Djibouti', 'J', 0),
(922, 58, 'Obock', 'O', 0),
(923, 58, 'Tadjoura', 'T', 0),
(924, 59, 'Saint Andrew Parish', 'AND', 0),
(925, 59, 'Saint David Parish', 'DAV', 0),
(926, 59, 'Saint George Parish', 'GEO', 0),
(927, 59, 'Saint John Parish', 'JOH', 0),
(928, 59, 'Saint Joseph Parish', 'JOS', 0),
(929, 59, 'Saint Luke Parish', 'LUK', 0),
(930, 59, 'Saint Mark Parish', 'MAR', 0),
(931, 59, 'Saint Patrick Parish', 'PAT', 0),
(932, 59, 'Saint Paul Parish', 'PAU', 0),
(933, 59, 'Saint Peter Parish', 'PET', 0),
(934, 60, 'Distrito Nacional', 'DN', 0),
(935, 60, 'Azua', 'AZ', 0),
(936, 60, 'Baoruco', 'BC', 0),
(937, 60, 'Barahona', 'BH', 0),
(938, 60, 'Dajabon', 'DJ', 0),
(939, 60, 'Duarte', 'DU', 0),
(940, 60, 'Elias Pina', 'EL', 0),
(941, 60, 'El Seybo', 'SY', 0),
(942, 60, 'Espaillat', 'ET', 0),
(943, 60, 'Hato Mayor', 'HM', 0),
(944, 60, 'Independencia', 'IN', 0),
(945, 60, 'La Altagracia', 'AL', 0),
(946, 60, 'La Romana', 'RO', 0),
(947, 60, 'La Vega', 'VE', 0),
(948, 60, 'Maria Trinidad Sanchez', 'MT', 0),
(949, 60, 'Monsenor Nouel', 'MN', 0),
(950, 60, 'Monte Cristi', 'MC', 0),
(951, 60, 'Monte Plata', 'MP', 0),
(952, 60, 'Pedernales', 'PD', 0),
(953, 60, 'Peravia (Bani)', 'PR', 0),
(954, 60, 'Puerto Plata', 'PP', 0),
(955, 60, 'Salcedo', 'SL', 0),
(956, 60, 'Samana', 'SM', 0),
(957, 60, 'Sanchez Ramirez', 'SH', 0),
(958, 60, 'San Cristobal', 'SC', 0),
(959, 60, 'San Jose de Ocoa', 'JO', 0),
(960, 60, 'San Juan', 'SJ', 0),
(961, 60, 'San Pedro de Macoris', 'PM', 0),
(962, 60, 'Santiago', 'SA', 0),
(963, 60, 'Santiago Rodriguez', 'ST', 0),
(964, 60, 'Santo Domingo', 'SD', 0),
(965, 60, 'Valverde', 'VA', 0),
(966, 61, 'Aileu', 'AL', 0),
(967, 61, 'Ainaro', 'AN', 0),
(968, 61, 'Baucau', 'BA', 0),
(969, 61, 'Bobonaro', 'BO', 0),
(970, 61, 'Cova Lima', 'CO', 0),
(971, 61, 'Dili', 'DI', 0),
(972, 61, 'Ermera', 'ER', 0),
(973, 61, 'Lautem', 'LA', 0),
(974, 61, 'Liquica', 'LI', 0),
(975, 61, 'Manatuto', 'MT', 0),
(976, 61, 'Manufahi', 'MF', 0),
(977, 61, 'Oecussi', 'OE', 0),
(978, 61, 'Viqueque', 'VI', 0),
(979, 62, 'Azuay', 'AZU', 0),
(980, 62, 'Bolivar', 'BOL', 0),
(981, 62, 'Ca&ntilde;ar', 'CAN', 0),
(982, 62, 'Carchi', 'CAR', 0),
(983, 62, 'Chimborazo', 'CHI', 0),
(984, 62, 'Cotopaxi', 'COT', 0),
(985, 62, 'El Oro', 'EOR', 0),
(986, 62, 'Esmeraldas', 'ESM', 0),
(987, 62, 'Gal&aacute;pagos', 'GPS', 0),
(988, 62, 'Guayas', 'GUA', 0),
(989, 62, 'Imbabura', 'IMB', 0),
(990, 62, 'Loja', 'LOJ', 0),
(991, 62, 'Los Rios', 'LRO', 0),
(992, 62, 'Manab&iacute;', 'MAN', 0),
(993, 62, 'Morona Santiago', 'MSA', 0),
(994, 62, 'Napo', 'NAP', 0),
(995, 62, 'Orellana', 'ORE', 0),
(996, 62, 'Pastaza', 'PAS', 0),
(997, 62, 'Pichincha', 'PIC', 0),
(998, 62, 'Sucumb&iacute;os', 'SUC', 0),
(999, 62, 'Tungurahua', 'TUN', 0),
(1000, 62, 'Zamora Chinchipe', 'ZCH', 0),
(1001, 63, 'Ad Daqahliyah', 'DHY', 0),
(1002, 63, 'Al Bahr al Ahmar', 'BAM', 0),
(1003, 63, 'Al Buhayrah', 'BHY', 0),
(1004, 63, 'Al Fayyum', 'FYM', 0),
(1005, 63, 'Al Gharbiyah', 'GBY', 0),
(1006, 63, 'Al Iskandariyah', 'IDR', 0),
(1007, 63, 'Al Isma\'iliyah', 'IML', 0),
(1008, 63, 'Al Jizah', 'JZH', 0),
(1009, 63, 'Al Minufiyah', 'MFY', 0),
(1010, 63, 'Al Minya', 'MNY', 0),
(1011, 63, 'Al Qahirah', 'QHR', 0),
(1012, 63, 'Al Qalyubiyah', 'QLY', 0),
(1013, 63, 'Al Wadi al Jadid', 'WJD', 0),
(1014, 63, 'Ash Sharqiyah', 'SHQ', 0),
(1015, 63, 'As Suways', 'SWY', 0),
(1016, 63, 'Aswan', 'ASW', 0),
(1017, 63, 'Asyut', 'ASY', 0),
(1018, 63, 'Bani Suwayf', 'BSW', 0),
(1019, 63, 'Bur Sa\'id', 'BSD', 0),
(1020, 63, 'Dumyat', 'DMY', 0),
(1021, 63, 'Janub Sina\'', 'JNS', 0),
(1022, 63, 'Kafr ash Shaykh', 'KSH', 0),
(1023, 63, 'Matruh', 'MAT', 0),
(1024, 63, 'Qina', 'QIN', 0),
(1025, 63, 'Shamal Sina\'', 'SHS', 0),
(1026, 63, 'Suhaj', 'SUH', 0),
(1027, 64, 'Ahuachapan', 'AH', 0),
(1028, 64, 'Cabanas', 'CA', 0),
(1029, 64, 'Chalatenango', 'CH', 0),
(1030, 64, 'Cuscatlan', 'CU', 0),
(1031, 64, 'La Libertad', 'LB', 0),
(1032, 64, 'La Paz', 'PZ', 0),
(1033, 64, 'La Union', 'UN', 0),
(1034, 64, 'Morazan', 'MO', 0),
(1035, 64, 'San Miguel', 'SM', 0),
(1036, 64, 'San Salvador', 'SS', 0),
(1037, 64, 'San Vicente', 'SV', 0),
(1038, 64, 'Santa Ana', 'SA', 0),
(1039, 64, 'Sonsonate', 'SO', 0),
(1040, 64, 'Usulutan', 'US', 0),
(1041, 65, 'Provincia Annobon', 'AN', 0),
(1042, 65, 'Provincia Bioko Norte', 'BN', 0),
(1043, 65, 'Provincia Bioko Sur', 'BS', 0),
(1044, 65, 'Provincia Centro Sur', 'CS', 0),
(1045, 65, 'Provincia Kie-Ntem', 'KN', 0),
(1046, 65, 'Provincia Litoral', 'LI', 0),
(1047, 65, 'Provincia Wele-Nzas', 'WN', 0),
(1048, 66, 'Central (Maekel)', 'MA', 0),
(1049, 66, 'Anseba (Keren)', 'KE', 0),
(1050, 66, 'Southern Red Sea (Debub-Keih-Bahri)', 'DK', 0),
(1051, 66, 'Northern Red Sea (Semien-Keih-Bahri)', 'SK', 0),
(1052, 66, 'Southern (Debub)', 'DE', 0),
(1053, 66, 'Gash-Barka (Barentu)', 'BR', 0),
(1054, 67, 'Harjumaa (Tallinn)', 'HA', 0),
(1055, 67, 'Hiiumaa (Kardla)', 'HI', 0),
(1056, 67, 'Ida-Virumaa (Johvi)', 'IV', 0),
(1057, 67, 'Jarvamaa (Paide)', 'JA', 0),
(1058, 67, 'Jogevamaa (Jogeva)', 'JO', 0),
(1059, 67, 'Laane-Virumaa (Rakvere)', 'LV', 0),
(1060, 67, 'Laanemaa (Haapsalu)', 'LA', 0),
(1061, 67, 'Parnumaa (Parnu)', 'PA', 0),
(1062, 67, 'Polvamaa (Polva)', 'PO', 0),
(1063, 67, 'Raplamaa (Rapla)', 'RA', 0),
(1064, 67, 'Saaremaa (Kuessaare)', 'SA', 0),
(1065, 67, 'Tartumaa (Tartu)', 'TA', 0),
(1066, 67, 'Valgamaa (Valga)', 'VA', 0),
(1067, 67, 'Viljandimaa (Viljandi)', 'VI', 0),
(1068, 67, 'Vorumaa (Voru)', 'VO', 0),
(1069, 68, 'Afar', 'AF', 0),
(1070, 68, 'Amhara', 'AH', 0),
(1071, 68, 'Benishangul-Gumaz', 'BG', 0),
(1072, 68, 'Gambela', 'GB', 0),
(1073, 68, 'Hariai', 'HR', 0),
(1074, 68, 'Oromia', 'OR', 0),
(1075, 68, 'Somali', 'SM', 0),
(1076, 68, 'Southern Nations - Nationalities and Peoples Region', 'SN', 0),
(1077, 68, 'Tigray', 'TG', 0),
(1078, 68, 'Addis Ababa', 'AA', 0),
(1079, 68, 'Dire Dawa', 'DD', 0),
(1080, 71, 'Central Division', 'C', 0),
(1081, 71, 'Northern Division', 'N', 0),
(1082, 71, 'Eastern Division', 'E', 0),
(1083, 71, 'Western Division', 'W', 0),
(1084, 71, 'Rotuma', 'R', 0),
(1085, 72, 'Ahvenanmaan lääni', 'AL', 0),
(1086, 72, 'Etelä-Suomen lääni', 'ES', 0),
(1087, 72, 'Itä-Suomen lääni', 'IS', 0),
(1088, 72, 'Länsi-Suomen lääni', 'LS', 0),
(1089, 72, 'Lapin lääni', 'LA', 0),
(1090, 72, 'Oulun lääni', 'OU', 0),
(1114, 74, 'Ain', '01', 0),
(1115, 74, 'Aisne', '02', 0),
(1116, 74, 'Allier', '03', 0),
(1117, 74, 'Alpes de Haute Provence', '04', 0),
(1118, 74, 'Hautes-Alpes', '05', 0),
(1119, 74, 'Alpes Maritimes', '06', 0),
(1120, 74, 'Ard&egrave;che', '07', 0),
(1121, 74, 'Ardennes', '08', 0),
(1122, 74, 'Ari&egrave;ge', '09', 0),
(1123, 74, 'Aube', '10', 0),
(1124, 74, 'Aude', '11', 0),
(1125, 74, 'Aveyron', '12', 0),
(1126, 74, 'Bouches du Rh&ocirc;ne', '13', 0),
(1127, 74, 'Calvados', '14', 0),
(1128, 74, 'Cantal', '15', 0),
(1129, 74, 'Charente', '16', 0),
(1130, 74, 'Charente Maritime', '17', 0),
(1131, 74, 'Cher', '18', 0),
(1132, 74, 'Corr&egrave;ze', '19', 0),
(1133, 74, 'Corse du Sud', '2A', 0),
(1134, 74, 'Haute Corse', '2B', 0),
(1135, 74, 'C&ocirc;te d&#039;or', '21', 0),
(1136, 74, 'C&ocirc;tes d&#039;Armor', '22', 0),
(1137, 74, 'Creuse', '23', 0),
(1138, 74, 'Dordogne', '24', 0),
(1139, 74, 'Doubs', '25', 0),
(1140, 74, 'Dr&ocirc;me', '26', 0),
(1141, 74, 'Eure', '27', 0),
(1142, 74, 'Eure et Loir', '28', 0),
(1143, 74, 'Finist&egrave;re', '29', 0),
(1144, 74, 'Gard', '30', 0),
(1145, 74, 'Haute Garonne', '31', 0),
(1146, 74, 'Gers', '32', 0),
(1147, 74, 'Gironde', '33', 0),
(1148, 74, 'H&eacute;rault', '34', 0),
(1149, 74, 'Ille et Vilaine', '35', 0),
(1150, 74, 'Indre', '36', 0),
(1151, 74, 'Indre et Loire', '37', 0),
(1152, 74, 'Is&eacute;re', '38', 0),
(1153, 74, 'Jura', '39', 0),
(1154, 74, 'Landes', '40', 0),
(1155, 74, 'Loir et Cher', '41', 0),
(1156, 74, 'Loire', '42', 0),
(1157, 74, 'Haute Loire', '43', 0),
(1158, 74, 'Loire Atlantique', '44', 0),
(1159, 74, 'Loiret', '45', 0),
(1160, 74, 'Lot', '46', 0),
(1161, 74, 'Lot et Garonne', '47', 0),
(1162, 74, 'Loz&egrave;re', '48', 0),
(1163, 74, 'Maine et Loire', '49', 0),
(1164, 74, 'Manche', '50', 0),
(1165, 74, 'Marne', '51', 0),
(1166, 74, 'Haute Marne', '52', 0),
(1167, 74, 'Mayenne', '53', 0),
(1168, 74, 'Meurthe et Moselle', '54', 0),
(1169, 74, 'Meuse', '55', 0),
(1170, 74, 'Morbihan', '56', 0),
(1171, 74, 'Moselle', '57', 0),
(1172, 74, 'Ni&egrave;vre', '58', 0),
(1173, 74, 'Nord', '59', 0),
(1174, 74, 'Oise', '60', 0),
(1175, 74, 'Orne', '61', 0),
(1176, 74, 'Pas de Calais', '62', 0),
(1177, 74, 'Puy de D&ocirc;me', '63', 0),
(1178, 74, 'Pyr&eacute;n&eacute;es Atlantiques', '64', 0),
(1179, 74, 'Hautes Pyr&eacute;n&eacute;es', '65', 0),
(1180, 74, 'Pyr&eacute;n&eacute;es Orientales', '66', 0),
(1181, 74, 'Bas Rhin', '67', 0),
(1182, 74, 'Haut Rhin', '68', 0),
(1183, 74, 'Rh&ocirc;ne', '69', 0),
(1184, 74, 'Haute Sa&ocirc;ne', '70', 0),
(1185, 74, 'Sa&ocirc;ne et Loire', '71', 0),
(1186, 74, 'Sarthe', '72', 0),
(1187, 74, 'Savoie', '73', 0),
(1188, 74, 'Haute Savoie', '74', 0),
(1189, 74, 'Paris', '75', 0),
(1190, 74, 'Seine Maritime', '76', 0),
(1191, 74, 'Seine et Marne', '77', 0),
(1192, 74, 'Yvelines', '78', 0),
(1193, 74, 'Deux S&egrave;vres', '79', 0),
(1194, 74, 'Somme', '80', 0),
(1195, 74, 'Tarn', '81', 0),
(1196, 74, 'Tarn et Garonne', '82', 0),
(1197, 74, 'Var', '83', 0),
(1198, 74, 'Vaucluse', '84', 0),
(1199, 74, 'Vend&eacute;e', '85', 0),
(1200, 74, 'Vienne', '86', 0),
(1201, 74, 'Haute Vienne', '87', 0),
(1202, 74, 'Vosges', '88', 0),
(1203, 74, 'Yonne', '89', 0),
(1204, 74, 'Territoire de Belfort', '90', 0),
(1205, 74, 'Essonne', '91', 0),
(1206, 74, 'Hauts de Seine', '92', 0),
(1207, 74, 'Seine St-Denis', '93', 0),
(1208, 74, 'Val de Marne', '94', 0),
(1209, 74, 'Val d\'Oise', '95', 0),
(1210, 76, 'Archipel des Marquises', 'M', 0),
(1211, 76, 'Archipel des Tuamotu', 'T', 0),
(1212, 76, 'Archipel des Tubuai', 'I', 0),
(1213, 76, 'Iles du Vent', 'V', 0),
(1214, 76, 'Iles Sous-le-Vent', 'S', 0),
(1215, 77, 'Iles Crozet', 'C', 0),
(1216, 77, 'Iles Kerguelen', 'K', 0),
(1217, 77, 'Ile Amsterdam', 'A', 0),
(1218, 77, 'Ile Saint-Paul', 'P', 0),
(1219, 77, 'Adelie Land', 'D', 0),
(1220, 78, 'Estuaire', 'ES', 0),
(1221, 78, 'Haut-Ogooue', 'HO', 0),
(1222, 78, 'Moyen-Ogooue', 'MO', 0),
(1223, 78, 'Ngounie', 'NG', 0),
(1224, 78, 'Nyanga', 'NY', 0),
(1225, 78, 'Ogooue-Ivindo', 'OI', 0),
(1226, 78, 'Ogooue-Lolo', 'OL', 0),
(1227, 78, 'Ogooue-Maritime', 'OM', 0),
(1228, 78, 'Woleu-Ntem', 'WN', 0),
(1229, 79, 'Banjul', 'BJ', 0),
(1230, 79, 'Basse', 'BS', 0),
(1231, 79, 'Brikama', 'BR', 0),
(1232, 79, 'Janjangbure', 'JA', 0),
(1233, 79, 'Kanifeng', 'KA', 0),
(1234, 79, 'Kerewan', 'KE', 0),
(1235, 79, 'Kuntaur', 'KU', 0),
(1236, 79, 'Mansakonko', 'MA', 0),
(1237, 79, 'Lower River', 'LR', 0),
(1238, 79, 'Central River', 'CR', 0),
(1239, 79, 'North Bank', 'NB', 0),
(1240, 79, 'Upper River', 'UR', 0),
(1241, 79, 'Western', 'WE', 0),
(1242, 80, 'Abkhazia', 'AB', 0),
(1243, 80, 'Ajaria', 'AJ', 0),
(1244, 80, 'Tbilisi', 'TB', 0),
(1245, 80, 'Guria', 'GU', 0),
(1246, 80, 'Imereti', 'IM', 0),
(1247, 80, 'Kakheti', 'KA', 0),
(1248, 80, 'Kvemo Kartli', 'KK', 0),
(1249, 80, 'Mtskheta-Mtianeti', 'MM', 0),
(1250, 80, 'Racha Lechkhumi and Kvemo Svanet', 'RL', 0),
(1251, 80, 'Samegrelo-Zemo Svaneti', 'SZ', 0),
(1252, 80, 'Samtskhe-Javakheti', 'SJ', 0),
(1253, 80, 'Shida Kartli', 'SK', 0),
(1254, 81, 'Baden-W&uuml;rttemberg', 'BAW', 0),
(1255, 81, 'Bayern', 'BAY', 0),
(1256, 81, 'Berlin', 'BER', 0),
(1257, 81, 'Brandenburg', 'BRG', 0),
(1258, 81, 'Bremen', 'BRE', 0),
(1259, 81, 'Hamburg', 'HAM', 0),
(1260, 81, 'Hessen', 'HES', 0),
(1261, 81, 'Mecklenburg-Vorpommern', 'MEC', 0),
(1262, 81, 'Niedersachsen', 'NDS', 0),
(1263, 81, 'Nordrhein-Westfalen', 'NRW', 0),
(1264, 81, 'Rheinland-Pfalz', 'RHE', 0),
(1265, 81, 'Saarland', 'SAR', 0),
(1266, 81, 'Sachsen', 'SAS', 0),
(1267, 81, 'Sachsen-Anhalt', 'SAC', 0),
(1268, 81, 'Schleswig-Holstein', 'SCN', 0),
(1269, 81, 'Th&uuml;ringen', 'THE', 0),
(1270, 82, 'Ashanti Region', 'AS', 0),
(1271, 82, 'Brong-Ahafo Region', 'BA', 0),
(1272, 82, 'Central Region', 'CE', 0),
(1273, 82, 'Eastern Region', 'EA', 0),
(1274, 82, 'Greater Accra Region', 'GA', 0),
(1275, 82, 'Northern Region', 'NO', 0),
(1276, 82, 'Upper East Region', 'UE', 0),
(1277, 82, 'Upper West Region', 'UW', 0),
(1278, 82, 'Volta Region', 'VO', 0),
(1279, 82, 'Western Region', 'WE', 0),
(1280, 84, 'Attica', 'AT', 0),
(1281, 84, 'Central Greece', 'CN', 0),
(1282, 84, 'Central Macedonia', 'CM', 0),
(1283, 84, 'Crete', 'CR', 0),
(1284, 84, 'East Macedonia and Thrace', 'EM', 0),
(1285, 84, 'Epirus', 'EP', 0),
(1286, 84, 'Ionian Islands', 'II', 0),
(1287, 84, 'North Aegean', 'NA', 0),
(1288, 84, 'Peloponnesos', 'PP', 0),
(1289, 84, 'South Aegean', 'SA', 0),
(1290, 84, 'Thessaly', 'TH', 0),
(1291, 84, 'West Greece', 'WG', 0),
(1292, 84, 'West Macedonia', 'WM', 0),
(1293, 85, 'Avannaa', 'A', 0),
(1294, 85, 'Tunu', 'T', 0),
(1295, 85, 'Kitaa', 'K', 0),
(1296, 86, 'Saint Andrew', 'A', 0),
(1297, 86, 'Saint David', 'D', 0),
(1298, 86, 'Saint George', 'G', 0),
(1299, 86, 'Saint John', 'J', 0),
(1300, 86, 'Saint Mark', 'M', 0),
(1301, 86, 'Saint Patrick', 'P', 0),
(1302, 86, 'Carriacou', 'C', 0),
(1303, 86, 'Petit Martinique', 'Q', 0),
(1304, 89, 'Alta Verapaz', 'AV', 0),
(1305, 89, 'Baja Verapaz', 'BV', 0),
(1306, 89, 'Chimaltenango', 'CM', 0),
(1307, 89, 'Chiquimula', 'CQ', 0),
(1308, 89, 'El Peten', 'PE', 0),
(1309, 89, 'El Progreso', 'PR', 0),
(1310, 89, 'El Quiche', 'QC', 0),
(1311, 89, 'Escuintla', 'ES', 0),
(1312, 89, 'Guatemala', 'GU', 0),
(1313, 89, 'Huehuetenango', 'HU', 0),
(1314, 89, 'Izabal', 'IZ', 0),
(1315, 89, 'Jalapa', 'JA', 0),
(1316, 89, 'Jutiapa', 'JU', 0),
(1317, 89, 'Quetzaltenango', 'QZ', 0),
(1318, 89, 'Retalhuleu', 'RE', 0),
(1319, 89, 'Sacatepequez', 'ST', 0),
(1320, 89, 'San Marcos', 'SM', 0),
(1321, 89, 'Santa Rosa', 'SR', 0),
(1322, 89, 'Solola', 'SO', 0),
(1323, 89, 'Suchitepequez', 'SU', 0),
(1324, 89, 'Totonicapan', 'TO', 0),
(1325, 89, 'Zacapa', 'ZA', 0),
(1326, 90, 'Conakry', 'CNK', 0),
(1327, 90, 'Beyla', 'BYL', 0),
(1328, 90, 'Boffa', 'BFA', 0),
(1329, 90, 'Boke', 'BOK', 0),
(1330, 90, 'Coyah', 'COY', 0),
(1331, 90, 'Dabola', 'DBL', 0),
(1332, 90, 'Dalaba', 'DLB', 0),
(1333, 90, 'Dinguiraye', 'DGR', 0),
(1334, 90, 'Dubreka', 'DBR', 0),
(1335, 90, 'Faranah', 'FRN', 0),
(1336, 90, 'Forecariah', 'FRC', 0),
(1337, 90, 'Fria', 'FRI', 0),
(1338, 90, 'Gaoual', 'GAO', 0),
(1339, 90, 'Gueckedou', 'GCD', 0),
(1340, 90, 'Kankan', 'KNK', 0),
(1341, 90, 'Kerouane', 'KRN', 0),
(1342, 90, 'Kindia', 'KND', 0),
(1343, 90, 'Kissidougou', 'KSD', 0),
(1344, 90, 'Koubia', 'KBA', 0),
(1345, 90, 'Koundara', 'KDA', 0),
(1346, 90, 'Kouroussa', 'KRA', 0),
(1347, 90, 'Labe', 'LAB', 0),
(1348, 90, 'Lelouma', 'LLM', 0),
(1349, 90, 'Lola', 'LOL', 0),
(1350, 90, 'Macenta', 'MCT', 0),
(1351, 90, 'Mali', 'MAL', 0),
(1352, 90, 'Mamou', 'MAM', 0),
(1353, 90, 'Mandiana', 'MAN', 0),
(1354, 90, 'Nzerekore', 'NZR', 0),
(1355, 90, 'Pita', 'PIT', 0),
(1356, 90, 'Siguiri', 'SIG', 0),
(1357, 90, 'Telimele', 'TLM', 0),
(1358, 90, 'Tougue', 'TOG', 0),
(1359, 90, 'Yomou', 'YOM', 0),
(1360, 91, 'Bafata Region', 'BF', 0),
(1361, 91, 'Biombo Region', 'BB', 0),
(1362, 91, 'Bissau Region', 'BS', 0),
(1363, 91, 'Bolama Region', 'BL', 0),
(1364, 91, 'Cacheu Region', 'CA', 0),
(1365, 91, 'Gabu Region', 'GA', 0),
(1366, 91, 'Oio Region', 'OI', 0),
(1367, 91, 'Quinara Region', 'QU', 0),
(1368, 91, 'Tombali Region', 'TO', 0),
(1369, 92, 'Barima-Waini', 'BW', 0),
(1370, 92, 'Cuyuni-Mazaruni', 'CM', 0),
(1371, 92, 'Demerara-Mahaica', 'DM', 0),
(1372, 92, 'East Berbice-Corentyne', 'EC', 0),
(1373, 92, 'Essequibo Islands-West Demerara', 'EW', 0),
(1374, 92, 'Mahaica-Berbice', 'MB', 0),
(1375, 92, 'Pomeroon-Supenaam', 'PM', 0),
(1376, 92, 'Potaro-Siparuni', 'PI', 0),
(1377, 92, 'Upper Demerara-Berbice', 'UD', 0),
(1378, 92, 'Upper Takutu-Upper Essequibo', 'UT', 0),
(1379, 93, 'Artibonite', 'AR', 0),
(1380, 93, 'Centre', 'CE', 0),
(1381, 93, 'Grand\'Anse', 'GA', 0),
(1382, 93, 'Nord', 'ND', 0),
(1383, 93, 'Nord-Est', 'NE', 0),
(1384, 93, 'Nord-Ouest', 'NO', 0),
(1385, 93, 'Ouest', 'OU', 0),
(1386, 93, 'Sud', 'SD', 0),
(1387, 93, 'Sud-Est', 'SE', 0),
(1388, 94, 'Flat Island', 'F', 0),
(1389, 94, 'McDonald Island', 'M', 0),
(1390, 94, 'Shag Island', 'S', 0),
(1391, 94, 'Heard Island', 'H', 0),
(1392, 95, 'Atlantida', 'AT', 0),
(1393, 95, 'Choluteca', 'CH', 0),
(1394, 95, 'Colon', 'CL', 0),
(1395, 95, 'Comayagua', 'CM', 0),
(1396, 95, 'Copan', 'CP', 0),
(1397, 95, 'Cortes', 'CR', 0),
(1398, 95, 'El Paraiso', 'PA', 0),
(1399, 95, 'Francisco Morazan', 'FM', 0),
(1400, 95, 'Gracias a Dios', 'GD', 0),
(1401, 95, 'Intibuca', 'IN', 0),
(1402, 95, 'Islas de la Bahia (Bay Islands)', 'IB', 0),
(1403, 95, 'La Paz', 'PZ', 0),
(1404, 95, 'Lempira', 'LE', 0),
(1405, 95, 'Ocotepeque', 'OC', 0),
(1406, 95, 'Olancho', 'OL', 0),
(1407, 95, 'Santa Barbara', 'SB', 0),
(1408, 95, 'Valle', 'VA', 0),
(1409, 95, 'Yoro', 'YO', 0),
(1410, 96, 'Central and Western Hong Kong Island', 'HCW', 0),
(1411, 96, 'Eastern Hong Kong Island', 'HEA', 0),
(1412, 96, 'Southern Hong Kong Island', 'HSO', 0),
(1413, 96, 'Wan Chai Hong Kong Island', 'HWC', 0),
(1414, 96, 'Kowloon City Kowloon', 'KKC', 0),
(1415, 96, 'Kwun Tong Kowloon', 'KKT', 0),
(1416, 96, 'Sham Shui Po Kowloon', 'KSS', 0),
(1417, 96, 'Wong Tai Sin Kowloon', 'KWT', 0),
(1418, 96, 'Yau Tsim Mong Kowloon', 'KYT', 0),
(1419, 96, 'Islands New Territories', 'NIS', 0),
(1420, 96, 'Kwai Tsing New Territories', 'NKT', 0),
(1421, 96, 'North New Territories', 'NNO', 0),
(1422, 96, 'Sai Kung New Territories', 'NSK', 0),
(1423, 96, 'Sha Tin New Territories', 'NST', 0),
(1424, 96, 'Tai Po New Territories', 'NTP', 0),
(1425, 96, 'Tsuen Wan New Territories', 'NTW', 0),
(1426, 96, 'Tuen Mun New Territories', 'NTM', 0),
(1427, 96, 'Yuen Long New Territories', 'NYL', 0),
(1467, 98, 'Austurland', 'AL', 0),
(1468, 98, 'Hofuoborgarsvaeoi', 'HF', 0),
(1469, 98, 'Norourland eystra', 'NE', 0),
(1470, 98, 'Norourland vestra', 'NV', 0),
(1471, 98, 'Suourland', 'SL', 0),
(1472, 98, 'Suournes', 'SN', 0),
(1473, 98, 'Vestfiroir', 'VF', 0),
(1474, 98, 'Vesturland', 'VL', 0),
(1475, 99, 'Andaman and Nicobar Islands', 'AN', 0),
(1476, 99, 'Andhra Pradesh', 'AP', 0),
(1477, 99, 'Arunachal Pradesh', 'AR', 0),
(1478, 99, 'Assam', 'AS', 0),
(1479, 99, 'Bihar', 'BI', 0),
(1480, 99, 'Chandigarh', 'CH', 0),
(1481, 99, 'Dadra and Nagar Haveli', 'DA', 0),
(1482, 99, 'Daman and Diu', 'DM', 0),
(1483, 99, 'Delhi', 'DE', 0),
(1484, 99, 'Goa', 'GO', 0),
(1485, 99, 'Gujarat', 'GU', 0),
(1486, 99, 'Haryana', 'HA', 0),
(1487, 99, 'Himachal Pradesh', 'HP', 0),
(1488, 99, 'Jammu and Kashmir', 'JA', 0),
(1489, 99, 'Karnataka', 'KA', 0),
(1490, 99, 'Kerala', 'KE', 0),
(1491, 99, 'Lakshadweep Islands', 'LI', 0),
(1492, 99, 'Madhya Pradesh', 'MP', 0),
(1493, 99, 'Maharashtra', 'MA', 0),
(1494, 99, 'Manipur', 'MN', 0),
(1495, 99, 'Meghalaya', 'ME', 0),
(1496, 99, 'Mizoram', 'MI', 0),
(1497, 99, 'Nagaland', 'NA', 0),
(1498, 99, 'Orissa', 'OR', 0),
(1499, 99, 'Pondicherry', 'PO', 0),
(1500, 99, 'Punjab', 'PU', 0),
(1501, 99, 'Rajasthan', 'RA', 0),
(1502, 99, 'Sikkim', 'SI', 0),
(1503, 99, 'Tamil Nadu', 'TN', 0),
(1504, 99, 'Tripura', 'TR', 0),
(1505, 99, 'Uttar Pradesh', 'UP', 0),
(1506, 99, 'West Bengal', 'WB', 0),
(1507, 100, 'Aceh', 'AC', 0),
(1508, 100, 'Bali', 'BA', 0),
(1509, 100, 'Banten', 'BT', 0),
(1510, 100, 'Bengkulu', 'BE', 0),
(1511, 100, 'BoDeTaBek', 'BD', 0),
(1512, 100, 'Gorontalo', 'GO', 0),
(1513, 100, 'Jakarta Raya', 'JK', 0),
(1514, 100, 'Jambi', 'JA', 0),
(1515, 100, 'Jawa Barat', 'JB', 0),
(1516, 100, 'Jawa Tengah', 'JT', 0),
(1517, 100, 'Jawa Timur', 'JI', 0),
(1518, 100, 'Kalimantan Barat', 'KB', 0),
(1519, 100, 'Kalimantan Selatan', 'KS', 0),
(1520, 100, 'Kalimantan Tengah', 'KT', 0),
(1521, 100, 'Kalimantan Timur', 'KI', 0),
(1522, 100, 'Kepulauan Bangka Belitung', 'BB', 0),
(1523, 100, 'Lampung', 'LA', 0),
(1524, 100, 'Maluku', 'MA', 0),
(1525, 100, 'Maluku Utara', 'MU', 0),
(1526, 100, 'Nusa Tenggara Barat', 'NB', 0),
(1527, 100, 'Nusa Tenggara Timur', 'NT', 0),
(1528, 100, 'Papua', 'PA', 0),
(1529, 100, 'Riau', 'RI', 0),
(1530, 100, 'Sulawesi Selatan', 'SN', 0),
(1531, 100, 'Sulawesi Tengah', 'ST', 0),
(1532, 100, 'Sulawesi Tenggara', 'SG', 0),
(1533, 100, 'Sulawesi Utara', 'SA', 0),
(1534, 100, 'Sumatera Barat', 'SB', 0),
(1535, 100, 'Sumatera Selatan', 'SS', 0),
(1536, 100, 'Sumatera Utara', 'SU', 0),
(1537, 100, 'Yogyakarta', 'YO', 0),
(1538, 101, 'Tehran', 'TEH', 0),
(1539, 101, 'Qom', 'QOM', 0),
(1540, 101, 'Markazi', 'MKZ', 0),
(1541, 101, 'Qazvin', 'QAZ', 0),
(1542, 101, 'Gilan', 'GIL', 0),
(1543, 101, 'Ardabil', 'ARD', 0),
(1544, 101, 'Zanjan', 'ZAN', 0),
(1545, 101, 'East Azarbaijan', 'EAZ', 0),
(1546, 101, 'West Azarbaijan', 'WEZ', 0),
(1547, 101, 'Kurdistan', 'KRD', 0),
(1548, 101, 'Hamadan', 'HMD', 0),
(1549, 101, 'Kermanshah', 'KRM', 0),
(1550, 101, 'Ilam', 'ILM', 0),
(1551, 101, 'Lorestan', 'LRS', 0),
(1552, 101, 'Khuzestan', 'KZT', 0),
(1553, 101, 'Chahar Mahaal and Bakhtiari', 'CMB', 0),
(1554, 101, 'Kohkiluyeh and Buyer Ahmad', 'KBA', 0),
(1555, 101, 'Bushehr', 'BSH', 0),
(1556, 101, 'Fars', 'FAR', 0),
(1557, 101, 'Hormozgan', 'HRM', 0),
(1558, 101, 'Sistan and Baluchistan', 'SBL', 0),
(1559, 101, 'Kerman', 'KRB', 0),
(1560, 101, 'Yazd', 'YZD', 0),
(1561, 101, 'Esfahan', 'EFH', 0),
(1562, 101, 'Semnan', 'SMN', 0),
(1563, 101, 'Mazandaran', 'MZD', 0),
(1564, 101, 'Golestan', 'GLS', 0),
(1565, 101, 'North Khorasan', 'NKH', 0),
(1566, 101, 'Razavi Khorasan', 'RKH', 0),
(1567, 101, 'South Khorasan', 'SKH', 0),
(1568, 102, 'Baghdad', 'BD', 0),
(1569, 102, 'Salah ad Din', 'SD', 0),
(1570, 102, 'Diyala', 'DY', 0),
(1571, 102, 'Wasit', 'WS', 0),
(1572, 102, 'Maysan', 'MY', 0),
(1573, 102, 'Al Basrah', 'BA', 0),
(1574, 102, 'Dhi Qar', 'DQ', 0),
(1575, 102, 'Al Muthanna', 'MU', 0),
(1576, 102, 'Al Qadisyah', 'QA', 0),
(1577, 102, 'Babil', 'BB', 0),
(1578, 102, 'Al Karbala', 'KB', 0),
(1579, 102, 'An Najaf', 'NJ', 0),
(1580, 102, 'Al Anbar', 'AB', 0),
(1581, 102, 'Ninawa', 'NN', 0),
(1582, 102, 'Dahuk', 'DH', 0),
(1583, 102, 'Arbil', 'AL', 0),
(1584, 102, 'At Ta\'mim', 'TM', 0),
(1585, 102, 'As Sulaymaniyah', 'SL', 0),
(1586, 103, 'Carlow', 'CA', 0),
(1587, 103, 'Cavan', 'CV', 0),
(1588, 103, 'Clare', 'CL', 0),
(1589, 103, 'Cork', 'CO', 0),
(1590, 103, 'Donegal', 'DO', 0),
(1591, 103, 'Dublin', 'DU', 0),
(1592, 103, 'Galway', 'GA', 0),
(1593, 103, 'Kerry', 'KE', 0),
(1594, 103, 'Kildare', 'KI', 0),
(1595, 103, 'Kilkenny', 'KL', 0),
(1596, 103, 'Laois', 'LA', 0);
INSERT INTO `oc_zone` (`zone_id`, `country_id`, `name`, `code`, `status`) VALUES
(1597, 103, 'Leitrim', 'LE', 0),
(1598, 103, 'Limerick', 'LI', 0),
(1599, 103, 'Longford', 'LO', 0),
(1600, 103, 'Louth', 'LU', 0),
(1601, 103, 'Mayo', 'MA', 0),
(1602, 103, 'Meath', 'ME', 0),
(1603, 103, 'Monaghan', 'MO', 0),
(1604, 103, 'Offaly', 'OF', 0),
(1605, 103, 'Roscommon', 'RO', 0),
(1606, 103, 'Sligo', 'SL', 0),
(1607, 103, 'Tipperary', 'TI', 0),
(1608, 103, 'Waterford', 'WA', 0),
(1609, 103, 'Westmeath', 'WE', 0),
(1610, 103, 'Wexford', 'WX', 0),
(1611, 103, 'Wicklow', 'WI', 0),
(1612, 104, 'Be\'er Sheva', 'BS', 0),
(1613, 104, 'Bika\'at Hayarden', 'BH', 0),
(1614, 104, 'Eilat and Arava', 'EA', 0),
(1615, 104, 'Galil', 'GA', 0),
(1616, 104, 'Haifa', 'HA', 0),
(1617, 104, 'Jehuda Mountains', 'JM', 0),
(1618, 104, 'Jerusalem', 'JE', 0),
(1619, 104, 'Negev', 'NE', 0),
(1620, 104, 'Semaria', 'SE', 0),
(1621, 104, 'Sharon', 'SH', 0),
(1622, 104, 'Tel Aviv (Gosh Dan)', 'TA', 0),
(3860, 105, 'Caltanissetta', 'CL', 0),
(3842, 105, 'Agrigento', 'AG', 0),
(3843, 105, 'Alessandria', 'AL', 0),
(3844, 105, 'Ancona', 'AN', 0),
(3845, 105, 'Aosta', 'AO', 0),
(3846, 105, 'Arezzo', 'AR', 0),
(3847, 105, 'Ascoli Piceno', 'AP', 0),
(3848, 105, 'Asti', 'AT', 0),
(3849, 105, 'Avellino', 'AV', 0),
(3850, 105, 'Bari', 'BA', 0),
(3851, 105, 'Belluno', 'BL', 0),
(3852, 105, 'Benevento', 'BN', 0),
(3853, 105, 'Bergamo', 'BG', 0),
(3854, 105, 'Biella', 'BI', 0),
(3855, 105, 'Bologna', 'BO', 0),
(3856, 105, 'Bolzano', 'BZ', 0),
(3857, 105, 'Brescia', 'BS', 0),
(3858, 105, 'Brindisi', 'BR', 0),
(3859, 105, 'Cagliari', 'CA', 0),
(1643, 106, 'Clarendon Parish', 'CLA', 0),
(1644, 106, 'Hanover Parish', 'HAN', 0),
(1645, 106, 'Kingston Parish', 'KIN', 0),
(1646, 106, 'Manchester Parish', 'MAN', 0),
(1647, 106, 'Portland Parish', 'POR', 0),
(1648, 106, 'Saint Andrew Parish', 'AND', 0),
(1649, 106, 'Saint Ann Parish', 'ANN', 0),
(1650, 106, 'Saint Catherine Parish', 'CAT', 0),
(1651, 106, 'Saint Elizabeth Parish', 'ELI', 0),
(1652, 106, 'Saint James Parish', 'JAM', 0),
(1653, 106, 'Saint Mary Parish', 'MAR', 0),
(1654, 106, 'Saint Thomas Parish', 'THO', 0),
(1655, 106, 'Trelawny Parish', 'TRL', 0),
(1656, 106, 'Westmoreland Parish', 'WML', 0),
(1657, 107, 'Aichi', 'AI', 0),
(1658, 107, 'Akita', 'AK', 0),
(1659, 107, 'Aomori', 'AO', 0),
(1660, 107, 'Chiba', 'CH', 0),
(1661, 107, 'Ehime', 'EH', 0),
(1662, 107, 'Fukui', 'FK', 0),
(1663, 107, 'Fukuoka', 'FU', 0),
(1664, 107, 'Fukushima', 'FS', 0),
(1665, 107, 'Gifu', 'GI', 0),
(1666, 107, 'Gumma', 'GU', 0),
(1667, 107, 'Hiroshima', 'HI', 0),
(1668, 107, 'Hokkaido', 'HO', 0),
(1669, 107, 'Hyogo', 'HY', 0),
(1670, 107, 'Ibaraki', 'IB', 0),
(1671, 107, 'Ishikawa', 'IS', 0),
(1672, 107, 'Iwate', 'IW', 0),
(1673, 107, 'Kagawa', 'KA', 0),
(1674, 107, 'Kagoshima', 'KG', 0),
(1675, 107, 'Kanagawa', 'KN', 0),
(1676, 107, 'Kochi', 'KO', 0),
(1677, 107, 'Kumamoto', 'KU', 0),
(1678, 107, 'Kyoto', 'KY', 0),
(1679, 107, 'Mie', 'MI', 0),
(1680, 107, 'Miyagi', 'MY', 0),
(1681, 107, 'Miyazaki', 'MZ', 0),
(1682, 107, 'Nagano', 'NA', 0),
(1683, 107, 'Nagasaki', 'NG', 0),
(1684, 107, 'Nara', 'NR', 0),
(1685, 107, 'Niigata', 'NI', 0),
(1686, 107, 'Oita', 'OI', 0),
(1687, 107, 'Okayama', 'OK', 0),
(1688, 107, 'Okinawa', 'ON', 0),
(1689, 107, 'Osaka', 'OS', 0),
(1690, 107, 'Saga', 'SA', 0),
(1691, 107, 'Saitama', 'SI', 0),
(1692, 107, 'Shiga', 'SH', 0),
(1693, 107, 'Shimane', 'SM', 0),
(1694, 107, 'Shizuoka', 'SZ', 0),
(1695, 107, 'Tochigi', 'TO', 0),
(1696, 107, 'Tokushima', 'TS', 0),
(1697, 107, 'Tokyo', 'TK', 0),
(1698, 107, 'Tottori', 'TT', 0),
(1699, 107, 'Toyama', 'TY', 0),
(1700, 107, 'Wakayama', 'WA', 0),
(1701, 107, 'Yamagata', 'YA', 0),
(1702, 107, 'Yamaguchi', 'YM', 0),
(1703, 107, 'Yamanashi', 'YN', 0),
(1704, 108, '\'Amman', 'AM', 0),
(1705, 108, 'Ajlun', 'AJ', 0),
(1706, 108, 'Al \'Aqabah', 'AA', 0),
(1707, 108, 'Al Balqa\'', 'AB', 0),
(1708, 108, 'Al Karak', 'AK', 0),
(1709, 108, 'Al Mafraq', 'AL', 0),
(1710, 108, 'At Tafilah', 'AT', 0),
(1711, 108, 'Az Zarqa\'', 'AZ', 0),
(1712, 108, 'Irbid', 'IR', 0),
(1713, 108, 'Jarash', 'JA', 0),
(1714, 108, 'Ma\'an', 'MA', 0),
(1715, 108, 'Madaba', 'MD', 0),
(1716, 109, 'Almaty', 'AL', 0),
(1717, 109, 'Almaty City', 'AC', 0),
(1718, 109, 'Aqmola', 'AM', 0),
(1719, 109, 'Aqtobe', 'AQ', 0),
(1720, 109, 'Astana City', 'AS', 0),
(1721, 109, 'Atyrau', 'AT', 0),
(1722, 109, 'Batys Qazaqstan', 'BA', 0),
(1723, 109, 'Bayqongyr City', 'BY', 0),
(1724, 109, 'Mangghystau', 'MA', 0),
(1725, 109, 'Ongtustik Qazaqstan', 'ON', 0),
(1726, 109, 'Pavlodar', 'PA', 0),
(1727, 109, 'Qaraghandy', 'QA', 0),
(1728, 109, 'Qostanay', 'QO', 0),
(1729, 109, 'Qyzylorda', 'QY', 0),
(1730, 109, 'Shyghys Qazaqstan', 'SH', 0),
(1731, 109, 'Soltustik Qazaqstan', 'SO', 0),
(1732, 109, 'Zhambyl', 'ZH', 0),
(1733, 110, 'Central', 'CE', 0),
(1734, 110, 'Coast', 'CO', 0),
(1735, 110, 'Eastern', 'EA', 0),
(1736, 110, 'Nairobi Area', 'NA', 0),
(1737, 110, 'North Eastern', 'NE', 0),
(1738, 110, 'Nyanza', 'NY', 0),
(1739, 110, 'Rift Valley', 'RV', 0),
(1740, 110, 'Western', 'WE', 0),
(1741, 111, 'Abaiang', 'AG', 0),
(1742, 111, 'Abemama', 'AM', 0),
(1743, 111, 'Aranuka', 'AK', 0),
(1744, 111, 'Arorae', 'AO', 0),
(1745, 111, 'Banaba', 'BA', 0),
(1746, 111, 'Beru', 'BE', 0),
(1747, 111, 'Butaritari', 'bT', 0),
(1748, 111, 'Kanton', 'KA', 0),
(1749, 111, 'Kiritimati', 'KR', 0),
(1750, 111, 'Kuria', 'KU', 0),
(1751, 111, 'Maiana', 'MI', 0),
(1752, 111, 'Makin', 'MN', 0),
(1753, 111, 'Marakei', 'ME', 0),
(1754, 111, 'Nikunau', 'NI', 0),
(1755, 111, 'Nonouti', 'NO', 0),
(1756, 111, 'Onotoa', 'ON', 0),
(1757, 111, 'Tabiteuea', 'TT', 0),
(1758, 111, 'Tabuaeran', 'TR', 0),
(1759, 111, 'Tamana', 'TM', 0),
(1760, 111, 'Tarawa', 'TW', 0),
(1761, 111, 'Teraina', 'TE', 0),
(1762, 112, 'Chagang-do', 'CHA', 0),
(1763, 112, 'Hamgyong-bukto', 'HAB', 0),
(1764, 112, 'Hamgyong-namdo', 'HAN', 0),
(1765, 112, 'Hwanghae-bukto', 'HWB', 0),
(1766, 112, 'Hwanghae-namdo', 'HWN', 0),
(1767, 112, 'Kangwon-do', 'KAN', 0),
(1768, 112, 'P\'yongan-bukto', 'PYB', 0),
(1769, 112, 'P\'yongan-namdo', 'PYN', 0),
(1770, 112, 'Ryanggang-do (Yanggang-do)', 'YAN', 0),
(1771, 112, 'Rason Directly Governed City', 'NAJ', 0),
(1772, 112, 'P\'yongyang Special City', 'PYO', 0),
(1773, 113, 'Ch\'ungch\'ong-bukto', 'CO', 0),
(1774, 113, 'Ch\'ungch\'ong-namdo', 'CH', 0),
(1775, 113, 'Cheju-do', 'CD', 0),
(1776, 113, 'Cholla-bukto', 'CB', 0),
(1777, 113, 'Cholla-namdo', 'CN', 0),
(1778, 113, 'Inch\'on-gwangyoksi', 'IG', 0),
(1779, 113, 'Kangwon-do', 'KA', 0),
(1780, 113, 'Kwangju-gwangyoksi', 'KG', 0),
(1781, 113, 'Kyonggi-do', 'KD', 0),
(1782, 113, 'Kyongsang-bukto', 'KB', 0),
(1783, 113, 'Kyongsang-namdo', 'KN', 0),
(1784, 113, 'Pusan-gwangyoksi', 'PG', 0),
(1785, 113, 'Soul-t\'ukpyolsi', 'SO', 0),
(1786, 113, 'Taegu-gwangyoksi', 'TA', 0),
(1787, 113, 'Taejon-gwangyoksi', 'TG', 0),
(1788, 114, 'Al \'Asimah', 'AL', 0),
(1789, 114, 'Al Ahmadi', 'AA', 0),
(1790, 114, 'Al Farwaniyah', 'AF', 0),
(1791, 114, 'Al Jahra\'', 'AJ', 0),
(1792, 114, 'Hawalli', 'HA', 0),
(1793, 115, 'Bishkek', 'GB', 0),
(1794, 115, 'Batken', 'B', 0),
(1795, 115, 'Chu', 'C', 0),
(1796, 115, 'Jalal-Abad', 'J', 0),
(1797, 115, 'Naryn', 'N', 0),
(1798, 115, 'Osh', 'O', 0),
(1799, 115, 'Talas', 'T', 0),
(1800, 115, 'Ysyk-Kol', 'Y', 0),
(1801, 116, 'Vientiane', 'VT', 0),
(1802, 116, 'Attapu', 'AT', 0),
(1803, 116, 'Bokeo', 'BK', 0),
(1804, 116, 'Bolikhamxai', 'BL', 0),
(1805, 116, 'Champasak', 'CH', 0),
(1806, 116, 'Houaphan', 'HO', 0),
(1807, 116, 'Khammouan', 'KH', 0),
(1808, 116, 'Louang Namtha', 'LM', 0),
(1809, 116, 'Louangphabang', 'LP', 0),
(1810, 116, 'Oudomxai', 'OU', 0),
(1811, 116, 'Phongsali', 'PH', 0),
(1812, 116, 'Salavan', 'SL', 0),
(1813, 116, 'Savannakhet', 'SV', 0),
(1814, 116, 'Vientiane', 'VI', 0),
(1815, 116, 'Xaignabouli', 'XA', 0),
(1816, 116, 'Xekong', 'XE', 0),
(1817, 116, 'Xiangkhoang', 'XI', 0),
(1818, 116, 'Xaisomboun', 'XN', 0),
(1852, 119, 'Berea', 'BE', 0),
(1853, 119, 'Butha-Buthe', 'BB', 0),
(1854, 119, 'Leribe', 'LE', 0),
(1855, 119, 'Mafeteng', 'MF', 0),
(1856, 119, 'Maseru', 'MS', 0),
(1857, 119, 'Mohale\'s Hoek', 'MH', 0),
(1858, 119, 'Mokhotlong', 'MK', 0),
(1859, 119, 'Qacha\'s Nek', 'QN', 0),
(1860, 119, 'Quthing', 'QT', 0),
(1861, 119, 'Thaba-Tseka', 'TT', 0),
(1862, 120, 'Bomi', 'BI', 0),
(1863, 120, 'Bong', 'BG', 0),
(1864, 120, 'Grand Bassa', 'GB', 0),
(1865, 120, 'Grand Cape Mount', 'CM', 0),
(1866, 120, 'Grand Gedeh', 'GG', 0),
(1867, 120, 'Grand Kru', 'GK', 0),
(1868, 120, 'Lofa', 'LO', 0),
(1869, 120, 'Margibi', 'MG', 0),
(1870, 120, 'Maryland', 'ML', 0),
(1871, 120, 'Montserrado', 'MS', 0),
(1872, 120, 'Nimba', 'NB', 0),
(1873, 120, 'River Cess', 'RC', 0),
(1874, 120, 'Sinoe', 'SN', 0),
(1875, 121, 'Ajdabiya', 'AJ', 0),
(1876, 121, 'Al \'Aziziyah', 'AZ', 0),
(1877, 121, 'Al Fatih', 'FA', 0),
(1878, 121, 'Al Jabal al Akhdar', 'JA', 0),
(1879, 121, 'Al Jufrah', 'JU', 0),
(1880, 121, 'Al Khums', 'KH', 0),
(1881, 121, 'Al Kufrah', 'KU', 0),
(1882, 121, 'An Nuqat al Khams', 'NK', 0),
(1883, 121, 'Ash Shati\'', 'AS', 0),
(1884, 121, 'Awbari', 'AW', 0),
(1885, 121, 'Az Zawiyah', 'ZA', 0),
(1886, 121, 'Banghazi', 'BA', 0),
(1887, 121, 'Darnah', 'DA', 0),
(1888, 121, 'Ghadamis', 'GD', 0),
(1889, 121, 'Gharyan', 'GY', 0),
(1890, 121, 'Misratah', 'MI', 0),
(1891, 121, 'Murzuq', 'MZ', 0),
(1892, 121, 'Sabha', 'SB', 0),
(1893, 121, 'Sawfajjin', 'SW', 0),
(1894, 121, 'Surt', 'SU', 0),
(1895, 121, 'Tarabulus (Tripoli)', 'TL', 0),
(1896, 121, 'Tarhunah', 'TH', 0),
(1897, 121, 'Tubruq', 'TU', 0),
(1898, 121, 'Yafran', 'YA', 0),
(1899, 121, 'Zlitan', 'ZL', 0),
(1900, 122, 'Vaduz', 'V', 0),
(1901, 122, 'Schaan', 'A', 0),
(1902, 122, 'Balzers', 'B', 0),
(1903, 122, 'Triesen', 'N', 0),
(1904, 122, 'Eschen', 'E', 0),
(1905, 122, 'Mauren', 'M', 0),
(1906, 122, 'Triesenberg', 'T', 0),
(1907, 122, 'Ruggell', 'R', 0),
(1908, 122, 'Gamprin', 'G', 0),
(1909, 122, 'Schellenberg', 'L', 0),
(1910, 122, 'Planken', 'P', 0),
(1911, 123, 'Alytus', 'AL', 0),
(1912, 123, 'Kaunas', 'KA', 0),
(1913, 123, 'Klaipeda', 'KL', 0),
(1914, 123, 'Marijampole', 'MA', 0),
(1915, 123, 'Panevezys', 'PA', 0),
(1916, 123, 'Siauliai', 'SI', 0),
(1917, 123, 'Taurage', 'TA', 0),
(1918, 123, 'Telsiai', 'TE', 0),
(1919, 123, 'Utena', 'UT', 0),
(1920, 123, 'Vilnius', 'VI', 0),
(1921, 124, 'Diekirch', 'DD', 0),
(1922, 124, 'Clervaux', 'DC', 0),
(1923, 124, 'Redange', 'DR', 0),
(1924, 124, 'Vianden', 'DV', 0),
(1925, 124, 'Wiltz', 'DW', 0),
(1926, 124, 'Grevenmacher', 'GG', 0),
(1927, 124, 'Echternach', 'GE', 0),
(1928, 124, 'Remich', 'GR', 0),
(1929, 124, 'Luxembourg', 'LL', 0),
(1930, 124, 'Capellen', 'LC', 0),
(1931, 124, 'Esch-sur-Alzette', 'LE', 0),
(1932, 124, 'Mersch', 'LM', 0),
(1933, 125, 'Our Lady Fatima Parish', 'OLF', 0),
(1934, 125, 'St. Anthony Parish', 'ANT', 0),
(1935, 125, 'St. Lazarus Parish', 'LAZ', 0),
(1936, 125, 'Cathedral Parish', 'CAT', 0),
(1937, 125, 'St. Lawrence Parish', 'LAW', 0),
(1938, 127, 'Antananarivo', 'AN', 0),
(1939, 127, 'Antsiranana', 'AS', 0),
(1940, 127, 'Fianarantsoa', 'FN', 0),
(1941, 127, 'Mahajanga', 'MJ', 0),
(1942, 127, 'Toamasina', 'TM', 0),
(1943, 127, 'Toliara', 'TL', 0),
(1944, 128, 'Balaka', 'BLK', 0),
(1945, 128, 'Blantyre', 'BLT', 0),
(1946, 128, 'Chikwawa', 'CKW', 0),
(1947, 128, 'Chiradzulu', 'CRD', 0),
(1948, 128, 'Chitipa', 'CTP', 0),
(1949, 128, 'Dedza', 'DDZ', 0),
(1950, 128, 'Dowa', 'DWA', 0),
(1951, 128, 'Karonga', 'KRG', 0),
(1952, 128, 'Kasungu', 'KSG', 0),
(1953, 128, 'Likoma', 'LKM', 0),
(1954, 128, 'Lilongwe', 'LLG', 0),
(1955, 128, 'Machinga', 'MCG', 0),
(1956, 128, 'Mangochi', 'MGC', 0),
(1957, 128, 'Mchinji', 'MCH', 0),
(1958, 128, 'Mulanje', 'MLJ', 0),
(1959, 128, 'Mwanza', 'MWZ', 0),
(1960, 128, 'Mzimba', 'MZM', 0),
(1961, 128, 'Ntcheu', 'NTU', 0),
(1962, 128, 'Nkhata Bay', 'NKB', 0),
(1963, 128, 'Nkhotakota', 'NKH', 0),
(1964, 128, 'Nsanje', 'NSJ', 0),
(1965, 128, 'Ntchisi', 'NTI', 0),
(1966, 128, 'Phalombe', 'PHL', 0),
(1967, 128, 'Rumphi', 'RMP', 0),
(1968, 128, 'Salima', 'SLM', 0),
(1969, 128, 'Thyolo', 'THY', 0),
(1970, 128, 'Zomba', 'ZBA', 0),
(1971, 129, 'Johor', 'MY-01', 0),
(1972, 129, 'Kedah', 'MY-02', 0),
(1973, 129, 'Kelantan', 'MY-03', 0),
(1974, 129, 'Labuan', 'MY-15', 0),
(1975, 129, 'Melaka', 'MY-04', 0),
(1976, 129, 'Negeri Sembilan', 'MY-05', 0),
(1977, 129, 'Pahang', 'MY-06', 0),
(1978, 129, 'Perak', 'MY-08', 0),
(1979, 129, 'Perlis', 'MY-09', 0),
(1980, 129, 'Pulau Pinang', 'MY-07', 0),
(1981, 129, 'Sabah', 'MY-12', 0),
(1982, 129, 'Sarawak', 'MY-13', 0),
(1983, 129, 'Selangor', 'MY-10', 0),
(1984, 129, 'Terengganu', 'MY-11', 0),
(1985, 129, 'Kuala Lumpur', 'MY-14', 0),
(4035, 129, 'Putrajaya', 'MY-16', 0),
(1986, 130, 'Thiladhunmathi Uthuru', 'THU', 0),
(1987, 130, 'Thiladhunmathi Dhekunu', 'THD', 0),
(1988, 130, 'Miladhunmadulu Uthuru', 'MLU', 0),
(1989, 130, 'Miladhunmadulu Dhekunu', 'MLD', 0),
(1990, 130, 'Maalhosmadulu Uthuru', 'MAU', 0),
(1991, 130, 'Maalhosmadulu Dhekunu', 'MAD', 0),
(1992, 130, 'Faadhippolhu', 'FAA', 0),
(1993, 130, 'Male Atoll', 'MAA', 0),
(1994, 130, 'Ari Atoll Uthuru', 'AAU', 0),
(1995, 130, 'Ari Atoll Dheknu', 'AAD', 0),
(1996, 130, 'Felidhe Atoll', 'FEA', 0),
(1997, 130, 'Mulaku Atoll', 'MUA', 0),
(1998, 130, 'Nilandhe Atoll Uthuru', 'NAU', 0),
(1999, 130, 'Nilandhe Atoll Dhekunu', 'NAD', 0),
(2000, 130, 'Kolhumadulu', 'KLH', 0),
(2001, 130, 'Hadhdhunmathi', 'HDH', 0),
(2002, 130, 'Huvadhu Atoll Uthuru', 'HAU', 0),
(2003, 130, 'Huvadhu Atoll Dhekunu', 'HAD', 0),
(2004, 130, 'Fua Mulaku', 'FMU', 0),
(2005, 130, 'Addu', 'ADD', 0),
(2006, 131, 'Gao', 'GA', 0),
(2007, 131, 'Kayes', 'KY', 0),
(2008, 131, 'Kidal', 'KD', 0),
(2009, 131, 'Koulikoro', 'KL', 0),
(2010, 131, 'Mopti', 'MP', 0),
(2011, 131, 'Segou', 'SG', 0),
(2012, 131, 'Sikasso', 'SK', 0),
(2013, 131, 'Tombouctou', 'TB', 0),
(2014, 131, 'Bamako Capital District', 'CD', 0),
(2015, 132, 'Attard', 'ATT', 0),
(2016, 132, 'Balzan', 'BAL', 0),
(2017, 132, 'Birgu', 'BGU', 0),
(2018, 132, 'Birkirkara', 'BKK', 0),
(2019, 132, 'Birzebbuga', 'BRZ', 0),
(2020, 132, 'Bormla', 'BOR', 0),
(2021, 132, 'Dingli', 'DIN', 0),
(2022, 132, 'Fgura', 'FGU', 0),
(2023, 132, 'Floriana', 'FLO', 0),
(2024, 132, 'Gudja', 'GDJ', 0),
(2025, 132, 'Gzira', 'GZR', 0),
(2026, 132, 'Gargur', 'GRG', 0),
(2027, 132, 'Gaxaq', 'GXQ', 0),
(2028, 132, 'Hamrun', 'HMR', 0),
(2029, 132, 'Iklin', 'IKL', 0),
(2030, 132, 'Isla', 'ISL', 0),
(2031, 132, 'Kalkara', 'KLK', 0),
(2032, 132, 'Kirkop', 'KRK', 0),
(2033, 132, 'Lija', 'LIJ', 0),
(2034, 132, 'Luqa', 'LUQ', 0),
(2035, 132, 'Marsa', 'MRS', 0),
(2036, 132, 'Marsaskala', 'MKL', 0),
(2037, 132, 'Marsaxlokk', 'MXL', 0),
(2038, 132, 'Mdina', 'MDN', 0),
(2039, 132, 'Melliea', 'MEL', 0),
(2040, 132, 'Mgarr', 'MGR', 0),
(2041, 132, 'Mosta', 'MST', 0),
(2042, 132, 'Mqabba', 'MQA', 0),
(2043, 132, 'Msida', 'MSI', 0),
(2044, 132, 'Mtarfa', 'MTF', 0),
(2045, 132, 'Naxxar', 'NAX', 0),
(2046, 132, 'Paola', 'PAO', 0),
(2047, 132, 'Pembroke', 'PEM', 0),
(2048, 132, 'Pieta', 'PIE', 0),
(2049, 132, 'Qormi', 'QOR', 0),
(2050, 132, 'Qrendi', 'QRE', 0),
(2051, 132, 'Rabat', 'RAB', 0),
(2052, 132, 'Safi', 'SAF', 0),
(2053, 132, 'San Giljan', 'SGI', 0),
(2054, 132, 'Santa Lucija', 'SLU', 0),
(2055, 132, 'San Pawl il-Bahar', 'SPB', 0),
(2056, 132, 'San Gwann', 'SGW', 0),
(2057, 132, 'Santa Venera', 'SVE', 0),
(2058, 132, 'Siggiewi', 'SIG', 0),
(2059, 132, 'Sliema', 'SLM', 0),
(2060, 132, 'Swieqi', 'SWQ', 0),
(2061, 132, 'Ta Xbiex', 'TXB', 0),
(2062, 132, 'Tarxien', 'TRX', 0),
(2063, 132, 'Valletta', 'VLT', 0),
(2064, 132, 'Xgajra', 'XGJ', 0),
(2065, 132, 'Zabbar', 'ZBR', 0),
(2066, 132, 'Zebbug', 'ZBG', 0),
(2067, 132, 'Zejtun', 'ZJT', 0),
(2068, 132, 'Zurrieq', 'ZRQ', 0),
(2069, 132, 'Fontana', 'FNT', 0),
(2070, 132, 'Ghajnsielem', 'GHJ', 0),
(2071, 132, 'Gharb', 'GHR', 0),
(2072, 132, 'Ghasri', 'GHS', 0),
(2073, 132, 'Kercem', 'KRC', 0),
(2074, 132, 'Munxar', 'MUN', 0),
(2075, 132, 'Nadur', 'NAD', 0),
(2076, 132, 'Qala', 'QAL', 0),
(2077, 132, 'Victoria', 'VIC', 0),
(2078, 132, 'San Lawrenz', 'SLA', 0),
(2079, 132, 'Sannat', 'SNT', 0),
(2080, 132, 'Xagra', 'ZAG', 0),
(2081, 132, 'Xewkija', 'XEW', 0),
(2082, 132, 'Zebbug', 'ZEB', 0),
(2083, 133, 'Ailinginae', 'ALG', 0),
(2084, 133, 'Ailinglaplap', 'ALL', 0),
(2085, 133, 'Ailuk', 'ALK', 0),
(2086, 133, 'Arno', 'ARN', 0),
(2087, 133, 'Aur', 'AUR', 0),
(2088, 133, 'Bikar', 'BKR', 0),
(2089, 133, 'Bikini', 'BKN', 0),
(2090, 133, 'Bokak', 'BKK', 0),
(2091, 133, 'Ebon', 'EBN', 0),
(2092, 133, 'Enewetak', 'ENT', 0),
(2093, 133, 'Erikub', 'EKB', 0),
(2094, 133, 'Jabat', 'JBT', 0),
(2095, 133, 'Jaluit', 'JLT', 0),
(2096, 133, 'Jemo', 'JEM', 0),
(2097, 133, 'Kili', 'KIL', 0),
(2098, 133, 'Kwajalein', 'KWJ', 0),
(2099, 133, 'Lae', 'LAE', 0),
(2100, 133, 'Lib', 'LIB', 0),
(2101, 133, 'Likiep', 'LKP', 0),
(2102, 133, 'Majuro', 'MJR', 0),
(2103, 133, 'Maloelap', 'MLP', 0),
(2104, 133, 'Mejit', 'MJT', 0),
(2105, 133, 'Mili', 'MIL', 0),
(2106, 133, 'Namorik', 'NMK', 0),
(2107, 133, 'Namu', 'NAM', 0),
(2108, 133, 'Rongelap', 'RGL', 0),
(2109, 133, 'Rongrik', 'RGK', 0),
(2110, 133, 'Toke', 'TOK', 0),
(2111, 133, 'Ujae', 'UJA', 0),
(2112, 133, 'Ujelang', 'UJL', 0),
(2113, 133, 'Utirik', 'UTK', 0),
(2114, 133, 'Wotho', 'WTH', 0),
(2115, 133, 'Wotje', 'WTJ', 0),
(2116, 135, 'Adrar', 'AD', 0),
(2117, 135, 'Assaba', 'AS', 0),
(2118, 135, 'Brakna', 'BR', 0),
(2119, 135, 'Dakhlet Nouadhibou', 'DN', 0),
(2120, 135, 'Gorgol', 'GO', 0),
(2121, 135, 'Guidimaka', 'GM', 0),
(2122, 135, 'Hodh Ech Chargui', 'HC', 0),
(2123, 135, 'Hodh El Gharbi', 'HG', 0),
(2124, 135, 'Inchiri', 'IN', 0),
(2125, 135, 'Tagant', 'TA', 0),
(2126, 135, 'Tiris Zemmour', 'TZ', 0),
(2127, 135, 'Trarza', 'TR', 0),
(2128, 135, 'Nouakchott', 'NO', 0),
(2129, 136, 'Beau Bassin-Rose Hill', 'BR', 0),
(2130, 136, 'Curepipe', 'CU', 0),
(2131, 136, 'Port Louis', 'PU', 0),
(2132, 136, 'Quatre Bornes', 'QB', 0),
(2133, 136, 'Vacoas-Phoenix', 'VP', 0),
(2134, 136, 'Agalega Islands', 'AG', 0),
(2135, 136, 'Cargados Carajos Shoals (Saint Brandon Islands)', 'CC', 0),
(2136, 136, 'Rodrigues', 'RO', 0),
(2137, 136, 'Black River', 'BL', 0),
(2138, 136, 'Flacq', 'FL', 0),
(2139, 136, 'Grand Port', 'GP', 0),
(2140, 136, 'Moka', 'MO', 0),
(2141, 136, 'Pamplemousses', 'PA', 0),
(2142, 136, 'Plaines Wilhems', 'PW', 0),
(2143, 136, 'Port Louis', 'PL', 0),
(2144, 136, 'Riviere du Rempart', 'RR', 0),
(2145, 136, 'Savanne', 'SA', 0),
(2146, 138, 'Baja California Norte', 'BN', 0),
(2147, 138, 'Baja California Sur', 'BS', 0),
(2148, 138, 'Campeche', 'CA', 0),
(2149, 138, 'Chiapas', 'CI', 0),
(2150, 138, 'Chihuahua', 'CH', 0),
(2151, 138, 'Coahuila de Zaragoza', 'CZ', 0),
(2152, 138, 'Colima', 'CL', 0),
(2153, 138, 'Distrito Federal', 'DF', 0),
(2154, 138, 'Durango', 'DU', 0),
(2155, 138, 'Guanajuato', 'GA', 0),
(2156, 138, 'Guerrero', 'GE', 0),
(2157, 138, 'Hidalgo', 'HI', 0),
(2158, 138, 'Jalisco', 'JA', 0),
(2159, 138, 'Mexico', 'ME', 0),
(2160, 138, 'Michoacan de Ocampo', 'MI', 0),
(2161, 138, 'Morelos', 'MO', 0),
(2162, 138, 'Nayarit', 'NA', 0),
(2163, 138, 'Nuevo Leon', 'NL', 0),
(2164, 138, 'Oaxaca', 'OA', 0),
(2165, 138, 'Puebla', 'PU', 0),
(2166, 138, 'Queretaro de Arteaga', 'QA', 0),
(2167, 138, 'Quintana Roo', 'QR', 0),
(2168, 138, 'San Luis Potosi', 'SA', 0),
(2169, 138, 'Sinaloa', 'SI', 0),
(2170, 138, 'Sonora', 'SO', 0),
(2171, 138, 'Tabasco', 'TB', 0),
(2172, 138, 'Tamaulipas', 'TM', 0),
(2173, 138, 'Tlaxcala', 'TL', 0),
(2174, 138, 'Veracruz-Llave', 'VE', 0),
(2175, 138, 'Yucatan', 'YU', 0),
(2176, 138, 'Zacatecas', 'ZA', 0),
(2177, 139, 'Chuuk', 'C', 0),
(2178, 139, 'Kosrae', 'K', 0),
(2179, 139, 'Pohnpei', 'P', 0),
(2180, 139, 'Yap', 'Y', 0),
(2181, 140, 'Gagauzia', 'GA', 0),
(2182, 140, 'Chisinau', 'CU', 0),
(2183, 140, 'Balti', 'BA', 0),
(2184, 140, 'Cahul', 'CA', 0),
(2185, 140, 'Edinet', 'ED', 0),
(2186, 140, 'Lapusna', 'LA', 0),
(2187, 140, 'Orhei', 'OR', 0),
(2188, 140, 'Soroca', 'SO', 0),
(2189, 140, 'Tighina', 'TI', 0),
(2190, 140, 'Ungheni', 'UN', 0),
(2191, 140, 'St‚nga Nistrului', 'SN', 0),
(2192, 141, 'Fontvieille', 'FV', 0),
(2193, 141, 'La Condamine', 'LC', 0),
(2194, 141, 'Monaco-Ville', 'MV', 0),
(2195, 141, 'Monte-Carlo', 'MC', 0),
(2196, 142, 'Ulanbaatar', '1', 0),
(2197, 142, 'Orhon', '035', 0),
(2198, 142, 'Darhan uul', '037', 0),
(2199, 142, 'Hentiy', '039', 0),
(2200, 142, 'Hovsgol', '041', 0),
(2201, 142, 'Hovd', '043', 0),
(2202, 142, 'Uvs', '046', 0),
(2203, 142, 'Tov', '047', 0),
(2204, 142, 'Selenge', '049', 0),
(2205, 142, 'Suhbaatar', '051', 0),
(2206, 142, 'Omnogovi', '053', 0),
(2207, 142, 'Ovorhangay', '055', 0),
(2208, 142, 'Dzavhan', '057', 0),
(2209, 142, 'DundgovL', '059', 0),
(2210, 142, 'Dornod', '061', 0),
(2211, 142, 'Dornogov', '063', 0),
(2212, 142, 'Govi-Sumber', '064', 0),
(2213, 142, 'Govi-Altay', '065', 0),
(2214, 142, 'Bulgan', '067', 0),
(2215, 142, 'Bayanhongor', '069', 0),
(2216, 142, 'Bayan-Olgiy', '071', 0),
(2217, 142, 'Arhangay', '073', 0),
(2218, 143, 'Saint Anthony', 'A', 0),
(2219, 143, 'Saint Georges', 'G', 0),
(2220, 143, 'Saint Peter', 'P', 0),
(2221, 144, 'Agadir', 'AGD', 0),
(2222, 144, 'Al Hoceima', 'HOC', 0),
(2223, 144, 'Azilal', 'AZI', 0),
(2224, 144, 'Beni Mellal', 'BME', 0),
(2225, 144, 'Ben Slimane', 'BSL', 0),
(2226, 144, 'Boulemane', 'BLM', 0),
(2227, 144, 'Casablanca', 'CBL', 0),
(2228, 144, 'Chaouen', 'CHA', 0),
(2229, 144, 'El Jadida', 'EJA', 0),
(2230, 144, 'El Kelaa des Sraghna', 'EKS', 0),
(2231, 144, 'Er Rachidia', 'ERA', 0),
(2232, 144, 'Essaouira', 'ESS', 0),
(2233, 144, 'Fes', 'FES', 0),
(2234, 144, 'Figuig', 'FIG', 0),
(2235, 144, 'Guelmim', 'GLM', 0),
(2236, 144, 'Ifrane', 'IFR', 0),
(2237, 144, 'Kenitra', 'KEN', 0),
(2238, 144, 'Khemisset', 'KHM', 0),
(2239, 144, 'Khenifra', 'KHN', 0),
(2240, 144, 'Khouribga', 'KHO', 0),
(2241, 144, 'Laayoune', 'LYN', 0),
(2242, 144, 'Larache', 'LAR', 0),
(2243, 144, 'Marrakech', 'MRK', 0),
(2244, 144, 'Meknes', 'MKN', 0),
(2245, 144, 'Nador', 'NAD', 0),
(2246, 144, 'Ouarzazate', 'ORZ', 0),
(2247, 144, 'Oujda', 'OUJ', 0),
(2248, 144, 'Rabat-Sale', 'RSA', 0),
(2249, 144, 'Safi', 'SAF', 0),
(2250, 144, 'Settat', 'SET', 0),
(2251, 144, 'Sidi Kacem', 'SKA', 0),
(2252, 144, 'Tangier', 'TGR', 0),
(2253, 144, 'Tan-Tan', 'TAN', 0),
(2254, 144, 'Taounate', 'TAO', 0),
(2255, 144, 'Taroudannt', 'TRD', 0),
(2256, 144, 'Tata', 'TAT', 0),
(2257, 144, 'Taza', 'TAZ', 0),
(2258, 144, 'Tetouan', 'TET', 0),
(2259, 144, 'Tiznit', 'TIZ', 0),
(2260, 144, 'Ad Dakhla', 'ADK', 0),
(2261, 144, 'Boujdour', 'BJD', 0),
(2262, 144, 'Es Smara', 'ESM', 0),
(2263, 145, 'Cabo Delgado', 'CD', 0),
(2264, 145, 'Gaza', 'GZ', 0),
(2265, 145, 'Inhambane', 'IN', 0),
(2266, 145, 'Manica', 'MN', 0),
(2267, 145, 'Maputo (city)', 'MC', 0),
(2268, 145, 'Maputo', 'MP', 0),
(2269, 145, 'Nampula', 'NA', 0),
(2270, 145, 'Niassa', 'NI', 0),
(2271, 145, 'Sofala', 'SO', 0),
(2272, 145, 'Tete', 'TE', 0),
(2273, 145, 'Zambezia', 'ZA', 0),
(2274, 146, 'Ayeyarwady', 'AY', 0),
(2275, 146, 'Bago', 'BG', 0),
(2276, 146, 'Magway', 'MG', 0),
(2277, 146, 'Mandalay', 'MD', 0),
(2278, 146, 'Sagaing', 'SG', 0),
(2279, 146, 'Tanintharyi', 'TN', 0),
(2280, 146, 'Yangon', 'YG', 0),
(2281, 146, 'Chin State', 'CH', 0),
(2282, 146, 'Kachin State', 'KC', 0),
(2283, 146, 'Kayah State', 'KH', 0),
(2284, 146, 'Kayin State', 'KN', 0),
(2285, 146, 'Mon State', 'MN', 0),
(2286, 146, 'Rakhine State', 'RK', 0),
(2287, 146, 'Shan State', 'SH', 0),
(2288, 147, 'Caprivi', 'CA', 0),
(2289, 147, 'Erongo', 'ER', 0),
(2290, 147, 'Hardap', 'HA', 0),
(2291, 147, 'Karas', 'KR', 0),
(2292, 147, 'Kavango', 'KV', 0),
(2293, 147, 'Khomas', 'KH', 0),
(2294, 147, 'Kunene', 'KU', 0),
(2295, 147, 'Ohangwena', 'OW', 0),
(2296, 147, 'Omaheke', 'OK', 0),
(2297, 147, 'Omusati', 'OT', 0),
(2298, 147, 'Oshana', 'ON', 0),
(2299, 147, 'Oshikoto', 'OO', 0),
(2300, 147, 'Otjozondjupa', 'OJ', 0),
(2301, 148, 'Aiwo', 'AO', 0),
(2302, 148, 'Anabar', 'AA', 0),
(2303, 148, 'Anetan', 'AT', 0),
(2304, 148, 'Anibare', 'AI', 0),
(2305, 148, 'Baiti', 'BA', 0),
(2306, 148, 'Boe', 'BO', 0),
(2307, 148, 'Buada', 'BU', 0),
(2308, 148, 'Denigomodu', 'DE', 0),
(2309, 148, 'Ewa', 'EW', 0),
(2310, 148, 'Ijuw', 'IJ', 0),
(2311, 148, 'Meneng', 'ME', 0),
(2312, 148, 'Nibok', 'NI', 0),
(2313, 148, 'Uaboe', 'UA', 0),
(2314, 148, 'Yaren', 'YA', 0),
(2315, 149, 'Bagmati', 'BA', 0),
(2316, 149, 'Bheri', 'BH', 0),
(2317, 149, 'Dhawalagiri', 'DH', 0),
(2318, 149, 'Gandaki', 'GA', 0),
(2319, 149, 'Janakpur', 'JA', 0),
(2320, 149, 'Karnali', 'KA', 0),
(2321, 149, 'Kosi', 'KO', 0),
(2322, 149, 'Lumbini', 'LU', 0),
(2323, 149, 'Mahakali', 'MA', 0),
(2324, 149, 'Mechi', 'ME', 0),
(2325, 149, 'Narayani', 'NA', 0),
(2326, 149, 'Rapti', 'RA', 0),
(2327, 149, 'Sagarmatha', 'SA', 0),
(2328, 149, 'Seti', 'SE', 0),
(2329, 150, 'Drenthe', 'DR', 0),
(2330, 150, 'Flevoland', 'FL', 0),
(2331, 150, 'Friesland', 'FR', 0),
(2332, 150, 'Gelderland', 'GE', 0),
(2333, 150, 'Groningen', 'GR', 0),
(2334, 150, 'Limburg', 'LI', 0),
(2335, 150, 'Noord Brabant', 'NB', 0),
(2336, 150, 'Noord Holland', 'NH', 0),
(2337, 150, 'Overijssel', 'OV', 0),
(2338, 150, 'Utrecht', 'UT', 0),
(2339, 150, 'Zeeland', 'ZE', 0),
(2340, 150, 'Zuid Holland', 'ZH', 0),
(2341, 152, 'Iles Loyaute', 'L', 0),
(2342, 152, 'Nord', 'N', 0),
(2343, 152, 'Sud', 'S', 0),
(2344, 153, 'Auckland', 'AUK', 0),
(2345, 153, 'Bay of Plenty', 'BOP', 0),
(2346, 153, 'Canterbury', 'CAN', 0),
(2347, 153, 'Coromandel', 'COR', 0),
(2348, 153, 'Gisborne', 'GIS', 0),
(2349, 153, 'Fiordland', 'FIO', 0),
(2350, 153, 'Hawke\'s Bay', 'HKB', 0),
(2351, 153, 'Marlborough', 'MBH', 0),
(2352, 153, 'Manawatu-Wanganui', 'MWT', 0),
(2353, 153, 'Mt Cook-Mackenzie', 'MCM', 0),
(2354, 153, 'Nelson', 'NSN', 0),
(2355, 153, 'Northland', 'NTL', 0),
(2356, 153, 'Otago', 'OTA', 0),
(2357, 153, 'Southland', 'STL', 0),
(2358, 153, 'Taranaki', 'TKI', 0),
(2359, 153, 'Wellington', 'WGN', 0),
(2360, 153, 'Waikato', 'WKO', 0),
(2361, 153, 'Wairarapa', 'WAI', 0),
(2362, 153, 'West Coast', 'WTC', 0),
(2363, 154, 'Atlantico Norte', 'AN', 0),
(2364, 154, 'Atlantico Sur', 'AS', 0),
(2365, 154, 'Boaco', 'BO', 0),
(2366, 154, 'Carazo', 'CA', 0),
(2367, 154, 'Chinandega', 'CI', 0),
(2368, 154, 'Chontales', 'CO', 0),
(2369, 154, 'Esteli', 'ES', 0),
(2370, 154, 'Granada', 'GR', 0),
(2371, 154, 'Jinotega', 'JI', 0),
(2372, 154, 'Leon', 'LE', 0),
(2373, 154, 'Madriz', 'MD', 0),
(2374, 154, 'Managua', 'MN', 0),
(2375, 154, 'Masaya', 'MS', 0),
(2376, 154, 'Matagalpa', 'MT', 0),
(2377, 154, 'Nuevo Segovia', 'NS', 0),
(2378, 154, 'Rio San Juan', 'RS', 0),
(2379, 154, 'Rivas', 'RI', 0),
(2380, 155, 'Agadez', 'AG', 0),
(2381, 155, 'Diffa', 'DF', 0),
(2382, 155, 'Dosso', 'DS', 0),
(2383, 155, 'Maradi', 'MA', 0),
(2384, 155, 'Niamey', 'NM', 0),
(2385, 155, 'Tahoua', 'TH', 0),
(2386, 155, 'Tillaberi', 'TL', 0),
(2387, 155, 'Zinder', 'ZD', 0),
(2388, 156, 'Abia', 'AB', 1),
(2389, 156, 'Abuja Federal Capital Territory', 'CT', 1),
(2390, 156, 'Adamawa', 'AD', 1),
(2391, 156, 'Akwa Ibom', 'AK', 1),
(2392, 156, 'Anambra', 'AN', 1),
(2393, 156, 'Bauchi', 'BC', 1),
(2394, 156, 'Bayelsa', 'BY', 1),
(2395, 156, 'Benue', 'BN', 1),
(2396, 156, 'Borno', 'BO', 1),
(2397, 156, 'Cross River', 'CR', 1),
(2398, 156, 'Delta', 'DE', 1),
(2399, 156, 'Ebonyi', 'EB', 1),
(2400, 156, 'Edo', 'ED', 1),
(2401, 156, 'Ekiti', 'EK', 1),
(2402, 156, 'Enugu', 'EN', 1),
(2403, 156, 'Gombe', 'GO', 1),
(2404, 156, 'Imo', 'IM', 1),
(2405, 156, 'Jigawa', 'JI', 1),
(2406, 156, 'Kaduna', 'KD', 1),
(2407, 156, 'Kano', 'KN', 1),
(2408, 156, 'Katsina', 'KT', 1),
(2409, 156, 'Kebbi', 'KE', 1),
(2410, 156, 'Kogi', 'KO', 1),
(2411, 156, 'Kwara', 'KW', 1),
(2412, 156, 'Lagos', 'LA', 1),
(2413, 156, 'Nassarawa', 'NA', 1),
(2414, 156, 'Niger', 'NI', 1),
(2415, 156, 'Ogun', 'OG', 1),
(2416, 156, 'Ondo', 'ONG', 1),
(2417, 156, 'Osun', 'OS', 1),
(2418, 156, 'Oyo', 'OY', 1),
(2419, 156, 'Plateau', 'PL', 1),
(2420, 156, 'Rivers', 'RI', 1),
(2421, 156, 'Sokoto', 'SO', 1),
(2422, 156, 'Taraba', 'TA', 1),
(2423, 156, 'Yobe', 'YO', 1),
(2424, 156, 'Zamfara', 'ZA', 1),
(2425, 159, 'Northern Islands', 'N', 0),
(2426, 159, 'Rota', 'R', 0),
(2427, 159, 'Saipan', 'S', 0),
(2428, 159, 'Tinian', 'T', 0),
(2429, 160, 'Akershus', 'AK', 0),
(2430, 160, 'Aust-Agder', 'AA', 0),
(2431, 160, 'Buskerud', 'BU', 0),
(2432, 160, 'Finnmark', 'FM', 0),
(2433, 160, 'Hedmark', 'HM', 0),
(2434, 160, 'Hordaland', 'HL', 0),
(2435, 160, 'More og Romdal', 'MR', 0),
(2436, 160, 'Nord-Trondelag', 'NT', 0),
(2437, 160, 'Nordland', 'NL', 0),
(2438, 160, 'Ostfold', 'OF', 0),
(2439, 160, 'Oppland', 'OP', 0),
(2440, 160, 'Oslo', 'OL', 0),
(2441, 160, 'Rogaland', 'RL', 0),
(2442, 160, 'Sor-Trondelag', 'ST', 0),
(2443, 160, 'Sogn og Fjordane', 'SJ', 0),
(2444, 160, 'Svalbard', 'SV', 0),
(2445, 160, 'Telemark', 'TM', 0),
(2446, 160, 'Troms', 'TR', 0),
(2447, 160, 'Vest-Agder', 'VA', 0),
(2448, 160, 'Vestfold', 'VF', 0),
(2449, 161, 'Ad Dakhiliyah', 'DA', 0),
(2450, 161, 'Al Batinah', 'BA', 0),
(2451, 161, 'Al Wusta', 'WU', 0),
(2452, 161, 'Ash Sharqiyah', 'SH', 0),
(2453, 161, 'Az Zahirah', 'ZA', 0),
(2454, 161, 'Masqat', 'MA', 0),
(2455, 161, 'Musandam', 'MU', 0),
(2456, 161, 'Zufar', 'ZU', 0),
(2457, 162, 'Balochistan', 'B', 0),
(2458, 162, 'Federally Administered Tribal Areas', 'T', 0),
(2459, 162, 'Islamabad Capital Territory', 'I', 0),
(2460, 162, 'North-West Frontier', 'N', 0),
(2461, 162, 'Punjab', 'P', 0),
(2462, 162, 'Sindh', 'S', 0),
(2463, 163, 'Aimeliik', 'AM', 0),
(2464, 163, 'Airai', 'AR', 0),
(2465, 163, 'Angaur', 'AN', 0),
(2466, 163, 'Hatohobei', 'HA', 0),
(2467, 163, 'Kayangel', 'KA', 0),
(2468, 163, 'Koror', 'KO', 0),
(2469, 163, 'Melekeok', 'ME', 0),
(2470, 163, 'Ngaraard', 'NA', 0),
(2471, 163, 'Ngarchelong', 'NG', 0),
(2472, 163, 'Ngardmau', 'ND', 0),
(2473, 163, 'Ngatpang', 'NT', 0),
(2474, 163, 'Ngchesar', 'NC', 0),
(2475, 163, 'Ngeremlengui', 'NR', 0),
(2476, 163, 'Ngiwal', 'NW', 0),
(2477, 163, 'Peleliu', 'PE', 0),
(2478, 163, 'Sonsorol', 'SO', 0),
(2479, 164, 'Bocas del Toro', 'BT', 0),
(2480, 164, 'Chiriqui', 'CH', 0),
(2481, 164, 'Cocle', 'CC', 0),
(2482, 164, 'Colon', 'CL', 0),
(2483, 164, 'Darien', 'DA', 0),
(2484, 164, 'Herrera', 'HE', 0),
(2485, 164, 'Los Santos', 'LS', 0),
(2486, 164, 'Panama', 'PA', 0),
(2487, 164, 'San Blas', 'SB', 0),
(2488, 164, 'Veraguas', 'VG', 0),
(2489, 165, 'Bougainville', 'BV', 0),
(2490, 165, 'Central', 'CE', 0),
(2491, 165, 'Chimbu', 'CH', 0),
(2492, 165, 'Eastern Highlands', 'EH', 0),
(2493, 165, 'East New Britain', 'EB', 0),
(2494, 165, 'East Sepik', 'ES', 0),
(2495, 165, 'Enga', 'EN', 0),
(2496, 165, 'Gulf', 'GU', 0),
(2497, 165, 'Madang', 'MD', 0),
(2498, 165, 'Manus', 'MN', 0),
(2499, 165, 'Milne Bay', 'MB', 0),
(2500, 165, 'Morobe', 'MR', 0),
(2501, 165, 'National Capital', 'NC', 0),
(2502, 165, 'New Ireland', 'NI', 0),
(2503, 165, 'Northern', 'NO', 0),
(2504, 165, 'Sandaun', 'SA', 0),
(2505, 165, 'Southern Highlands', 'SH', 0),
(2506, 165, 'Western', 'WE', 0),
(2507, 165, 'Western Highlands', 'WH', 0),
(2508, 165, 'West New Britain', 'WB', 0),
(2509, 166, 'Alto Paraguay', 'AG', 0),
(2510, 166, 'Alto Parana', 'AN', 0),
(2511, 166, 'Amambay', 'AM', 0),
(2512, 166, 'Asuncion', 'AS', 0),
(2513, 166, 'Boqueron', 'BO', 0),
(2514, 166, 'Caaguazu', 'CG', 0),
(2515, 166, 'Caazapa', 'CZ', 0),
(2516, 166, 'Canindeyu', 'CN', 0),
(2517, 166, 'Central', 'CE', 0),
(2518, 166, 'Concepcion', 'CC', 0),
(2519, 166, 'Cordillera', 'CD', 0),
(2520, 166, 'Guaira', 'GU', 0),
(2521, 166, 'Itapua', 'IT', 0),
(2522, 166, 'Misiones', 'MI', 0),
(2523, 166, 'Neembucu', 'NE', 0),
(2524, 166, 'Paraguari', 'PA', 0),
(2525, 166, 'Presidente Hayes', 'PH', 0),
(2526, 166, 'San Pedro', 'SP', 0),
(2527, 167, 'Amazonas', 'AM', 0),
(2528, 167, 'Ancash', 'AN', 0),
(2529, 167, 'Apurimac', 'AP', 0),
(2530, 167, 'Arequipa', 'AR', 0),
(2531, 167, 'Ayacucho', 'AY', 0),
(2532, 167, 'Cajamarca', 'CJ', 0),
(2533, 167, 'Callao', 'CL', 0),
(2534, 167, 'Cusco', 'CU', 0),
(2535, 167, 'Huancavelica', 'HV', 0),
(2536, 167, 'Huanuco', 'HO', 0),
(2537, 167, 'Ica', 'IC', 0),
(2538, 167, 'Junin', 'JU', 0),
(2539, 167, 'La Libertad', 'LD', 0),
(2540, 167, 'Lambayeque', 'LY', 0),
(2541, 167, 'Lima', 'LI', 0),
(2542, 167, 'Loreto', 'LO', 0),
(2543, 167, 'Madre de Dios', 'MD', 0),
(2544, 167, 'Moquegua', 'MO', 0),
(2545, 167, 'Pasco', 'PA', 0),
(2546, 167, 'Piura', 'PI', 0),
(2547, 167, 'Puno', 'PU', 0),
(2548, 167, 'San Martin', 'SM', 0),
(2549, 167, 'Tacna', 'TA', 0),
(2550, 167, 'Tumbes', 'TU', 0),
(2551, 167, 'Ucayali', 'UC', 0),
(2552, 168, 'Abra', 'ABR', 0),
(2553, 168, 'Agusan del Norte', 'ANO', 0),
(2554, 168, 'Agusan del Sur', 'ASU', 0),
(2555, 168, 'Aklan', 'AKL', 0),
(2556, 168, 'Albay', 'ALB', 0),
(2557, 168, 'Antique', 'ANT', 0),
(2558, 168, 'Apayao', 'APY', 0),
(2559, 168, 'Aurora', 'AUR', 0),
(2560, 168, 'Basilan', 'BAS', 0),
(2561, 168, 'Bataan', 'BTA', 0),
(2562, 168, 'Batanes', 'BTE', 0),
(2563, 168, 'Batangas', 'BTG', 0),
(2564, 168, 'Biliran', 'BLR', 0),
(2565, 168, 'Benguet', 'BEN', 0),
(2566, 168, 'Bohol', 'BOL', 0),
(2567, 168, 'Bukidnon', 'BUK', 0),
(2568, 168, 'Bulacan', 'BUL', 0),
(2569, 168, 'Cagayan', 'CAG', 0),
(2570, 168, 'Camarines Norte', 'CNO', 0),
(2571, 168, 'Camarines Sur', 'CSU', 0),
(2572, 168, 'Camiguin', 'CAM', 0),
(2573, 168, 'Capiz', 'CAP', 0),
(2574, 168, 'Catanduanes', 'CAT', 0),
(2575, 168, 'Cavite', 'CAV', 0),
(2576, 168, 'Cebu', 'CEB', 0),
(2577, 168, 'Compostela', 'CMP', 0),
(2578, 168, 'Davao del Norte', 'DNO', 0),
(2579, 168, 'Davao del Sur', 'DSU', 0),
(2580, 168, 'Davao Oriental', 'DOR', 0),
(2581, 168, 'Eastern Samar', 'ESA', 0),
(2582, 168, 'Guimaras', 'GUI', 0),
(2583, 168, 'Ifugao', 'IFU', 0),
(2584, 168, 'Ilocos Norte', 'INO', 0),
(2585, 168, 'Ilocos Sur', 'ISU', 0),
(2586, 168, 'Iloilo', 'ILO', 0),
(2587, 168, 'Isabela', 'ISA', 0),
(2588, 168, 'Kalinga', 'KAL', 0),
(2589, 168, 'Laguna', 'LAG', 0),
(2590, 168, 'Lanao del Norte', 'LNO', 0),
(2591, 168, 'Lanao del Sur', 'LSU', 0),
(2592, 168, 'La Union', 'UNI', 0),
(2593, 168, 'Leyte', 'LEY', 0),
(2594, 168, 'Maguindanao', 'MAG', 0),
(2595, 168, 'Marinduque', 'MRN', 0),
(2596, 168, 'Masbate', 'MSB', 0),
(2597, 168, 'Mindoro Occidental', 'MIC', 0),
(2598, 168, 'Mindoro Oriental', 'MIR', 0),
(2599, 168, 'Misamis Occidental', 'MSC', 0),
(2600, 168, 'Misamis Oriental', 'MOR', 0),
(2601, 168, 'Mountain', 'MOP', 0),
(2602, 168, 'Negros Occidental', 'NOC', 0),
(2603, 168, 'Negros Oriental', 'NOR', 0),
(2604, 168, 'North Cotabato', 'NCT', 0),
(2605, 168, 'Northern Samar', 'NSM', 0),
(2606, 168, 'Nueva Ecija', 'NEC', 0),
(2607, 168, 'Nueva Vizcaya', 'NVZ', 0),
(2608, 168, 'Palawan', 'PLW', 0),
(2609, 168, 'Pampanga', 'PMP', 0),
(2610, 168, 'Pangasinan', 'PNG', 0),
(2611, 168, 'Quezon', 'QZN', 0),
(2612, 168, 'Quirino', 'QRN', 0),
(2613, 168, 'Rizal', 'RIZ', 0),
(2614, 168, 'Romblon', 'ROM', 0),
(2615, 168, 'Samar', 'SMR', 0),
(2616, 168, 'Sarangani', 'SRG', 0),
(2617, 168, 'Siquijor', 'SQJ', 0),
(2618, 168, 'Sorsogon', 'SRS', 0),
(2619, 168, 'South Cotabato', 'SCO', 0),
(2620, 168, 'Southern Leyte', 'SLE', 0),
(2621, 168, 'Sultan Kudarat', 'SKU', 0),
(2622, 168, 'Sulu', 'SLU', 0),
(2623, 168, 'Surigao del Norte', 'SNO', 0),
(2624, 168, 'Surigao del Sur', 'SSU', 0),
(2625, 168, 'Tarlac', 'TAR', 0),
(2626, 168, 'Tawi-Tawi', 'TAW', 0),
(2627, 168, 'Zambales', 'ZBL', 0),
(2628, 168, 'Zamboanga del Norte', 'ZNO', 0),
(2629, 168, 'Zamboanga del Sur', 'ZSU', 0),
(2630, 168, 'Zamboanga Sibugay', 'ZSI', 0),
(2631, 170, 'Dolnoslaskie', 'DO', 0),
(2632, 170, 'Kujawsko-Pomorskie', 'KP', 0),
(2633, 170, 'Lodzkie', 'LO', 0),
(2634, 170, 'Lubelskie', 'LL', 0),
(2635, 170, 'Lubuskie', 'LU', 0),
(2636, 170, 'Malopolskie', 'ML', 0),
(2637, 170, 'Mazowieckie', 'MZ', 0),
(2638, 170, 'Opolskie', 'OP', 0),
(2639, 170, 'Podkarpackie', 'PP', 0),
(2640, 170, 'Podlaskie', 'PL', 0),
(2641, 170, 'Pomorskie', 'PM', 0),
(2642, 170, 'Slaskie', 'SL', 0),
(2643, 170, 'Swietokrzyskie', 'SW', 0),
(2644, 170, 'Warminsko-Mazurskie', 'WM', 0),
(2645, 170, 'Wielkopolskie', 'WP', 0),
(2646, 170, 'Zachodniopomorskie', 'ZA', 0),
(2647, 198, 'Saint Pierre', 'P', 0),
(2648, 198, 'Miquelon', 'M', 0),
(2649, 171, 'A&ccedil;ores', 'AC', 0),
(2650, 171, 'Aveiro', 'AV', 0),
(2651, 171, 'Beja', 'BE', 0),
(2652, 171, 'Braga', 'BR', 0),
(2653, 171, 'Bragan&ccedil;a', 'BA', 0),
(2654, 171, 'Castelo Branco', 'CB', 0),
(2655, 171, 'Coimbra', 'CO', 0),
(2656, 171, '&Eacute;vora', 'EV', 0),
(2657, 171, 'Faro', 'FA', 0),
(2658, 171, 'Guarda', 'GU', 0),
(2659, 171, 'Leiria', 'LE', 0),
(2660, 171, 'Lisboa', 'LI', 0),
(2661, 171, 'Madeira', 'ME', 0),
(2662, 171, 'Portalegre', 'PO', 0),
(2663, 171, 'Porto', 'PR', 0),
(2664, 171, 'Santar&eacute;m', 'SA', 0),
(2665, 171, 'Set&uacute;bal', 'SE', 0),
(2666, 171, 'Viana do Castelo', 'VC', 0),
(2667, 171, 'Vila Real', 'VR', 0),
(2668, 171, 'Viseu', 'VI', 0),
(2669, 173, 'Ad Dawhah', 'DW', 0),
(2670, 173, 'Al Ghuwayriyah', 'GW', 0),
(2671, 173, 'Al Jumayliyah', 'JM', 0),
(2672, 173, 'Al Khawr', 'KR', 0),
(2673, 173, 'Al Wakrah', 'WK', 0),
(2674, 173, 'Ar Rayyan', 'RN', 0),
(2675, 173, 'Jarayan al Batinah', 'JB', 0),
(2676, 173, 'Madinat ash Shamal', 'MS', 0),
(2677, 173, 'Umm Sa\'id', 'UD', 0),
(2678, 173, 'Umm Salal', 'UL', 0),
(2679, 175, 'Alba', 'AB', 0),
(2680, 175, 'Arad', 'AR', 0),
(2681, 175, 'Arges', 'AG', 0),
(2682, 175, 'Bacau', 'BC', 0),
(2683, 175, 'Bihor', 'BH', 0),
(2684, 175, 'Bistrita-Nasaud', 'BN', 0),
(2685, 175, 'Botosani', 'BT', 0),
(2686, 175, 'Brasov', 'BV', 0),
(2687, 175, 'Braila', 'BR', 0),
(2688, 175, 'Bucuresti', 'B', 0),
(2689, 175, 'Buzau', 'BZ', 0),
(2690, 175, 'Caras-Severin', 'CS', 0),
(2691, 175, 'Calarasi', 'CL', 0),
(2692, 175, 'Cluj', 'CJ', 0),
(2693, 175, 'Constanta', 'CT', 0),
(2694, 175, 'Covasna', 'CV', 0),
(2695, 175, 'Dimbovita', 'DB', 0),
(2696, 175, 'Dolj', 'DJ', 0),
(2697, 175, 'Galati', 'GL', 0),
(2698, 175, 'Giurgiu', 'GR', 0),
(2699, 175, 'Gorj', 'GJ', 0),
(2700, 175, 'Harghita', 'HR', 0),
(2701, 175, 'Hunedoara', 'HD', 0),
(2702, 175, 'Ialomita', 'IL', 0),
(2703, 175, 'Iasi', 'IS', 0),
(2704, 175, 'Ilfov', 'IF', 0),
(2705, 175, 'Maramures', 'MM', 0),
(2706, 175, 'Mehedinti', 'MH', 0),
(2707, 175, 'Mures', 'MS', 0),
(2708, 175, 'Neamt', 'NT', 0),
(2709, 175, 'Olt', 'OT', 0),
(2710, 175, 'Prahova', 'PH', 0),
(2711, 175, 'Satu-Mare', 'SM', 0),
(2712, 175, 'Salaj', 'SJ', 0),
(2713, 175, 'Sibiu', 'SB', 0),
(2714, 175, 'Suceava', 'SV', 0),
(2715, 175, 'Teleorman', 'TR', 0),
(2716, 175, 'Timis', 'TM', 0),
(2717, 175, 'Tulcea', 'TL', 0),
(2718, 175, 'Vaslui', 'VS', 0),
(2719, 175, 'Valcea', 'VL', 0),
(2720, 175, 'Vrancea', 'VN', 0),
(2721, 176, 'Abakan', 'AB', 0),
(2722, 176, 'Aginskoye', 'AG', 0),
(2723, 176, 'Anadyr', 'AN', 0),
(2724, 176, 'Arkahangelsk', 'AR', 0),
(2725, 176, 'Astrakhan', 'AS', 0),
(2726, 176, 'Barnaul', 'BA', 0),
(2727, 176, 'Belgorod', 'BE', 0),
(2728, 176, 'Birobidzhan', 'BI', 0),
(2729, 176, 'Blagoveshchensk', 'BL', 0),
(2730, 176, 'Bryansk', 'BR', 0),
(2731, 176, 'Cheboksary', 'CH', 0),
(2732, 176, 'Chelyabinsk', 'CL', 0),
(2733, 176, 'Cherkessk', 'CR', 0),
(2734, 176, 'Chita', 'CI', 0),
(2735, 176, 'Dudinka', 'DU', 0),
(2736, 176, 'Elista', 'EL', 0),
(2737, 176, 'Gomo-Altaysk', 'GO', 0),
(2738, 176, 'Gorno-Altaysk', 'GA', 0),
(2739, 176, 'Groznyy', 'GR', 0),
(2740, 176, 'Irkutsk', 'IR', 0),
(2741, 176, 'Ivanovo', 'IV', 0),
(2742, 176, 'Izhevsk', 'IZ', 0),
(2743, 176, 'Kalinigrad', 'KA', 0),
(2744, 176, 'Kaluga', 'KL', 0),
(2745, 176, 'Kasnodar', 'KS', 0),
(2746, 176, 'Kazan', 'KZ', 0),
(2747, 176, 'Kemerovo', 'KE', 0),
(2748, 176, 'Khabarovsk', 'KH', 0),
(2749, 176, 'Khanty-Mansiysk', 'KM', 0),
(2750, 176, 'Kostroma', 'KO', 0),
(2751, 176, 'Krasnodar', 'KR', 0),
(2752, 176, 'Krasnoyarsk', 'KN', 0),
(2753, 176, 'Kudymkar', 'KU', 0),
(2754, 176, 'Kurgan', 'KG', 0),
(2755, 176, 'Kursk', 'KK', 0),
(2756, 176, 'Kyzyl', 'KY', 0),
(2757, 176, 'Lipetsk', 'LI', 0),
(2758, 176, 'Magadan', 'MA', 0),
(2759, 176, 'Makhachkala', 'MK', 0),
(2760, 176, 'Maykop', 'MY', 0),
(2761, 176, 'Moscow', 'MO', 0),
(2762, 176, 'Murmansk', 'MU', 0),
(2763, 176, 'Nalchik', 'NA', 0),
(2764, 176, 'Naryan Mar', 'NR', 0),
(2765, 176, 'Nazran', 'NZ', 0),
(2766, 176, 'Nizhniy Novgorod', 'NI', 0),
(2767, 176, 'Novgorod', 'NO', 0),
(2768, 176, 'Novosibirsk', 'NV', 0),
(2769, 176, 'Omsk', 'OM', 0),
(2770, 176, 'Orel', 'OR', 0),
(2771, 176, 'Orenburg', 'OE', 0),
(2772, 176, 'Palana', 'PA', 0),
(2773, 176, 'Penza', 'PE', 0),
(2774, 176, 'Perm', 'PR', 0),
(2775, 176, 'Petropavlovsk-Kamchatskiy', 'PK', 0),
(2776, 176, 'Petrozavodsk', 'PT', 0),
(2777, 176, 'Pskov', 'PS', 0),
(2778, 176, 'Rostov-na-Donu', 'RO', 0),
(2779, 176, 'Ryazan', 'RY', 0),
(2780, 176, 'Salekhard', 'SL', 0),
(2781, 176, 'Samara', 'SA', 0),
(2782, 176, 'Saransk', 'SR', 0),
(2783, 176, 'Saratov', 'SV', 0),
(2784, 176, 'Smolensk', 'SM', 0),
(2785, 176, 'St. Petersburg', 'SP', 0),
(2786, 176, 'Stavropol', 'ST', 0),
(2787, 176, 'Syktyvkar', 'SY', 0),
(2788, 176, 'Tambov', 'TA', 0),
(2789, 176, 'Tomsk', 'TO', 0),
(2790, 176, 'Tula', 'TU', 0),
(2791, 176, 'Tura', 'TR', 0),
(2792, 176, 'Tver', 'TV', 0),
(2793, 176, 'Tyumen', 'TY', 0),
(2794, 176, 'Ufa', 'UF', 0),
(2795, 176, 'Ul\'yanovsk', 'UL', 0),
(2796, 176, 'Ulan-Ude', 'UU', 0),
(2797, 176, 'Ust\'-Ordynskiy', 'US', 0),
(2798, 176, 'Vladikavkaz', 'VL', 0),
(2799, 176, 'Vladimir', 'VA', 0),
(2800, 176, 'Vladivostok', 'VV', 0),
(2801, 176, 'Volgograd', 'VG', 0),
(2802, 176, 'Vologda', 'VD', 0),
(2803, 176, 'Voronezh', 'VO', 0),
(2804, 176, 'Vyatka', 'VY', 0),
(2805, 176, 'Yakutsk', 'YA', 0),
(2806, 176, 'Yaroslavl', 'YR', 0),
(2807, 176, 'Yekaterinburg', 'YE', 0),
(2808, 176, 'Yoshkar-Ola', 'YO', 0),
(2809, 177, 'Butare', 'BU', 0),
(2810, 177, 'Byumba', 'BY', 0),
(2811, 177, 'Cyangugu', 'CY', 0),
(2812, 177, 'Gikongoro', 'GK', 0),
(2813, 177, 'Gisenyi', 'GS', 0),
(2814, 177, 'Gitarama', 'GT', 0),
(2815, 177, 'Kibungo', 'KG', 0),
(2816, 177, 'Kibuye', 'KY', 0),
(2817, 177, 'Kigali Rurale', 'KR', 0),
(2818, 177, 'Kigali-ville', 'KV', 0),
(2819, 177, 'Ruhengeri', 'RU', 0),
(2820, 177, 'Umutara', 'UM', 0),
(2821, 178, 'Christ Church Nichola Town', 'CCN', 0),
(2822, 178, 'Saint Anne Sandy Point', 'SAS', 0),
(2823, 178, 'Saint George Basseterre', 'SGB', 0),
(2824, 178, 'Saint George Gingerland', 'SGG', 0),
(2825, 178, 'Saint James Windward', 'SJW', 0),
(2826, 178, 'Saint John Capesterre', 'SJC', 0),
(2827, 178, 'Saint John Figtree', 'SJF', 0),
(2828, 178, 'Saint Mary Cayon', 'SMC', 0),
(2829, 178, 'Saint Paul Capesterre', 'CAP', 0),
(2830, 178, 'Saint Paul Charlestown', 'CHA', 0),
(2831, 178, 'Saint Peter Basseterre', 'SPB', 0),
(2832, 178, 'Saint Thomas Lowland', 'STL', 0),
(2833, 178, 'Saint Thomas Middle Island', 'STM', 0),
(2834, 178, 'Trinity Palmetto Point', 'TPP', 0),
(2835, 179, 'Anse-la-Raye', 'AR', 0),
(2836, 179, 'Castries', 'CA', 0),
(2837, 179, 'Choiseul', 'CH', 0),
(2838, 179, 'Dauphin', 'DA', 0),
(2839, 179, 'Dennery', 'DE', 0),
(2840, 179, 'Gros-Islet', 'GI', 0),
(2841, 179, 'Laborie', 'LA', 0),
(2842, 179, 'Micoud', 'MI', 0),
(2843, 179, 'Praslin', 'PR', 0),
(2844, 179, 'Soufriere', 'SO', 0),
(2845, 179, 'Vieux-Fort', 'VF', 0),
(2846, 180, 'Charlotte', 'C', 0),
(2847, 180, 'Grenadines', 'R', 0),
(2848, 180, 'Saint Andrew', 'A', 0),
(2849, 180, 'Saint David', 'D', 0),
(2850, 180, 'Saint George', 'G', 0),
(2851, 180, 'Saint Patrick', 'P', 0),
(2852, 181, 'A\'ana', 'AN', 0),
(2853, 181, 'Aiga-i-le-Tai', 'AI', 0),
(2854, 181, 'Atua', 'AT', 0),
(2855, 181, 'Fa\'asaleleaga', 'FA', 0),
(2856, 181, 'Gaga\'emauga', 'GE', 0),
(2857, 181, 'Gagaifomauga', 'GF', 0),
(2858, 181, 'Palauli', 'PA', 0),
(2859, 181, 'Satupa\'itea', 'SA', 0),
(2860, 181, 'Tuamasaga', 'TU', 0),
(2861, 181, 'Va\'a-o-Fonoti', 'VF', 0),
(2862, 181, 'Vaisigano', 'VS', 0),
(2863, 182, 'Acquaviva', 'AC', 0),
(2864, 182, 'Borgo Maggiore', 'BM', 0),
(2865, 182, 'Chiesanuova', 'CH', 0),
(2866, 182, 'Domagnano', 'DO', 0),
(2867, 182, 'Faetano', 'FA', 0),
(2868, 182, 'Fiorentino', 'FI', 0),
(2869, 182, 'Montegiardino', 'MO', 0),
(2870, 182, 'Citta di San Marino', 'SM', 0),
(2871, 182, 'Serravalle', 'SE', 0),
(2872, 183, 'Sao Tome', 'S', 0),
(2873, 183, 'Principe', 'P', 0),
(2874, 184, 'Al Bahah', 'BH', 0),
(2875, 184, 'Al Hudud ash Shamaliyah', 'HS', 0),
(2876, 184, 'Al Jawf', 'JF', 0),
(2877, 184, 'Al Madinah', 'MD', 0),
(2878, 184, 'Al Qasim', 'QS', 0),
(2879, 184, 'Ar Riyad', 'RD', 0),
(2880, 184, 'Ash Sharqiyah (Eastern)', 'AQ', 0),
(2881, 184, '\'Asir', 'AS', 0),
(2882, 184, 'Ha\'il', 'HL', 0),
(2883, 184, 'Jizan', 'JZ', 0),
(2884, 184, 'Makkah', 'ML', 0),
(2885, 184, 'Najran', 'NR', 0),
(2886, 184, 'Tabuk', 'TB', 0),
(2887, 185, 'Dakar', 'DA', 0),
(2888, 185, 'Diourbel', 'DI', 0),
(2889, 185, 'Fatick', 'FA', 0),
(2890, 185, 'Kaolack', 'KA', 0),
(2891, 185, 'Kolda', 'KO', 0),
(2892, 185, 'Louga', 'LO', 0),
(2893, 185, 'Matam', 'MA', 0),
(2894, 185, 'Saint-Louis', 'SL', 0),
(2895, 185, 'Tambacounda', 'TA', 0),
(2896, 185, 'Thies', 'TH', 0),
(2897, 185, 'Ziguinchor', 'ZI', 0),
(2898, 186, 'Anse aux Pins', 'AP', 0),
(2899, 186, 'Anse Boileau', 'AB', 0),
(2900, 186, 'Anse Etoile', 'AE', 0),
(2901, 186, 'Anse Louis', 'AL', 0),
(2902, 186, 'Anse Royale', 'AR', 0),
(2903, 186, 'Baie Lazare', 'BL', 0),
(2904, 186, 'Baie Sainte Anne', 'BS', 0),
(2905, 186, 'Beau Vallon', 'BV', 0),
(2906, 186, 'Bel Air', 'BA', 0),
(2907, 186, 'Bel Ombre', 'BO', 0),
(2908, 186, 'Cascade', 'CA', 0),
(2909, 186, 'Glacis', 'GL', 0),
(2910, 186, 'Grand\' Anse (on Mahe)', 'GM', 0),
(2911, 186, 'Grand\' Anse (on Praslin)', 'GP', 0),
(2912, 186, 'La Digue', 'DG', 0),
(2913, 186, 'La Riviere Anglaise', 'RA', 0),
(2914, 186, 'Mont Buxton', 'MB', 0),
(2915, 186, 'Mont Fleuri', 'MF', 0),
(2916, 186, 'Plaisance', 'PL', 0),
(2917, 186, 'Pointe La Rue', 'PR', 0),
(2918, 186, 'Port Glaud', 'PG', 0),
(2919, 186, 'Saint Louis', 'SL', 0),
(2920, 186, 'Takamaka', 'TA', 0),
(2921, 187, 'Eastern', 'E', 0),
(2922, 187, 'Northern', 'N', 0),
(2923, 187, 'Southern', 'S', 0),
(2924, 187, 'Western', 'W', 0),
(2925, 189, 'Banskobystrický', 'BA', 0),
(2926, 189, 'Bratislavský', 'BR', 0),
(2927, 189, 'Košický', 'KO', 0),
(2928, 189, 'Nitriansky', 'NI', 0),
(2929, 189, 'Prešovský', 'PR', 0),
(2930, 189, 'Trenčiansky', 'TC', 0),
(2931, 189, 'Trnavský', 'TV', 0),
(2932, 189, 'Žilinský', 'ZI', 0),
(2933, 191, 'Central', 'CE', 0),
(2934, 191, 'Choiseul', 'CH', 0),
(2935, 191, 'Guadalcanal', 'GC', 0),
(2936, 191, 'Honiara', 'HO', 0),
(2937, 191, 'Isabel', 'IS', 0),
(2938, 191, 'Makira', 'MK', 0),
(2939, 191, 'Malaita', 'ML', 0),
(2940, 191, 'Rennell and Bellona', 'RB', 0),
(2941, 191, 'Temotu', 'TM', 0),
(2942, 191, 'Western', 'WE', 0),
(2943, 192, 'Awdal', 'AW', 0),
(2944, 192, 'Bakool', 'BK', 0),
(2945, 192, 'Banaadir', 'BN', 0),
(2946, 192, 'Bari', 'BR', 0),
(2947, 192, 'Bay', 'BY', 0),
(2948, 192, 'Galguduud', 'GA', 0),
(2949, 192, 'Gedo', 'GE', 0),
(2950, 192, 'Hiiraan', 'HI', 0),
(2951, 192, 'Jubbada Dhexe', 'JD', 0),
(2952, 192, 'Jubbada Hoose', 'JH', 0),
(2953, 192, 'Mudug', 'MU', 0),
(2954, 192, 'Nugaal', 'NU', 0),
(2955, 192, 'Sanaag', 'SA', 0),
(2956, 192, 'Shabeellaha Dhexe', 'SD', 0),
(2957, 192, 'Shabeellaha Hoose', 'SH', 0),
(2958, 192, 'Sool', 'SL', 0),
(2959, 192, 'Togdheer', 'TO', 0),
(2960, 192, 'Woqooyi Galbeed', 'WG', 0),
(2961, 193, 'Eastern Cape', 'EC', 0),
(2962, 193, 'Free State', 'FS', 0),
(2963, 193, 'Gauteng', 'GT', 0),
(2964, 193, 'KwaZulu-Natal', 'KN', 0),
(2965, 193, 'Limpopo', 'LP', 0),
(2966, 193, 'Mpumalanga', 'MP', 0),
(2967, 193, 'North West', 'NW', 0),
(2968, 193, 'Northern Cape', 'NC', 0),
(2969, 193, 'Western Cape', 'WC', 0),
(2970, 195, 'La Coru&ntilde;a', 'CA', 0),
(2971, 195, '&Aacute;lava', 'AL', 0),
(2972, 195, 'Albacete', 'AB', 0),
(2973, 195, 'Alicante', 'AC', 0),
(2974, 195, 'Almeria', 'AM', 0),
(2975, 195, 'Asturias', 'AS', 0),
(2976, 195, '&Aacute;vila', 'AV', 0),
(2977, 195, 'Badajoz', 'BJ', 0),
(2978, 195, 'Baleares', 'IB', 0),
(2979, 195, 'Barcelona', 'BA', 0),
(2980, 195, 'Burgos', 'BU', 0),
(2981, 195, 'C&aacute;ceres', 'CC', 0),
(2982, 195, 'C&aacute;diz', 'CZ', 0),
(2983, 195, 'Cantabria', 'CT', 0),
(2984, 195, 'Castell&oacute;n', 'CL', 0),
(2985, 195, 'Ceuta', 'CE', 0),
(2986, 195, 'Ciudad Real', 'CR', 0),
(2987, 195, 'C&oacute;rdoba', 'CD', 0),
(2988, 195, 'Cuenca', 'CU', 0),
(2989, 195, 'Girona', 'GI', 0),
(2990, 195, 'Granada', 'GD', 0),
(2991, 195, 'Guadalajara', 'GJ', 0),
(2992, 195, 'Guip&uacute;zcoa', 'GP', 0),
(2993, 195, 'Huelva', 'HL', 0),
(2994, 195, 'Huesca', 'HS', 0),
(2995, 195, 'Ja&eacute;n', 'JN', 0),
(2996, 195, 'La Rioja', 'RJ', 0),
(2997, 195, 'Las Palmas', 'PM', 0),
(2998, 195, 'Leon', 'LE', 0),
(2999, 195, 'Lleida', 'LL', 0),
(3000, 195, 'Lugo', 'LG', 0),
(3001, 195, 'Madrid', 'MD', 0),
(3002, 195, 'Malaga', 'MA', 0),
(3003, 195, 'Melilla', 'ML', 0),
(3004, 195, 'Murcia', 'MU', 0),
(3005, 195, 'Navarra', 'NV', 0),
(3006, 195, 'Ourense', 'OU', 0),
(3007, 195, 'Palencia', 'PL', 0),
(3008, 195, 'Pontevedra', 'PO', 0),
(3009, 195, 'Salamanca', 'SL', 0),
(3010, 195, 'Santa Cruz de Tenerife', 'SC', 0),
(3011, 195, 'Segovia', 'SG', 0),
(3012, 195, 'Sevilla', 'SV', 0),
(3013, 195, 'Soria', 'SO', 0),
(3014, 195, 'Tarragona', 'TA', 0),
(3015, 195, 'Teruel', 'TE', 0),
(3016, 195, 'Toledo', 'TO', 0),
(3017, 195, 'Valencia', 'VC', 0),
(3018, 195, 'Valladolid', 'VD', 0),
(3019, 195, 'Vizcaya', 'VZ', 0),
(3020, 195, 'Zamora', 'ZM', 0),
(3021, 195, 'Zaragoza', 'ZR', 0),
(3022, 196, 'Central', 'CE', 0),
(3023, 196, 'Eastern', 'EA', 0),
(3024, 196, 'North Central', 'NC', 0),
(3025, 196, 'Northern', 'NO', 0),
(3026, 196, 'North Western', 'NW', 0),
(3027, 196, 'Sabaragamuwa', 'SA', 0),
(3028, 196, 'Southern', 'SO', 0),
(3029, 196, 'Uva', 'UV', 0),
(3030, 196, 'Western', 'WE', 0),
(3032, 197, 'Saint Helena', 'S', 0),
(3034, 199, 'A\'ali an Nil', 'ANL', 0),
(3035, 199, 'Al Bahr al Ahmar', 'BAM', 0),
(3036, 199, 'Al Buhayrat', 'BRT', 0),
(3037, 199, 'Al Jazirah', 'JZR', 0),
(3038, 199, 'Al Khartum', 'KRT', 0),
(3039, 199, 'Al Qadarif', 'QDR', 0),
(3040, 199, 'Al Wahdah', 'WDH', 0),
(3041, 199, 'An Nil al Abyad', 'ANB', 0),
(3042, 199, 'An Nil al Azraq', 'ANZ', 0),
(3043, 199, 'Ash Shamaliyah', 'ASH', 0),
(3044, 199, 'Bahr al Jabal', 'BJA', 0),
(3045, 199, 'Gharb al Istiwa\'iyah', 'GIS', 0),
(3046, 199, 'Gharb Bahr al Ghazal', 'GBG', 0),
(3047, 199, 'Gharb Darfur', 'GDA', 0),
(3048, 199, 'Gharb Kurdufan', 'GKU', 0),
(3049, 199, 'Janub Darfur', 'JDA', 0),
(3050, 199, 'Janub Kurdufan', 'JKU', 0),
(3051, 199, 'Junqali', 'JQL', 0),
(3052, 199, 'Kassala', 'KSL', 0),
(3053, 199, 'Nahr an Nil', 'NNL', 0),
(3054, 199, 'Shamal Bahr al Ghazal', 'SBG', 0),
(3055, 199, 'Shamal Darfur', 'SDA', 0),
(3056, 199, 'Shamal Kurdufan', 'SKU', 0),
(3057, 199, 'Sharq al Istiwa\'iyah', 'SIS', 0),
(3058, 199, 'Sinnar', 'SNR', 0),
(3059, 199, 'Warab', 'WRB', 0),
(3060, 200, 'Brokopondo', 'BR', 0),
(3061, 200, 'Commewijne', 'CM', 0),
(3062, 200, 'Coronie', 'CR', 0),
(3063, 200, 'Marowijne', 'MA', 0),
(3064, 200, 'Nickerie', 'NI', 0),
(3065, 200, 'Para', 'PA', 0),
(3066, 200, 'Paramaribo', 'PM', 0),
(3067, 200, 'Saramacca', 'SA', 0),
(3068, 200, 'Sipaliwini', 'SI', 0),
(3069, 200, 'Wanica', 'WA', 0),
(3070, 202, 'Hhohho', 'H', 0),
(3071, 202, 'Lubombo', 'L', 0),
(3072, 202, 'Manzini', 'M', 0),
(3073, 202, 'Shishelweni', 'S', 0),
(3074, 203, 'Blekinge', 'K', 0),
(3075, 203, 'Dalarna', 'W', 0),
(3076, 203, 'G&auml;vleborg', 'X', 0),
(3077, 203, 'Gotland', 'I', 0),
(3078, 203, 'Halland', 'N', 0),
(3079, 203, 'J&auml;mtland', 'Z', 0),
(3080, 203, 'J&ouml;nk&ouml;ping', 'F', 0),
(3081, 203, 'Kalmar', 'H', 0),
(3082, 203, 'Kronoberg', 'G', 0),
(3083, 203, 'Norrbotten', 'BD', 0),
(3084, 203, '&Ouml;rebro', 'T', 0),
(3085, 203, '&Ouml;sterg&ouml;tland', 'E', 0),
(3086, 203, 'Sk&aring;ne', 'M', 0),
(3087, 203, 'S&ouml;dermanland', 'D', 0),
(3088, 203, 'Stockholm', 'AB', 0),
(3089, 203, 'Uppsala', 'C', 0),
(3090, 203, 'V&auml;rmland', 'S', 0),
(3091, 203, 'V&auml;sterbotten', 'AC', 0),
(3092, 203, 'V&auml;sternorrland', 'Y', 0),
(3093, 203, 'V&auml;stmanland', 'U', 0),
(3094, 203, 'V&auml;stra G&ouml;taland', 'O', 0),
(3095, 204, 'Aargau', 'AG', 0),
(3096, 204, 'Appenzell Ausserrhoden', 'AR', 0),
(3097, 204, 'Appenzell Innerrhoden', 'AI', 0),
(3098, 204, 'Basel-Stadt', 'BS', 0),
(3099, 204, 'Basel-Landschaft', 'BL', 0),
(3100, 204, 'Bern', 'BE', 0),
(3101, 204, 'Fribourg', 'FR', 0),
(3102, 204, 'Gen&egrave;ve', 'GE', 0),
(3103, 204, 'Glarus', 'GL', 0),
(3104, 204, 'Graub&uuml;nden', 'GR', 0),
(3105, 204, 'Jura', 'JU', 0),
(3106, 204, 'Luzern', 'LU', 0),
(3107, 204, 'Neuch&acirc;tel', 'NE', 0),
(3108, 204, 'Nidwald', 'NW', 0),
(3109, 204, 'Obwald', 'OW', 0),
(3110, 204, 'St. Gallen', 'SG', 0),
(3111, 204, 'Schaffhausen', 'SH', 0),
(3112, 204, 'Schwyz', 'SZ', 0),
(3113, 204, 'Solothurn', 'SO', 0),
(3114, 204, 'Thurgau', 'TG', 0),
(3115, 204, 'Ticino', 'TI', 0),
(3116, 204, 'Uri', 'UR', 0),
(3117, 204, 'Valais', 'VS', 0),
(3118, 204, 'Vaud', 'VD', 0),
(3119, 204, 'Zug', 'ZG', 0),
(3120, 204, 'Z&uuml;rich', 'ZH', 0),
(3121, 205, 'Al Hasakah', 'HA', 0),
(3122, 205, 'Al Ladhiqiyah', 'LA', 0),
(3123, 205, 'Al Qunaytirah', 'QU', 0),
(3124, 205, 'Ar Raqqah', 'RQ', 0),
(3125, 205, 'As Suwayda', 'SU', 0),
(3126, 205, 'Dara', 'DA', 0),
(3127, 205, 'Dayr az Zawr', 'DZ', 0),
(3128, 205, 'Dimashq', 'DI', 0),
(3129, 205, 'Halab', 'HL', 0),
(3130, 205, 'Hamah', 'HM', 0),
(3131, 205, 'Hims', 'HI', 0),
(3132, 205, 'Idlib', 'ID', 0);
INSERT INTO `oc_zone` (`zone_id`, `country_id`, `name`, `code`, `status`) VALUES
(3133, 205, 'Rif Dimashq', 'RD', 0),
(3134, 205, 'Tartus', 'TA', 0),
(3135, 206, 'Chang-hua', 'CH', 0),
(3136, 206, 'Chia-i', 'CI', 0),
(3137, 206, 'Hsin-chu', 'HS', 0),
(3138, 206, 'Hua-lien', 'HL', 0),
(3139, 206, 'I-lan', 'IL', 0),
(3140, 206, 'Kao-hsiung county', 'KH', 0),
(3141, 206, 'Kin-men', 'KM', 0),
(3142, 206, 'Lien-chiang', 'LC', 0),
(3143, 206, 'Miao-li', 'ML', 0),
(3144, 206, 'Nan-t\'ou', 'NT', 0),
(3145, 206, 'P\'eng-hu', 'PH', 0),
(3146, 206, 'P\'ing-tung', 'PT', 0),
(3147, 206, 'T\'ai-chung', 'TG', 0),
(3148, 206, 'T\'ai-nan', 'TA', 0),
(3149, 206, 'T\'ai-pei county', 'TP', 0),
(3150, 206, 'T\'ai-tung', 'TT', 0),
(3151, 206, 'T\'ao-yuan', 'TY', 0),
(3152, 206, 'Yun-lin', 'YL', 0),
(3153, 206, 'Chia-i city', 'CC', 0),
(3154, 206, 'Chi-lung', 'CL', 0),
(3155, 206, 'Hsin-chu', 'HC', 0),
(3156, 206, 'T\'ai-chung', 'TH', 0),
(3157, 206, 'T\'ai-nan', 'TN', 0),
(3158, 206, 'Kao-hsiung city', 'KC', 0),
(3159, 206, 'T\'ai-pei city', 'TC', 0),
(3160, 207, 'Gorno-Badakhstan', 'GB', 0),
(3161, 207, 'Khatlon', 'KT', 0),
(3162, 207, 'Sughd', 'SU', 0),
(3163, 208, 'Arusha', 'AR', 0),
(3164, 208, 'Dar es Salaam', 'DS', 0),
(3165, 208, 'Dodoma', 'DO', 0),
(3166, 208, 'Iringa', 'IR', 0),
(3167, 208, 'Kagera', 'KA', 0),
(3168, 208, 'Kigoma', 'KI', 0),
(3169, 208, 'Kilimanjaro', 'KJ', 0),
(3170, 208, 'Lindi', 'LN', 0),
(3171, 208, 'Manyara', 'MY', 0),
(3172, 208, 'Mara', 'MR', 0),
(3173, 208, 'Mbeya', 'MB', 0),
(3174, 208, 'Morogoro', 'MO', 0),
(3175, 208, 'Mtwara', 'MT', 0),
(3176, 208, 'Mwanza', 'MW', 0),
(3177, 208, 'Pemba North', 'PN', 0),
(3178, 208, 'Pemba South', 'PS', 0),
(3179, 208, 'Pwani', 'PW', 0),
(3180, 208, 'Rukwa', 'RK', 0),
(3181, 208, 'Ruvuma', 'RV', 0),
(3182, 208, 'Shinyanga', 'SH', 0),
(3183, 208, 'Singida', 'SI', 0),
(3184, 208, 'Tabora', 'TB', 0),
(3185, 208, 'Tanga', 'TN', 0),
(3186, 208, 'Zanzibar Central/South', 'ZC', 0),
(3187, 208, 'Zanzibar North', 'ZN', 0),
(3188, 208, 'Zanzibar Urban/West', 'ZU', 0),
(3189, 209, 'Amnat Charoen', 'Amnat Charoen', 0),
(3190, 209, 'Ang Thong', 'Ang Thong', 0),
(3191, 209, 'Ayutthaya', 'Ayutthaya', 0),
(3192, 209, 'Bangkok', 'Bangkok', 0),
(3193, 209, 'Buriram', 'Buriram', 0),
(3194, 209, 'Chachoengsao', 'Chachoengsao', 0),
(3195, 209, 'Chai Nat', 'Chai Nat', 0),
(3196, 209, 'Chaiyaphum', 'Chaiyaphum', 0),
(3197, 209, 'Chanthaburi', 'Chanthaburi', 0),
(3198, 209, 'Chiang Mai', 'Chiang Mai', 0),
(3199, 209, 'Chiang Rai', 'Chiang Rai', 0),
(3200, 209, 'Chon Buri', 'Chon Buri', 0),
(3201, 209, 'Chumphon', 'Chumphon', 0),
(3202, 209, 'Kalasin', 'Kalasin', 0),
(3203, 209, 'Kamphaeng Phet', 'Kamphaeng Phet', 0),
(3204, 209, 'Kanchanaburi', 'Kanchanaburi', 0),
(3205, 209, 'Khon Kaen', 'Khon Kaen', 0),
(3206, 209, 'Krabi', 'Krabi', 0),
(3207, 209, 'Lampang', 'Lampang', 0),
(3208, 209, 'Lamphun', 'Lamphun', 0),
(3209, 209, 'Loei', 'Loei', 0),
(3210, 209, 'Lop Buri', 'Lop Buri', 0),
(3211, 209, 'Mae Hong Son', 'Mae Hong Son', 0),
(3212, 209, 'Maha Sarakham', 'Maha Sarakham', 0),
(3213, 209, 'Mukdahan', 'Mukdahan', 0),
(3214, 209, 'Nakhon Nayok', 'Nakhon Nayok', 0),
(3215, 209, 'Nakhon Pathom', 'Nakhon Pathom', 0),
(3216, 209, 'Nakhon Phanom', 'Nakhon Phanom', 0),
(3217, 209, 'Nakhon Ratchasima', 'Nakhon Ratchasima', 0),
(3218, 209, 'Nakhon Sawan', 'Nakhon Sawan', 0),
(3219, 209, 'Nakhon Si Thammarat', 'Nakhon Si Thammarat', 0),
(3220, 209, 'Nan', 'Nan', 0),
(3221, 209, 'Narathiwat', 'Narathiwat', 0),
(3222, 209, 'Nong Bua Lamphu', 'Nong Bua Lamphu', 0),
(3223, 209, 'Nong Khai', 'Nong Khai', 0),
(3224, 209, 'Nonthaburi', 'Nonthaburi', 0),
(3225, 209, 'Pathum Thani', 'Pathum Thani', 0),
(3226, 209, 'Pattani', 'Pattani', 0),
(3227, 209, 'Phangnga', 'Phangnga', 0),
(3228, 209, 'Phatthalung', 'Phatthalung', 0),
(3229, 209, 'Phayao', 'Phayao', 0),
(3230, 209, 'Phetchabun', 'Phetchabun', 0),
(3231, 209, 'Phetchaburi', 'Phetchaburi', 0),
(3232, 209, 'Phichit', 'Phichit', 0),
(3233, 209, 'Phitsanulok', 'Phitsanulok', 0),
(3234, 209, 'Phrae', 'Phrae', 0),
(3235, 209, 'Phuket', 'Phuket', 0),
(3236, 209, 'Prachin Buri', 'Prachin Buri', 0),
(3237, 209, 'Prachuap Khiri Khan', 'Prachuap Khiri Khan', 0),
(3238, 209, 'Ranong', 'Ranong', 0),
(3239, 209, 'Ratchaburi', 'Ratchaburi', 0),
(3240, 209, 'Rayong', 'Rayong', 0),
(3241, 209, 'Roi Et', 'Roi Et', 0),
(3242, 209, 'Sa Kaeo', 'Sa Kaeo', 0),
(3243, 209, 'Sakon Nakhon', 'Sakon Nakhon', 0),
(3244, 209, 'Samut Prakan', 'Samut Prakan', 0),
(3245, 209, 'Samut Sakhon', 'Samut Sakhon', 0),
(3246, 209, 'Samut Songkhram', 'Samut Songkhram', 0),
(3247, 209, 'Sara Buri', 'Sara Buri', 0),
(3248, 209, 'Satun', 'Satun', 0),
(3249, 209, 'Sing Buri', 'Sing Buri', 0),
(3250, 209, 'Sisaket', 'Sisaket', 0),
(3251, 209, 'Songkhla', 'Songkhla', 0),
(3252, 209, 'Sukhothai', 'Sukhothai', 0),
(3253, 209, 'Suphan Buri', 'Suphan Buri', 0),
(3254, 209, 'Surat Thani', 'Surat Thani', 0),
(3255, 209, 'Surin', 'Surin', 0),
(3256, 209, 'Tak', 'Tak', 0),
(3257, 209, 'Trang', 'Trang', 0),
(3258, 209, 'Trat', 'Trat', 0),
(3259, 209, 'Ubon Ratchathani', 'Ubon Ratchathani', 0),
(3260, 209, 'Udon Thani', 'Udon Thani', 0),
(3261, 209, 'Uthai Thani', 'Uthai Thani', 0),
(3262, 209, 'Uttaradit', 'Uttaradit', 0),
(3263, 209, 'Yala', 'Yala', 0),
(3264, 209, 'Yasothon', 'Yasothon', 0),
(3265, 210, 'Kara', 'K', 0),
(3266, 210, 'Plateaux', 'P', 0),
(3267, 210, 'Savanes', 'S', 0),
(3268, 210, 'Centrale', 'C', 0),
(3269, 210, 'Maritime', 'M', 0),
(3270, 211, 'Atafu', 'A', 0),
(3271, 211, 'Fakaofo', 'F', 0),
(3272, 211, 'Nukunonu', 'N', 0),
(3273, 212, 'Ha\'apai', 'H', 0),
(3274, 212, 'Tongatapu', 'T', 0),
(3275, 212, 'Vava\'u', 'V', 0),
(3276, 213, 'Couva/Tabaquite/Talparo', 'CT', 0),
(3277, 213, 'Diego Martin', 'DM', 0),
(3278, 213, 'Mayaro/Rio Claro', 'MR', 0),
(3279, 213, 'Penal/Debe', 'PD', 0),
(3280, 213, 'Princes Town', 'PT', 0),
(3281, 213, 'Sangre Grande', 'SG', 0),
(3282, 213, 'San Juan/Laventille', 'SL', 0),
(3283, 213, 'Siparia', 'SI', 0),
(3284, 213, 'Tunapuna/Piarco', 'TP', 0),
(3285, 213, 'Port of Spain', 'PS', 0),
(3286, 213, 'San Fernando', 'SF', 0),
(3287, 213, 'Arima', 'AR', 0),
(3288, 213, 'Point Fortin', 'PF', 0),
(3289, 213, 'Chaguanas', 'CH', 0),
(3290, 213, 'Tobago', 'TO', 0),
(3291, 214, 'Ariana', 'AR', 0),
(3292, 214, 'Beja', 'BJ', 0),
(3293, 214, 'Ben Arous', 'BA', 0),
(3294, 214, 'Bizerte', 'BI', 0),
(3295, 214, 'Gabes', 'GB', 0),
(3296, 214, 'Gafsa', 'GF', 0),
(3297, 214, 'Jendouba', 'JE', 0),
(3298, 214, 'Kairouan', 'KR', 0),
(3299, 214, 'Kasserine', 'KS', 0),
(3300, 214, 'Kebili', 'KB', 0),
(3301, 214, 'Kef', 'KF', 0),
(3302, 214, 'Mahdia', 'MH', 0),
(3303, 214, 'Manouba', 'MN', 0),
(3304, 214, 'Medenine', 'ME', 0),
(3305, 214, 'Monastir', 'MO', 0),
(3306, 214, 'Nabeul', 'NA', 0),
(3307, 214, 'Sfax', 'SF', 0),
(3308, 214, 'Sidi', 'SD', 0),
(3309, 214, 'Siliana', 'SL', 0),
(3310, 214, 'Sousse', 'SO', 0),
(3311, 214, 'Tataouine', 'TA', 0),
(3312, 214, 'Tozeur', 'TO', 0),
(3313, 214, 'Tunis', 'TU', 0),
(3314, 214, 'Zaghouan', 'ZA', 0),
(3315, 215, 'Adana', 'ADA', 0),
(3316, 215, 'Adıyaman', 'ADI', 0),
(3317, 215, 'Afyonkarahisar', 'AFY', 0),
(3318, 215, 'Ağrı', 'AGR', 0),
(3319, 215, 'Aksaray', 'AKS', 0),
(3320, 215, 'Amasya', 'AMA', 0),
(3321, 215, 'Ankara', 'ANK', 0),
(3322, 215, 'Antalya', 'ANT', 0),
(3323, 215, 'Ardahan', 'ARD', 0),
(3324, 215, 'Artvin', 'ART', 0),
(3325, 215, 'Aydın', 'AYI', 0),
(3326, 215, 'Balıkesir', 'BAL', 0),
(3327, 215, 'Bartın', 'BAR', 0),
(3328, 215, 'Batman', 'BAT', 0),
(3329, 215, 'Bayburt', 'BAY', 0),
(3330, 215, 'Bilecik', 'BIL', 0),
(3331, 215, 'Bingöl', 'BIN', 0),
(3332, 215, 'Bitlis', 'BIT', 0),
(3333, 215, 'Bolu', 'BOL', 0),
(3334, 215, 'Burdur', 'BRD', 0),
(3335, 215, 'Bursa', 'BRS', 0),
(3336, 215, 'Çanakkale', 'CKL', 0),
(3337, 215, 'Çankırı', 'CKR', 0),
(3338, 215, 'Çorum', 'COR', 0),
(3339, 215, 'Denizli', 'DEN', 0),
(3340, 215, 'Diyarbakır', 'DIY', 0),
(3341, 215, 'Düzce', 'DUZ', 0),
(3342, 215, 'Edirne', 'EDI', 0),
(3343, 215, 'Elazığ', 'ELA', 0),
(3344, 215, 'Erzincan', 'EZC', 0),
(3345, 215, 'Erzurum', 'EZR', 0),
(3346, 215, 'Eskişehir', 'ESK', 0),
(3347, 215, 'Gaziantep', 'GAZ', 0),
(3348, 215, 'Giresun', 'GIR', 0),
(3349, 215, 'Gümüşhane', 'GMS', 0),
(3350, 215, 'Hakkari', 'HKR', 0),
(3351, 215, 'Hatay', 'HTY', 0),
(3352, 215, 'Iğdır', 'IGD', 0),
(3353, 215, 'Isparta', 'ISP', 0),
(3354, 215, 'İstanbul', 'IST', 0),
(3355, 215, 'İzmir', 'IZM', 0),
(3356, 215, 'Kahramanmaraş', 'KAH', 0),
(3357, 215, 'Karabük', 'KRB', 0),
(3358, 215, 'Karaman', 'KRM', 0),
(3359, 215, 'Kars', 'KRS', 0),
(3360, 215, 'Kastamonu', 'KAS', 0),
(3361, 215, 'Kayseri', 'KAY', 0),
(3362, 215, 'Kilis', 'KLS', 0),
(3363, 215, 'Kırıkkale', 'KRK', 0),
(3364, 215, 'Kırklareli', 'KLR', 0),
(3365, 215, 'Kırşehir', 'KRH', 0),
(3366, 215, 'Kocaeli', 'KOC', 0),
(3367, 215, 'Konya', 'KON', 0),
(3368, 215, 'Kütahya', 'KUT', 0),
(3369, 215, 'Malatya', 'MAL', 0),
(3370, 215, 'Manisa', 'MAN', 0),
(3371, 215, 'Mardin', 'MAR', 0),
(3372, 215, 'Mersin', 'MER', 0),
(3373, 215, 'Muğla', 'MUG', 0),
(3374, 215, 'Muş', 'MUS', 0),
(3375, 215, 'Nevşehir', 'NEV', 0),
(3376, 215, 'Niğde', 'NIG', 0),
(3377, 215, 'Ordu', 'ORD', 0),
(3378, 215, 'Osmaniye', 'OSM', 0),
(3379, 215, 'Rize', 'RIZ', 0),
(3380, 215, 'Sakarya', 'SAK', 0),
(3381, 215, 'Samsun', 'SAM', 0),
(3382, 215, 'Şanlıurfa', 'SAN', 0),
(3383, 215, 'Siirt', 'SII', 0),
(3384, 215, 'Sinop', 'SIN', 0),
(3385, 215, 'Şırnak', 'SIR', 0),
(3386, 215, 'Sivas', 'SIV', 0),
(3387, 215, 'Tekirdağ', 'TEL', 0),
(3388, 215, 'Tokat', 'TOK', 0),
(3389, 215, 'Trabzon', 'TRA', 0),
(3390, 215, 'Tunceli', 'TUN', 0),
(3391, 215, 'Uşak', 'USK', 0),
(3392, 215, 'Van', 'VAN', 0),
(3393, 215, 'Yalova', 'YAL', 0),
(3394, 215, 'Yozgat', 'YOZ', 0),
(3395, 215, 'Zonguldak', 'ZON', 0),
(3396, 216, 'Ahal Welayaty', 'A', 0),
(3397, 216, 'Balkan Welayaty', 'B', 0),
(3398, 216, 'Dashhowuz Welayaty', 'D', 0),
(3399, 216, 'Lebap Welayaty', 'L', 0),
(3400, 216, 'Mary Welayaty', 'M', 0),
(3401, 217, 'Ambergris Cays', 'AC', 0),
(3402, 217, 'Dellis Cay', 'DC', 0),
(3403, 217, 'French Cay', 'FC', 0),
(3404, 217, 'Little Water Cay', 'LW', 0),
(3405, 217, 'Parrot Cay', 'RC', 0),
(3406, 217, 'Pine Cay', 'PN', 0),
(3407, 217, 'Salt Cay', 'SL', 0),
(3408, 217, 'Grand Turk', 'GT', 0),
(3409, 217, 'South Caicos', 'SC', 0),
(3410, 217, 'East Caicos', 'EC', 0),
(3411, 217, 'Middle Caicos', 'MC', 0),
(3412, 217, 'North Caicos', 'NC', 0),
(3413, 217, 'Providenciales', 'PR', 0),
(3414, 217, 'West Caicos', 'WC', 0),
(3415, 218, 'Nanumanga', 'NMG', 0),
(3416, 218, 'Niulakita', 'NLK', 0),
(3417, 218, 'Niutao', 'NTO', 0),
(3418, 218, 'Funafuti', 'FUN', 0),
(3419, 218, 'Nanumea', 'NME', 0),
(3420, 218, 'Nui', 'NUI', 0),
(3421, 218, 'Nukufetau', 'NFT', 0),
(3422, 218, 'Nukulaelae', 'NLL', 0),
(3423, 218, 'Vaitupu', 'VAI', 0),
(3424, 219, 'Kalangala', 'KAL', 0),
(3425, 219, 'Kampala', 'KMP', 0),
(3426, 219, 'Kayunga', 'KAY', 0),
(3427, 219, 'Kiboga', 'KIB', 0),
(3428, 219, 'Luwero', 'LUW', 0),
(3429, 219, 'Masaka', 'MAS', 0),
(3430, 219, 'Mpigi', 'MPI', 0),
(3431, 219, 'Mubende', 'MUB', 0),
(3432, 219, 'Mukono', 'MUK', 0),
(3433, 219, 'Nakasongola', 'NKS', 0),
(3434, 219, 'Rakai', 'RAK', 0),
(3435, 219, 'Sembabule', 'SEM', 0),
(3436, 219, 'Wakiso', 'WAK', 0),
(3437, 219, 'Bugiri', 'BUG', 0),
(3438, 219, 'Busia', 'BUS', 0),
(3439, 219, 'Iganga', 'IGA', 0),
(3440, 219, 'Jinja', 'JIN', 0),
(3441, 219, 'Kaberamaido', 'KAB', 0),
(3442, 219, 'Kamuli', 'KML', 0),
(3443, 219, 'Kapchorwa', 'KPC', 0),
(3444, 219, 'Katakwi', 'KTK', 0),
(3445, 219, 'Kumi', 'KUM', 0),
(3446, 219, 'Mayuge', 'MAY', 0),
(3447, 219, 'Mbale', 'MBA', 0),
(3448, 219, 'Pallisa', 'PAL', 0),
(3449, 219, 'Sironko', 'SIR', 0),
(3450, 219, 'Soroti', 'SOR', 0),
(3451, 219, 'Tororo', 'TOR', 0),
(3452, 219, 'Adjumani', 'ADJ', 0),
(3453, 219, 'Apac', 'APC', 0),
(3454, 219, 'Arua', 'ARU', 0),
(3455, 219, 'Gulu', 'GUL', 0),
(3456, 219, 'Kitgum', 'KIT', 0),
(3457, 219, 'Kotido', 'KOT', 0),
(3458, 219, 'Lira', 'LIR', 0),
(3459, 219, 'Moroto', 'MRT', 0),
(3460, 219, 'Moyo', 'MOY', 0),
(3461, 219, 'Nakapiripirit', 'NAK', 0),
(3462, 219, 'Nebbi', 'NEB', 0),
(3463, 219, 'Pader', 'PAD', 0),
(3464, 219, 'Yumbe', 'YUM', 0),
(3465, 219, 'Bundibugyo', 'BUN', 0),
(3466, 219, 'Bushenyi', 'BSH', 0),
(3467, 219, 'Hoima', 'HOI', 0),
(3468, 219, 'Kabale', 'KBL', 0),
(3469, 219, 'Kabarole', 'KAR', 0),
(3470, 219, 'Kamwenge', 'KAM', 0),
(3471, 219, 'Kanungu', 'KAN', 0),
(3472, 219, 'Kasese', 'KAS', 0),
(3473, 219, 'Kibaale', 'KBA', 0),
(3474, 219, 'Kisoro', 'KIS', 0),
(3475, 219, 'Kyenjojo', 'KYE', 0),
(3476, 219, 'Masindi', 'MSN', 0),
(3477, 219, 'Mbarara', 'MBR', 0),
(3478, 219, 'Ntungamo', 'NTU', 0),
(3479, 219, 'Rukungiri', 'RUK', 0),
(3480, 220, 'Cherkas\'ka Oblast\'', '71', 0),
(3481, 220, 'Chernihivs\'ka Oblast\'', '74', 0),
(3482, 220, 'Chernivets\'ka Oblast\'', '77', 0),
(3483, 220, 'Crimea', '43', 0),
(3484, 220, 'Dnipropetrovs\'ka Oblast\'', '12', 0),
(3485, 220, 'Donets\'ka Oblast\'', '14', 0),
(3486, 220, 'Ivano-Frankivs\'ka Oblast\'', '26', 0),
(3487, 220, 'Khersons\'ka Oblast\'', '65', 0),
(3488, 220, 'Khmel\'nyts\'ka Oblast\'', '68', 0),
(3489, 220, 'Kirovohrads\'ka Oblast\'', '35', 0),
(3490, 220, 'Kyiv', '30', 0),
(3491, 220, 'Kyivs\'ka Oblast\'', '32', 0),
(3492, 220, 'Luhans\'ka Oblast\'', '09', 0),
(3493, 220, 'L\'vivs\'ka Oblast\'', '46', 0),
(3494, 220, 'Mykolayivs\'ka Oblast\'', '48', 0),
(3495, 220, 'Odes\'ka Oblast\'', '51', 0),
(3496, 220, 'Poltavs\'ka Oblast\'', '53', 0),
(3497, 220, 'Rivnens\'ka Oblast\'', '56', 0),
(3498, 220, 'Sevastopol\'', '40', 0),
(3499, 220, 'Sums\'ka Oblast\'', '59', 0),
(3500, 220, 'Ternopil\'s\'ka Oblast\'', '61', 0),
(3501, 220, 'Vinnyts\'ka Oblast\'', '05', 0),
(3502, 220, 'Volyns\'ka Oblast\'', '07', 0),
(3503, 220, 'Zakarpats\'ka Oblast\'', '21', 0),
(3504, 220, 'Zaporiz\'ka Oblast\'', '23', 0),
(3505, 220, 'Zhytomyrs\'ka oblast\'', '18', 0),
(3506, 221, 'Abu Dhabi', 'ADH', 0),
(3507, 221, '\'Ajman', 'AJ', 0),
(3508, 221, 'Al Fujayrah', 'FU', 0),
(3509, 221, 'Ash Shariqah', 'SH', 0),
(3510, 221, 'Dubai', 'DU', 0),
(3511, 221, 'R\'as al Khaymah', 'RK', 0),
(3512, 221, 'Umm al Qaywayn', 'UQ', 0),
(3513, 222, 'Aberdeen', 'ABN', 0),
(3514, 222, 'Aberdeenshire', 'ABNS', 0),
(3515, 222, 'Anglesey', 'ANG', 0),
(3516, 222, 'Angus', 'AGS', 0),
(3517, 222, 'Argyll and Bute', 'ARY', 0),
(3518, 222, 'Bedfordshire', 'BEDS', 0),
(3519, 222, 'Berkshire', 'BERKS', 0),
(3520, 222, 'Blaenau Gwent', 'BLA', 0),
(3521, 222, 'Bridgend', 'BRI', 0),
(3522, 222, 'Bristol', 'BSTL', 0),
(3523, 222, 'Buckinghamshire', 'BUCKS', 0),
(3524, 222, 'Caerphilly', 'CAE', 0),
(3525, 222, 'Cambridgeshire', 'CAMBS', 0),
(3526, 222, 'Cardiff', 'CDF', 0),
(3527, 222, 'Carmarthenshire', 'CARM', 0),
(3528, 222, 'Ceredigion', 'CDGN', 0),
(3529, 222, 'Cheshire', 'CHES', 0),
(3530, 222, 'Clackmannanshire', 'CLACK', 0),
(3531, 222, 'Conwy', 'CON', 0),
(3532, 222, 'Cornwall', 'CORN', 0),
(3533, 222, 'Denbighshire', 'DNBG', 0),
(3534, 222, 'Derbyshire', 'DERBY', 0),
(3535, 222, 'Devon', 'DVN', 0),
(3536, 222, 'Dorset', 'DOR', 0),
(3537, 222, 'Dumfries and Galloway', 'DGL', 0),
(3538, 222, 'Dundee', 'DUND', 0),
(3539, 222, 'Durham', 'DHM', 0),
(3540, 222, 'East Ayrshire', 'ARYE', 0),
(3541, 222, 'East Dunbartonshire', 'DUNBE', 0),
(3542, 222, 'East Lothian', 'LOTE', 0),
(3543, 222, 'East Renfrewshire', 'RENE', 0),
(3544, 222, 'East Riding of Yorkshire', 'ERYS', 0),
(3545, 222, 'East Sussex', 'SXE', 0),
(3546, 222, 'Edinburgh', 'EDIN', 0),
(3547, 222, 'Essex', 'ESX', 0),
(3548, 222, 'Falkirk', 'FALK', 0),
(3549, 222, 'Fife', 'FFE', 0),
(3550, 222, 'Flintshire', 'FLINT', 0),
(3551, 222, 'Glasgow', 'GLAS', 0),
(3552, 222, 'Gloucestershire', 'GLOS', 0),
(3553, 222, 'Greater London', 'LDN', 0),
(3554, 222, 'Greater Manchester', 'MCH', 0),
(3555, 222, 'Gwynedd', 'GDD', 0),
(3556, 222, 'Hampshire', 'HANTS', 0),
(3557, 222, 'Herefordshire', 'HWR', 0),
(3558, 222, 'Hertfordshire', 'HERTS', 0),
(3559, 222, 'Highlands', 'HLD', 0),
(3560, 222, 'Inverclyde', 'IVER', 0),
(3561, 222, 'Isle of Wight', 'IOW', 0),
(3562, 222, 'Kent', 'KNT', 0),
(3563, 222, 'Lancashire', 'LANCS', 0),
(3564, 222, 'Leicestershire', 'LEICS', 0),
(3565, 222, 'Lincolnshire', 'LINCS', 0),
(3566, 222, 'Merseyside', 'MSY', 0),
(3567, 222, 'Merthyr Tydfil', 'MERT', 0),
(3568, 222, 'Midlothian', 'MLOT', 0),
(3569, 222, 'Monmouthshire', 'MMOUTH', 0),
(3570, 222, 'Moray', 'MORAY', 0),
(3571, 222, 'Neath Port Talbot', 'NPRTAL', 0),
(3572, 222, 'Newport', 'NEWPT', 0),
(3573, 222, 'Norfolk', 'NOR', 0),
(3574, 222, 'North Ayrshire', 'ARYN', 0),
(3575, 222, 'North Lanarkshire', 'LANN', 0),
(3576, 222, 'North Yorkshire', 'YSN', 0),
(3577, 222, 'Northamptonshire', 'NHM', 0),
(3578, 222, 'Northumberland', 'NLD', 0),
(3579, 222, 'Nottinghamshire', 'NOT', 0),
(3580, 222, 'Orkney Islands', 'ORK', 0),
(3581, 222, 'Oxfordshire', 'OFE', 0),
(3582, 222, 'Pembrokeshire', 'PEM', 0),
(3583, 222, 'Perth and Kinross', 'PERTH', 0),
(3584, 222, 'Powys', 'PWS', 0),
(3585, 222, 'Renfrewshire', 'REN', 0),
(3586, 222, 'Rhondda Cynon Taff', 'RHON', 0),
(3587, 222, 'Rutland', 'RUT', 0),
(3588, 222, 'Scottish Borders', 'BOR', 0),
(3589, 222, 'Shetland Islands', 'SHET', 0),
(3590, 222, 'Shropshire', 'SPE', 0),
(3591, 222, 'Somerset', 'SOM', 0),
(3592, 222, 'South Ayrshire', 'ARYS', 0),
(3593, 222, 'South Lanarkshire', 'LANS', 0),
(3594, 222, 'South Yorkshire', 'YSS', 0),
(3595, 222, 'Staffordshire', 'SFD', 0),
(3596, 222, 'Stirling', 'STIR', 0),
(3597, 222, 'Suffolk', 'SFK', 0),
(3598, 222, 'Surrey', 'SRY', 0),
(3599, 222, 'Swansea', 'SWAN', 0),
(3600, 222, 'Torfaen', 'TORF', 0),
(3601, 222, 'Tyne and Wear', 'TWR', 0),
(3602, 222, 'Vale of Glamorgan', 'VGLAM', 0),
(3603, 222, 'Warwickshire', 'WARKS', 0),
(3604, 222, 'West Dunbartonshire', 'WDUN', 0),
(3605, 222, 'West Lothian', 'WLOT', 0),
(3606, 222, 'West Midlands', 'WMD', 0),
(3607, 222, 'West Sussex', 'SXW', 0),
(3608, 222, 'West Yorkshire', 'YSW', 0),
(3609, 222, 'Western Isles', 'WIL', 0),
(3610, 222, 'Wiltshire', 'WLT', 0),
(3611, 222, 'Worcestershire', 'WORCS', 0),
(3612, 222, 'Wrexham', 'WRX', 0),
(3613, 223, 'Alabama', 'AL', 0),
(3614, 223, 'Alaska', 'AK', 0),
(3615, 223, 'American Samoa', 'AS', 0),
(3616, 223, 'Arizona', 'AZ', 0),
(3617, 223, 'Arkansas', 'AR', 0),
(3618, 223, 'Armed Forces Africa', 'AF', 0),
(3619, 223, 'Armed Forces Americas', 'AA', 0),
(3620, 223, 'Armed Forces Canada', 'AC', 0),
(3621, 223, 'Armed Forces Europe', 'AE', 0),
(3622, 223, 'Armed Forces Middle East', 'AM', 0),
(3623, 223, 'Armed Forces Pacific', 'AP', 0),
(3624, 223, 'California', 'CA', 0),
(3625, 223, 'Colorado', 'CO', 0),
(3626, 223, 'Connecticut', 'CT', 0),
(3627, 223, 'Delaware', 'DE', 0),
(3628, 223, 'District of Columbia', 'DC', 0),
(3629, 223, 'Federated States Of Micronesia', 'FM', 0),
(3630, 223, 'Florida', 'FL', 0),
(3631, 223, 'Georgia', 'GA', 0),
(3632, 223, 'Guam', 'GU', 0),
(3633, 223, 'Hawaii', 'HI', 0),
(3634, 223, 'Idaho', 'ID', 0),
(3635, 223, 'Illinois', 'IL', 0),
(3636, 223, 'Indiana', 'IN', 0),
(3637, 223, 'Iowa', 'IA', 0),
(3638, 223, 'Kansas', 'KS', 0),
(3639, 223, 'Kentucky', 'KY', 0),
(3640, 223, 'Louisiana', 'LA', 0),
(3641, 223, 'Maine', 'ME', 0),
(3642, 223, 'Marshall Islands', 'MH', 0),
(3643, 223, 'Maryland', 'MD', 0),
(3644, 223, 'Massachusetts', 'MA', 0),
(3645, 223, 'Michigan', 'MI', 0),
(3646, 223, 'Minnesota', 'MN', 0),
(3647, 223, 'Mississippi', 'MS', 0),
(3648, 223, 'Missouri', 'MO', 0),
(3649, 223, 'Montana', 'MT', 0),
(3650, 223, 'Nebraska', 'NE', 0),
(3651, 223, 'Nevada', 'NV', 0),
(3652, 223, 'New Hampshire', 'NH', 0),
(3653, 223, 'New Jersey', 'NJ', 0),
(3654, 223, 'New Mexico', 'NM', 0),
(3655, 223, 'New York', 'NY', 0),
(3656, 223, 'North Carolina', 'NC', 0),
(3657, 223, 'North Dakota', 'ND', 0),
(3658, 223, 'Northern Mariana Islands', 'MP', 0),
(3659, 223, 'Ohio', 'OH', 0),
(3660, 223, 'Oklahoma', 'OK', 0),
(3661, 223, 'Oregon', 'OR', 0),
(3662, 223, 'Palau', 'PW', 0),
(3663, 223, 'Pennsylvania', 'PA', 0),
(3664, 223, 'Puerto Rico', 'PR', 0),
(3665, 223, 'Rhode Island', 'RI', 0),
(3666, 223, 'South Carolina', 'SC', 0),
(3667, 223, 'South Dakota', 'SD', 0),
(3668, 223, 'Tennessee', 'TN', 0),
(3669, 223, 'Texas', 'TX', 0),
(3670, 223, 'Utah', 'UT', 0),
(3671, 223, 'Vermont', 'VT', 0),
(3672, 223, 'Virgin Islands', 'VI', 0),
(3673, 223, 'Virginia', 'VA', 0),
(3674, 223, 'Washington', 'WA', 0),
(3675, 223, 'West Virginia', 'WV', 0),
(3676, 223, 'Wisconsin', 'WI', 0),
(3677, 223, 'Wyoming', 'WY', 0),
(3678, 224, 'Baker Island', 'BI', 0),
(3679, 224, 'Howland Island', 'HI', 0),
(3680, 224, 'Jarvis Island', 'JI', 0),
(3681, 224, 'Johnston Atoll', 'JA', 0),
(3682, 224, 'Kingman Reef', 'KR', 0),
(3683, 224, 'Midway Atoll', 'MA', 0),
(3684, 224, 'Navassa Island', 'NI', 0),
(3685, 224, 'Palmyra Atoll', 'PA', 0),
(3686, 224, 'Wake Island', 'WI', 0),
(3687, 225, 'Artigas', 'AR', 0),
(3688, 225, 'Canelones', 'CA', 0),
(3689, 225, 'Cerro Largo', 'CL', 0),
(3690, 225, 'Colonia', 'CO', 0),
(3691, 225, 'Durazno', 'DU', 0),
(3692, 225, 'Flores', 'FS', 0),
(3693, 225, 'Florida', 'FA', 0),
(3694, 225, 'Lavalleja', 'LA', 0),
(3695, 225, 'Maldonado', 'MA', 0),
(3696, 225, 'Montevideo', 'MO', 0),
(3697, 225, 'Paysandu', 'PA', 0),
(3698, 225, 'Rio Negro', 'RN', 0),
(3699, 225, 'Rivera', 'RV', 0),
(3700, 225, 'Rocha', 'RO', 0),
(3701, 225, 'Salto', 'SL', 0),
(3702, 225, 'San Jose', 'SJ', 0),
(3703, 225, 'Soriano', 'SO', 0),
(3704, 225, 'Tacuarembo', 'TA', 0),
(3705, 225, 'Treinta y Tres', 'TT', 0),
(3706, 226, 'Andijon', 'AN', 0),
(3707, 226, 'Buxoro', 'BU', 0),
(3708, 226, 'Farg\'ona', 'FA', 0),
(3709, 226, 'Jizzax', 'JI', 0),
(3710, 226, 'Namangan', 'NG', 0),
(3711, 226, 'Navoiy', 'NW', 0),
(3712, 226, 'Qashqadaryo', 'QA', 0),
(3713, 226, 'Qoraqalpog\'iston Republikasi', 'QR', 0),
(3714, 226, 'Samarqand', 'SA', 0),
(3715, 226, 'Sirdaryo', 'SI', 0),
(3716, 226, 'Surxondaryo', 'SU', 0),
(3717, 226, 'Toshkent City', 'TK', 0),
(3718, 226, 'Toshkent Region', 'TO', 0),
(3719, 226, 'Xorazm', 'XO', 0),
(3720, 227, 'Malampa', 'MA', 0),
(3721, 227, 'Penama', 'PE', 0),
(3722, 227, 'Sanma', 'SA', 0),
(3723, 227, 'Shefa', 'SH', 0),
(3724, 227, 'Tafea', 'TA', 0),
(3725, 227, 'Torba', 'TO', 0),
(3726, 229, 'Amazonas', 'AM', 0),
(3727, 229, 'Anzoategui', 'AN', 0),
(3728, 229, 'Apure', 'AP', 0),
(3729, 229, 'Aragua', 'AR', 0),
(3730, 229, 'Barinas', 'BA', 0),
(3731, 229, 'Bolivar', 'BO', 0),
(3732, 229, 'Carabobo', 'CA', 0),
(3733, 229, 'Cojedes', 'CO', 0),
(3734, 229, 'Delta Amacuro', 'DA', 0),
(3735, 229, 'Dependencias Federales', 'DF', 0),
(3736, 229, 'Distrito Federal', 'DI', 0),
(3737, 229, 'Falcon', 'FA', 0),
(3738, 229, 'Guarico', 'GU', 0),
(3739, 229, 'Lara', 'LA', 0),
(3740, 229, 'Merida', 'ME', 0),
(3741, 229, 'Miranda', 'MI', 0),
(3742, 229, 'Monagas', 'MO', 0),
(3743, 229, 'Nueva Esparta', 'NE', 0),
(3744, 229, 'Portuguesa', 'PO', 0),
(3745, 229, 'Sucre', 'SU', 0),
(3746, 229, 'Tachira', 'TA', 0),
(3747, 229, 'Trujillo', 'TR', 0),
(3748, 229, 'Vargas', 'VA', 0),
(3749, 229, 'Yaracuy', 'YA', 0),
(3750, 229, 'Zulia', 'ZU', 0),
(3751, 230, 'An Giang', 'AG', 0),
(3752, 230, 'Bac Giang', 'BG', 0),
(3753, 230, 'Bac Kan', 'BK', 0),
(3754, 230, 'Bac Lieu', 'BL', 0),
(3755, 230, 'Bac Ninh', 'BC', 0),
(3756, 230, 'Ba Ria-Vung Tau', 'BR', 0),
(3757, 230, 'Ben Tre', 'BN', 0),
(3758, 230, 'Binh Dinh', 'BH', 0),
(3759, 230, 'Binh Duong', 'BU', 0),
(3760, 230, 'Binh Phuoc', 'BP', 0),
(3761, 230, 'Binh Thuan', 'BT', 0),
(3762, 230, 'Ca Mau', 'CM', 0),
(3763, 230, 'Can Tho', 'CT', 0),
(3764, 230, 'Cao Bang', 'CB', 0),
(3765, 230, 'Dak Lak', 'DL', 0),
(3766, 230, 'Dak Nong', 'DG', 0),
(3767, 230, 'Da Nang', 'DN', 0),
(3768, 230, 'Dien Bien', 'DB', 0),
(3769, 230, 'Dong Nai', 'DI', 0),
(3770, 230, 'Dong Thap', 'DT', 0),
(3771, 230, 'Gia Lai', 'GL', 0),
(3772, 230, 'Ha Giang', 'HG', 0),
(3773, 230, 'Hai Duong', 'HD', 0),
(3774, 230, 'Hai Phong', 'HP', 0),
(3775, 230, 'Ha Nam', 'HM', 0),
(3776, 230, 'Ha Noi', 'HI', 0),
(3777, 230, 'Ha Tay', 'HT', 0),
(3778, 230, 'Ha Tinh', 'HH', 0),
(3779, 230, 'Hoa Binh', 'HB', 0),
(3780, 230, 'Ho Chi Minh City', 'HC', 0),
(3781, 230, 'Hau Giang', 'HU', 0),
(3782, 230, 'Hung Yen', 'HY', 0),
(3783, 232, 'Saint Croix', 'C', 0),
(3784, 232, 'Saint John', 'J', 0),
(3785, 232, 'Saint Thomas', 'T', 0),
(3786, 233, 'Alo', 'A', 0),
(3787, 233, 'Sigave', 'S', 0),
(3788, 233, 'Wallis', 'W', 0),
(3789, 235, 'Abyan', 'AB', 0),
(3790, 235, 'Adan', 'AD', 0),
(3791, 235, 'Amran', 'AM', 0),
(3792, 235, 'Al Bayda', 'BA', 0),
(3793, 235, 'Ad Dali', 'DA', 0),
(3794, 235, 'Dhamar', 'DH', 0),
(3795, 235, 'Hadramawt', 'HD', 0),
(3796, 235, 'Hajjah', 'HJ', 0),
(3797, 235, 'Al Hudaydah', 'HU', 0),
(3798, 235, 'Ibb', 'IB', 0),
(3799, 235, 'Al Jawf', 'JA', 0),
(3800, 235, 'Lahij', 'LA', 0),
(3801, 235, 'Ma\'rib', 'MA', 0),
(3802, 235, 'Al Mahrah', 'MR', 0),
(3803, 235, 'Al Mahwit', 'MW', 0),
(3804, 235, 'Sa\'dah', 'SD', 0),
(3805, 235, 'San\'a', 'SN', 0),
(3806, 235, 'Shabwah', 'SH', 0),
(3807, 235, 'Ta\'izz', 'TA', 0),
(3812, 237, 'Bas-Congo', 'BC', 0),
(3813, 237, 'Bandundu', 'BN', 0),
(3814, 237, 'Equateur', 'EQ', 0),
(3815, 237, 'Katanga', 'KA', 0),
(3816, 237, 'Kasai-Oriental', 'KE', 0),
(3817, 237, 'Kinshasa', 'KN', 0),
(3818, 237, 'Kasai-Occidental', 'KW', 0),
(3819, 237, 'Maniema', 'MA', 0),
(3820, 237, 'Nord-Kivu', 'NK', 0),
(3821, 237, 'Orientale', 'OR', 0),
(3822, 237, 'Sud-Kivu', 'SK', 0),
(3823, 238, 'Central', 'CE', 0),
(3824, 238, 'Copperbelt', 'CB', 0),
(3825, 238, 'Eastern', 'EA', 0),
(3826, 238, 'Luapula', 'LP', 0),
(3827, 238, 'Lusaka', 'LK', 0),
(3828, 238, 'Northern', 'NO', 0),
(3829, 238, 'North-Western', 'NW', 0),
(3830, 238, 'Southern', 'SO', 0),
(3831, 238, 'Western', 'WE', 0),
(3832, 239, 'Bulawayo', 'BU', 0),
(3833, 239, 'Harare', 'HA', 0),
(3834, 239, 'Manicaland', 'ML', 0),
(3835, 239, 'Mashonaland Central', 'MC', 0),
(3836, 239, 'Mashonaland East', 'ME', 0),
(3837, 239, 'Mashonaland West', 'MW', 0),
(3838, 239, 'Masvingo', 'MV', 0),
(3839, 239, 'Matabeleland North', 'MN', 0),
(3840, 239, 'Matabeleland South', 'MS', 0),
(3841, 239, 'Midlands', 'MD', 0),
(3861, 105, 'Campobasso', 'CB', 0),
(3862, 105, 'Carbonia-Iglesias', 'CI', 0),
(3863, 105, 'Caserta', 'CE', 0),
(3864, 105, 'Catania', 'CT', 0),
(3865, 105, 'Catanzaro', 'CZ', 0),
(3866, 105, 'Chieti', 'CH', 0),
(3867, 105, 'Como', 'CO', 0),
(3868, 105, 'Cosenza', 'CS', 0),
(3869, 105, 'Cremona', 'CR', 0),
(3870, 105, 'Crotone', 'KR', 0),
(3871, 105, 'Cuneo', 'CN', 0),
(3872, 105, 'Enna', 'EN', 0),
(3873, 105, 'Ferrara', 'FE', 0),
(3874, 105, 'Firenze', 'FI', 0),
(3875, 105, 'Foggia', 'FG', 0),
(3876, 105, 'Forli-Cesena', 'FC', 0),
(3877, 105, 'Frosinone', 'FR', 0),
(3878, 105, 'Genova', 'GE', 0),
(3879, 105, 'Gorizia', 'GO', 0),
(3880, 105, 'Grosseto', 'GR', 0),
(3881, 105, 'Imperia', 'IM', 0),
(3882, 105, 'Isernia', 'IS', 0),
(3883, 105, 'L&#39;Aquila', 'AQ', 0),
(3884, 105, 'La Spezia', 'SP', 0),
(3885, 105, 'Latina', 'LT', 0),
(3886, 105, 'Lecce', 'LE', 0),
(3887, 105, 'Lecco', 'LC', 0),
(3888, 105, 'Livorno', 'LI', 0),
(3889, 105, 'Lodi', 'LO', 0),
(3890, 105, 'Lucca', 'LU', 0),
(3891, 105, 'Macerata', 'MC', 0),
(3892, 105, 'Mantova', 'MN', 0),
(3893, 105, 'Massa-Carrara', 'MS', 0),
(3894, 105, 'Matera', 'MT', 0),
(3895, 105, 'Medio Campidano', 'VS', 0),
(3896, 105, 'Messina', 'ME', 0),
(3897, 105, 'Milano', 'MI', 0),
(3898, 105, 'Modena', 'MO', 0),
(3899, 105, 'Napoli', 'NA', 0),
(3900, 105, 'Novara', 'NO', 0),
(3901, 105, 'Nuoro', 'NU', 0),
(3902, 105, 'Ogliastra', 'OG', 0),
(3903, 105, 'Olbia-Tempio', 'OT', 0),
(3904, 105, 'Oristano', 'OR', 0),
(3905, 105, 'Padova', 'PD', 0),
(3906, 105, 'Palermo', 'PA', 0),
(3907, 105, 'Parma', 'PR', 0),
(3908, 105, 'Pavia', 'PV', 0),
(3909, 105, 'Perugia', 'PG', 0),
(3910, 105, 'Pesaro e Urbino', 'PU', 0),
(3911, 105, 'Pescara', 'PE', 0),
(3912, 105, 'Piacenza', 'PC', 0),
(3913, 105, 'Pisa', 'PI', 0),
(3914, 105, 'Pistoia', 'PT', 0),
(3915, 105, 'Pordenone', 'PN', 0),
(3916, 105, 'Potenza', 'PZ', 0),
(3917, 105, 'Prato', 'PO', 0),
(3918, 105, 'Ragusa', 'RG', 0),
(3919, 105, 'Ravenna', 'RA', 0),
(3920, 105, 'Reggio Calabria', 'RC', 0),
(3921, 105, 'Reggio Emilia', 'RE', 0),
(3922, 105, 'Rieti', 'RI', 0),
(3923, 105, 'Rimini', 'RN', 0),
(3924, 105, 'Roma', 'RM', 0),
(3925, 105, 'Rovigo', 'RO', 0),
(3926, 105, 'Salerno', 'SA', 0),
(3927, 105, 'Sassari', 'SS', 0),
(3928, 105, 'Savona', 'SV', 0),
(3929, 105, 'Siena', 'SI', 0),
(3930, 105, 'Siracusa', 'SR', 0),
(3931, 105, 'Sondrio', 'SO', 0),
(3932, 105, 'Taranto', 'TA', 0),
(3933, 105, 'Teramo', 'TE', 0),
(3934, 105, 'Terni', 'TR', 0),
(3935, 105, 'Torino', 'TO', 0),
(3936, 105, 'Trapani', 'TP', 0),
(3937, 105, 'Trento', 'TN', 0),
(3938, 105, 'Treviso', 'TV', 0),
(3939, 105, 'Trieste', 'TS', 0),
(3940, 105, 'Udine', 'UD', 0),
(3941, 105, 'Varese', 'VA', 0),
(3942, 105, 'Venezia', 'VE', 0),
(3943, 105, 'Verbano-Cusio-Ossola', 'VB', 0),
(3944, 105, 'Vercelli', 'VC', 0),
(3945, 105, 'Verona', 'VR', 0),
(3946, 105, 'Vibo Valentia', 'VV', 0),
(3947, 105, 'Vicenza', 'VI', 0),
(3948, 105, 'Viterbo', 'VT', 0),
(3949, 222, 'County Antrim', 'ANT', 0),
(3950, 222, 'County Armagh', 'ARM', 0),
(3951, 222, 'County Down', 'DOW', 0),
(3952, 222, 'County Fermanagh', 'FER', 0),
(3953, 222, 'County Londonderry', 'LDY', 0),
(3954, 222, 'County Tyrone', 'TYR', 0),
(3955, 222, 'Cumbria', 'CMA', 0),
(3956, 190, 'Pomurska', '1', 0),
(3957, 190, 'Podravska', '2', 0),
(3958, 190, 'Koroška', '3', 0),
(3959, 190, 'Savinjska', '4', 0),
(3960, 190, 'Zasavska', '5', 0),
(3961, 190, 'Spodnjeposavska', '6', 0),
(3962, 190, 'Jugovzhodna Slovenija', '7', 0),
(3963, 190, 'Osrednjeslovenska', '8', 0),
(3964, 190, 'Gorenjska', '9', 0),
(3965, 190, 'Notranjsko-kraška', '10', 0),
(3966, 190, 'Goriška', '11', 0),
(3967, 190, 'Obalno-kraška', '12', 0),
(3968, 33, 'Ruse', '', 0),
(3969, 101, 'Alborz', 'ALB', 0),
(3970, 21, 'Brussels-Capital Region', 'BRU', 0),
(3971, 138, 'Aguascalientes', 'AG', 0),
(3973, 242, 'Andrijevica', '01', 0),
(3974, 242, 'Bar', '02', 0),
(3975, 242, 'Berane', '03', 0),
(3976, 242, 'Bijelo Polje', '04', 0),
(3977, 242, 'Budva', '05', 0),
(3978, 242, 'Cetinje', '06', 0),
(3979, 242, 'Danilovgrad', '07', 0),
(3980, 242, 'Herceg-Novi', '08', 0),
(3981, 242, 'Kolašin', '09', 0),
(3982, 242, 'Kotor', '10', 0),
(3983, 242, 'Mojkovac', '11', 0),
(3984, 242, 'Nikšić', '12', 0),
(3985, 242, 'Plav', '13', 0),
(3986, 242, 'Pljevlja', '14', 0),
(3987, 242, 'Plužine', '15', 0),
(3988, 242, 'Podgorica', '16', 0),
(3989, 242, 'Rožaje', '17', 0),
(3990, 242, 'Šavnik', '18', 0),
(3991, 242, 'Tivat', '19', 0),
(3992, 242, 'Ulcinj', '20', 0),
(3993, 242, 'Žabljak', '21', 0),
(3994, 243, 'Belgrade', '00', 0),
(3995, 243, 'North Bačka', '01', 0),
(3996, 243, 'Central Banat', '02', 0),
(3997, 243, 'North Banat', '03', 0),
(3998, 243, 'South Banat', '04', 0),
(3999, 243, 'West Bačka', '05', 0),
(4000, 243, 'South Bačka', '06', 0),
(4001, 243, 'Srem', '07', 0),
(4002, 243, 'Mačva', '08', 0),
(4003, 243, 'Kolubara', '09', 0),
(4004, 243, 'Podunavlje', '10', 0),
(4005, 243, 'Braničevo', '11', 0),
(4006, 243, 'Šumadija', '12', 0),
(4007, 243, 'Pomoravlje', '13', 0),
(4008, 243, 'Bor', '14', 0),
(4009, 243, 'Zaječar', '15', 0),
(4010, 243, 'Zlatibor', '16', 0),
(4011, 243, 'Moravica', '17', 0),
(4012, 243, 'Raška', '18', 0),
(4013, 243, 'Rasina', '19', 0),
(4014, 243, 'Nišava', '20', 0),
(4015, 243, 'Toplica', '21', 0),
(4016, 243, 'Pirot', '22', 0),
(4017, 243, 'Jablanica', '23', 0),
(4018, 243, 'Pčinja', '24', 0),
(4020, 245, 'Bonaire', 'BO', 0),
(4021, 245, 'Saba', 'SA', 0),
(4022, 245, 'Sint Eustatius', 'SE', 0),
(4023, 248, 'Central Equatoria', 'EC', 0),
(4024, 248, 'Eastern Equatoria', 'EE', 0),
(4025, 248, 'Jonglei', 'JG', 0),
(4026, 248, 'Lakes', 'LK', 0),
(4027, 248, 'Northern Bahr el-Ghazal', 'BN', 0),
(4028, 248, 'Unity', 'UY', 0),
(4029, 248, 'Upper Nile', 'NU', 0),
(4030, 248, 'Warrap', 'WR', 0),
(4031, 248, 'Western Bahr el-Ghazal', 'BW', 0),
(4032, 248, 'Western Equatoria', 'EW', 0),
(4036, 117, 'Ainaži, Salacgrīvas novads', '0661405', 0),
(4037, 117, 'Aizkraukle, Aizkraukles novads', '0320201', 0),
(4038, 117, 'Aizkraukles novads', '0320200', 0),
(4039, 117, 'Aizpute, Aizputes novads', '0640605', 0),
(4040, 117, 'Aizputes novads', '0640600', 0),
(4041, 117, 'Aknīste, Aknīstes novads', '0560805', 0),
(4042, 117, 'Aknīstes novads', '0560800', 0),
(4043, 117, 'Aloja, Alojas novads', '0661007', 0),
(4044, 117, 'Alojas novads', '0661000', 0),
(4045, 117, 'Alsungas novads', '0624200', 0),
(4046, 117, 'Alūksne, Alūksnes novads', '0360201', 0),
(4047, 117, 'Alūksnes novads', '0360200', 0),
(4048, 117, 'Amatas novads', '0424701', 0),
(4049, 117, 'Ape, Apes novads', '0360805', 0),
(4050, 117, 'Apes novads', '0360800', 0),
(4051, 117, 'Auce, Auces novads', '0460805', 0),
(4052, 117, 'Auces novads', '0460800', 0),
(4053, 117, 'Ādažu novads', '0804400', 0),
(4054, 117, 'Babītes novads', '0804900', 0),
(4055, 117, 'Baldone, Baldones novads', '0800605', 0),
(4056, 117, 'Baldones novads', '0800600', 0),
(4057, 117, 'Baloži, Ķekavas novads', '0800807', 0),
(4058, 117, 'Baltinavas novads', '0384400', 0),
(4059, 117, 'Balvi, Balvu novads', '0380201', 0),
(4060, 117, 'Balvu novads', '0380200', 0),
(4061, 117, 'Bauska, Bauskas novads', '0400201', 0),
(4062, 117, 'Bauskas novads', '0400200', 0),
(4063, 117, 'Beverīnas novads', '0964700', 0),
(4064, 117, 'Brocēni, Brocēnu novads', '0840605', 0),
(4065, 117, 'Brocēnu novads', '0840601', 0),
(4066, 117, 'Burtnieku novads', '0967101', 0),
(4067, 117, 'Carnikavas novads', '0805200', 0),
(4068, 117, 'Cesvaine, Cesvaines novads', '0700807', 0),
(4069, 117, 'Cesvaines novads', '0700800', 0),
(4070, 117, 'Cēsis, Cēsu novads', '0420201', 0),
(4071, 117, 'Cēsu novads', '0420200', 0),
(4072, 117, 'Ciblas novads', '0684901', 0),
(4073, 117, 'Dagda, Dagdas novads', '0601009', 0),
(4074, 117, 'Dagdas novads', '0601000', 0),
(4075, 117, 'Daugavpils', '0050000', 0),
(4076, 117, 'Daugavpils novads', '0440200', 0),
(4077, 117, 'Dobele, Dobeles novads', '0460201', 0),
(4078, 117, 'Dobeles novads', '0460200', 0),
(4079, 117, 'Dundagas novads', '0885100', 0),
(4080, 117, 'Durbe, Durbes novads', '0640807', 0),
(4081, 117, 'Durbes novads', '0640801', 0),
(4082, 117, 'Engures novads', '0905100', 0),
(4083, 117, 'Ērgļu novads', '0705500', 0),
(4084, 117, 'Garkalnes novads', '0806000', 0),
(4085, 117, 'Grobiņa, Grobiņas novads', '0641009', 0),
(4086, 117, 'Grobiņas novads', '0641000', 0),
(4087, 117, 'Gulbene, Gulbenes novads', '0500201', 0),
(4088, 117, 'Gulbenes novads', '0500200', 0),
(4089, 117, 'Iecavas novads', '0406400', 0),
(4090, 117, 'Ikšķile, Ikšķiles novads', '0740605', 0),
(4091, 117, 'Ikšķiles novads', '0740600', 0),
(4092, 117, 'Ilūkste, Ilūkstes novads', '0440807', 0),
(4093, 117, 'Ilūkstes novads', '0440801', 0),
(4094, 117, 'Inčukalna novads', '0801800', 0),
(4095, 117, 'Jaunjelgava, Jaunjelgavas novads', '0321007', 0),
(4096, 117, 'Jaunjelgavas novads', '0321000', 0),
(4097, 117, 'Jaunpiebalgas novads', '0425700', 0),
(4098, 117, 'Jaunpils novads', '0905700', 0),
(4099, 117, 'Jelgava', '0090000', 0),
(4100, 117, 'Jelgavas novads', '0540200', 0),
(4101, 117, 'Jēkabpils', '0110000', 0),
(4102, 117, 'Jēkabpils novads', '0560200', 0),
(4103, 117, 'Jūrmala', '0130000', 0),
(4104, 117, 'Kalnciems, Jelgavas novads', '0540211', 0),
(4105, 117, 'Kandava, Kandavas novads', '0901211', 0),
(4106, 117, 'Kandavas novads', '0901201', 0),
(4107, 117, 'Kārsava, Kārsavas novads', '0681009', 0),
(4108, 117, 'Kārsavas novads', '0681000', 0),
(4109, 117, 'Kocēnu novads ,bij. Valmieras)', '0960200', 0),
(4110, 117, 'Kokneses novads', '0326100', 0),
(4111, 117, 'Krāslava, Krāslavas novads', '0600201', 0),
(4112, 117, 'Krāslavas novads', '0600202', 0),
(4113, 117, 'Krimuldas novads', '0806900', 0),
(4114, 117, 'Krustpils novads', '0566900', 0),
(4115, 117, 'Kuldīga, Kuldīgas novads', '0620201', 0),
(4116, 117, 'Kuldīgas novads', '0620200', 0),
(4117, 117, 'Ķeguma novads', '0741001', 0),
(4118, 117, 'Ķegums, Ķeguma novads', '0741009', 0),
(4119, 117, 'Ķekavas novads', '0800800', 0),
(4120, 117, 'Lielvārde, Lielvārdes novads', '0741413', 0),
(4121, 117, 'Lielvārdes novads', '0741401', 0),
(4122, 117, 'Liepāja', '0170000', 0),
(4123, 117, 'Limbaži, Limbažu novads', '0660201', 0),
(4124, 117, 'Limbažu novads', '0660200', 0),
(4125, 117, 'Līgatne, Līgatnes novads', '0421211', 0),
(4126, 117, 'Līgatnes novads', '0421200', 0),
(4127, 117, 'Līvāni, Līvānu novads', '0761211', 0),
(4128, 117, 'Līvānu novads', '0761201', 0),
(4129, 117, 'Lubāna, Lubānas novads', '0701413', 0),
(4130, 117, 'Lubānas novads', '0701400', 0),
(4131, 117, 'Ludza, Ludzas novads', '0680201', 0),
(4132, 117, 'Ludzas novads', '0680200', 0),
(4133, 117, 'Madona, Madonas novads', '0700201', 0),
(4134, 117, 'Madonas novads', '0700200', 0),
(4135, 117, 'Mazsalaca, Mazsalacas novads', '0961011', 0),
(4136, 117, 'Mazsalacas novads', '0961000', 0),
(4137, 117, 'Mālpils novads', '0807400', 0),
(4138, 117, 'Mārupes novads', '0807600', 0),
(4139, 117, 'Mērsraga novads', '0887600', 0),
(4140, 117, 'Naukšēnu novads', '0967300', 0),
(4141, 117, 'Neretas novads', '0327100', 0),
(4142, 117, 'Nīcas novads', '0647900', 0),
(4143, 117, 'Ogre, Ogres novads', '0740201', 0),
(4144, 117, 'Ogres novads', '0740202', 0),
(4145, 117, 'Olaine, Olaines novads', '0801009', 0),
(4146, 117, 'Olaines novads', '0801000', 0),
(4147, 117, 'Ozolnieku novads', '0546701', 0),
(4148, 117, 'Pārgaujas novads', '0427500', 0),
(4149, 117, 'Pāvilosta, Pāvilostas novads', '0641413', 0),
(4150, 117, 'Pāvilostas novads', '0641401', 0),
(4151, 117, 'Piltene, Ventspils novads', '0980213', 0),
(4152, 117, 'Pļaviņas, Pļaviņu novads', '0321413', 0),
(4153, 117, 'Pļaviņu novads', '0321400', 0),
(4154, 117, 'Preiļi, Preiļu novads', '0760201', 0),
(4155, 117, 'Preiļu novads', '0760202', 0),
(4156, 117, 'Priekule, Priekules novads', '0641615', 0),
(4157, 117, 'Priekules novads', '0641600', 0),
(4158, 117, 'Priekuļu novads', '0427300', 0),
(4159, 117, 'Raunas novads', '0427700', 0),
(4160, 117, 'Rēzekne', '0210000', 0),
(4161, 117, 'Rēzeknes novads', '0780200', 0),
(4162, 117, 'Riebiņu novads', '0766300', 0),
(4163, 117, 'Rīga', '0010000', 0),
(4164, 117, 'Rojas novads', '0888300', 0),
(4165, 117, 'Ropažu novads', '0808400', 0),
(4166, 117, 'Rucavas novads', '0648500', 0),
(4167, 117, 'Rugāju novads', '0387500', 0),
(4168, 117, 'Rundāles novads', '0407700', 0),
(4169, 117, 'Rūjiena, Rūjienas novads', '0961615', 0),
(4170, 117, 'Rūjienas novads', '0961600', 0),
(4171, 117, 'Sabile, Talsu novads', '0880213', 0),
(4172, 117, 'Salacgrīva, Salacgrīvas novads', '0661415', 0),
(4173, 117, 'Salacgrīvas novads', '0661400', 0),
(4174, 117, 'Salas novads', '0568700', 0),
(4175, 117, 'Salaspils novads', '0801200', 0),
(4176, 117, 'Salaspils, Salaspils novads', '0801211', 0),
(4177, 117, 'Saldus novads', '0840200', 0),
(4178, 117, 'Saldus, Saldus novads', '0840201', 0),
(4179, 117, 'Saulkrasti, Saulkrastu novads', '0801413', 0),
(4180, 117, 'Saulkrastu novads', '0801400', 0),
(4181, 117, 'Seda, Strenču novads', '0941813', 0),
(4182, 117, 'Sējas novads', '0809200', 0),
(4183, 117, 'Sigulda, Siguldas novads', '0801615', 0),
(4184, 117, 'Siguldas novads', '0801601', 0),
(4185, 117, 'Skrīveru novads', '0328200', 0),
(4186, 117, 'Skrunda, Skrundas novads', '0621209', 0),
(4187, 117, 'Skrundas novads', '0621200', 0),
(4188, 117, 'Smiltene, Smiltenes novads', '0941615', 0),
(4189, 117, 'Smiltenes novads', '0941600', 0),
(4190, 117, 'Staicele, Alojas novads', '0661017', 0),
(4191, 117, 'Stende, Talsu novads', '0880215', 0),
(4192, 117, 'Stopiņu novads', '0809600', 0),
(4193, 117, 'Strenči, Strenču novads', '0941817', 0),
(4194, 117, 'Strenču novads', '0941800', 0),
(4195, 117, 'Subate, Ilūkstes novads', '0440815', 0),
(4196, 117, 'Talsi, Talsu novads', '0880201', 0),
(4197, 117, 'Talsu novads', '0880200', 0),
(4198, 117, 'Tērvetes novads', '0468900', 0),
(4199, 117, 'Tukuma novads', '0900200', 0),
(4200, 117, 'Tukums, Tukuma novads', '0900201', 0),
(4201, 117, 'Vaiņodes novads', '0649300', 0),
(4202, 117, 'Valdemārpils, Talsu novads', '0880217', 0),
(4203, 117, 'Valka, Valkas novads', '0940201', 0),
(4204, 117, 'Valkas novads', '0940200', 0),
(4205, 117, 'Valmiera', '0250000', 0),
(4206, 117, 'Vangaži, Inčukalna novads', '0801817', 0),
(4207, 117, 'Varakļāni, Varakļānu novads', '0701817', 0),
(4208, 117, 'Varakļānu novads', '0701800', 0),
(4209, 117, 'Vārkavas novads', '0769101', 0),
(4210, 117, 'Vecpiebalgas novads', '0429300', 0),
(4211, 117, 'Vecumnieku novads', '0409500', 0),
(4212, 117, 'Ventspils', '0270000', 0),
(4213, 117, 'Ventspils novads', '0980200', 0),
(4214, 117, 'Viesīte, Viesītes novads', '0561815', 0),
(4215, 117, 'Viesītes novads', '0561800', 0),
(4216, 117, 'Viļaka, Viļakas novads', '0381615', 0),
(4217, 117, 'Viļakas novads', '0381600', 0),
(4218, 117, 'Viļāni, Viļānu novads', '0781817', 0),
(4219, 117, 'Viļānu novads', '0781800', 0),
(4220, 117, 'Zilupe, Zilupes novads', '0681817', 0),
(4221, 117, 'Zilupes novads', '0681801', 0),
(4222, 43, 'Arica y Parinacota', 'AP', 0),
(4223, 43, 'Los Rios', 'LR', 0),
(4224, 220, 'Kharkivs\'ka Oblast\'', '63', 0),
(4225, 118, 'Beirut', 'LB-BR', 0),
(4226, 118, 'Bekaa', 'LB-BE', 0),
(4227, 118, 'Mount Lebanon', 'LB-ML', 0),
(4228, 118, 'Nabatieh', 'LB-NB', 0),
(4229, 118, 'North', 'LB-NR', 0),
(4230, 118, 'South', 'LB-ST', 0);

-- --------------------------------------------------------

--
-- Table structure for table `oc_zone_to_geo_zone`
--

CREATE TABLE `oc_zone_to_geo_zone` (
  `zone_to_geo_zone_id` int(11) NOT NULL,
  `country_id` int(11) NOT NULL,
  `zone_id` int(11) NOT NULL DEFAULT 0,
  `geo_zone_id` int(11) NOT NULL,
  `date_added` datetime NOT NULL,
  `date_modified` datetime NOT NULL
) ENGINE=MyISAM DEFAULT CHARSET=utf8;

--
-- Dumping data for table `oc_zone_to_geo_zone`
--

INSERT INTO `oc_zone_to_geo_zone` (`zone_to_geo_zone_id`, `country_id`, `zone_id`, `geo_zone_id`, `date_added`, `date_modified`) VALUES
(129, 156, 2404, 9, '2015-10-07 01:43:44', '0000-00-00 00:00:00'),
(2, 222, 3513, 3, '0000-00-00 00:00:00', '0000-00-00 00:00:00'),
(3, 222, 3514, 3, '0000-00-00 00:00:00', '0000-00-00 00:00:00'),
(4, 222, 3515, 3, '0000-00-00 00:00:00', '0000-00-00 00:00:00'),
(5, 222, 3516, 3, '0000-00-00 00:00:00', '0000-00-00 00:00:00'),
(6, 222, 3517, 3, '0000-00-00 00:00:00', '0000-00-00 00:00:00'),
(7, 222, 3518, 3, '0000-00-00 00:00:00', '0000-00-00 00:00:00'),
(8, 222, 3519, 3, '0000-00-00 00:00:00', '0000-00-00 00:00:00'),
(9, 222, 3520, 3, '0000-00-00 00:00:00', '0000-00-00 00:00:00'),
(10, 222, 3521, 3, '0000-00-00 00:00:00', '0000-00-00 00:00:00'),
(11, 222, 3522, 3, '0000-00-00 00:00:00', '0000-00-00 00:00:00'),
(12, 222, 3523, 3, '0000-00-00 00:00:00', '0000-00-00 00:00:00'),
(13, 222, 3524, 3, '0000-00-00 00:00:00', '0000-00-00 00:00:00'),
(14, 222, 3525, 3, '0000-00-00 00:00:00', '0000-00-00 00:00:00'),
(15, 222, 3526, 3, '0000-00-00 00:00:00', '0000-00-00 00:00:00'),
(16, 222, 3527, 3, '0000-00-00 00:00:00', '0000-00-00 00:00:00'),
(17, 222, 3528, 3, '0000-00-00 00:00:00', '0000-00-00 00:00:00'),
(18, 222, 3529, 3, '0000-00-00 00:00:00', '0000-00-00 00:00:00'),
(19, 222, 3530, 3, '0000-00-00 00:00:00', '0000-00-00 00:00:00'),
(20, 222, 3531, 3, '0000-00-00 00:00:00', '0000-00-00 00:00:00'),
(21, 222, 3532, 3, '0000-00-00 00:00:00', '0000-00-00 00:00:00'),
(22, 222, 3533, 3, '0000-00-00 00:00:00', '0000-00-00 00:00:00'),
(23, 222, 3534, 3, '0000-00-00 00:00:00', '0000-00-00 00:00:00'),
(24, 222, 3535, 3, '0000-00-00 00:00:00', '0000-00-00 00:00:00'),
(25, 222, 3536, 3, '0000-00-00 00:00:00', '0000-00-00 00:00:00'),
(26, 222, 3537, 3, '0000-00-00 00:00:00', '0000-00-00 00:00:00'),
(27, 222, 3538, 3, '0000-00-00 00:00:00', '0000-00-00 00:00:00'),
(28, 222, 3539, 3, '0000-00-00 00:00:00', '0000-00-00 00:00:00'),
(29, 222, 3540, 3, '0000-00-00 00:00:00', '0000-00-00 00:00:00'),
(30, 222, 3541, 3, '0000-00-00 00:00:00', '0000-00-00 00:00:00'),
(31, 222, 3542, 3, '0000-00-00 00:00:00', '0000-00-00 00:00:00'),
(32, 222, 3543, 3, '0000-00-00 00:00:00', '0000-00-00 00:00:00'),
(33, 222, 3544, 3, '0000-00-00 00:00:00', '0000-00-00 00:00:00'),
(34, 222, 3545, 3, '0000-00-00 00:00:00', '0000-00-00 00:00:00'),
(35, 222, 3546, 3, '0000-00-00 00:00:00', '0000-00-00 00:00:00'),
(36, 222, 3547, 3, '0000-00-00 00:00:00', '0000-00-00 00:00:00'),
(37, 222, 3548, 3, '0000-00-00 00:00:00', '0000-00-00 00:00:00'),
(38, 222, 3549, 3, '0000-00-00 00:00:00', '0000-00-00 00:00:00'),
(39, 222, 3550, 3, '0000-00-00 00:00:00', '0000-00-00 00:00:00'),
(40, 222, 3551, 3, '0000-00-00 00:00:00', '0000-00-00 00:00:00'),
(41, 222, 3552, 3, '0000-00-00 00:00:00', '0000-00-00 00:00:00'),
(42, 222, 3553, 3, '0000-00-00 00:00:00', '0000-00-00 00:00:00'),
(43, 222, 3554, 3, '0000-00-00 00:00:00', '0000-00-00 00:00:00'),
(44, 222, 3555, 3, '0000-00-00 00:00:00', '0000-00-00 00:00:00'),
(45, 222, 3556, 3, '0000-00-00 00:00:00', '0000-00-00 00:00:00'),
(46, 222, 3557, 3, '0000-00-00 00:00:00', '0000-00-00 00:00:00'),
(47, 222, 3558, 3, '0000-00-00 00:00:00', '0000-00-00 00:00:00'),
(48, 222, 3559, 3, '0000-00-00 00:00:00', '0000-00-00 00:00:00'),
(49, 222, 3560, 3, '0000-00-00 00:00:00', '0000-00-00 00:00:00'),
(50, 222, 3561, 3, '0000-00-00 00:00:00', '0000-00-00 00:00:00'),
(51, 222, 3562, 3, '0000-00-00 00:00:00', '0000-00-00 00:00:00'),
(52, 222, 3563, 3, '0000-00-00 00:00:00', '0000-00-00 00:00:00'),
(53, 222, 3564, 3, '0000-00-00 00:00:00', '0000-00-00 00:00:00'),
(54, 222, 3565, 3, '0000-00-00 00:00:00', '0000-00-00 00:00:00'),
(55, 222, 3566, 3, '0000-00-00 00:00:00', '0000-00-00 00:00:00'),
(56, 222, 3567, 3, '0000-00-00 00:00:00', '0000-00-00 00:00:00'),
(57, 222, 3568, 3, '0000-00-00 00:00:00', '0000-00-00 00:00:00'),
(58, 222, 3569, 3, '0000-00-00 00:00:00', '0000-00-00 00:00:00'),
(59, 222, 3570, 3, '0000-00-00 00:00:00', '0000-00-00 00:00:00'),
(60, 222, 3571, 3, '0000-00-00 00:00:00', '0000-00-00 00:00:00'),
(61, 222, 3572, 3, '0000-00-00 00:00:00', '0000-00-00 00:00:00'),
(62, 222, 3573, 3, '0000-00-00 00:00:00', '0000-00-00 00:00:00'),
(63, 222, 3574, 3, '0000-00-00 00:00:00', '0000-00-00 00:00:00'),
(64, 222, 3575, 3, '0000-00-00 00:00:00', '0000-00-00 00:00:00'),
(65, 222, 3576, 3, '0000-00-00 00:00:00', '0000-00-00 00:00:00'),
(66, 222, 3577, 3, '0000-00-00 00:00:00', '0000-00-00 00:00:00'),
(67, 222, 3578, 3, '0000-00-00 00:00:00', '0000-00-00 00:00:00'),
(68, 222, 3579, 3, '0000-00-00 00:00:00', '0000-00-00 00:00:00'),
(69, 222, 3580, 3, '0000-00-00 00:00:00', '0000-00-00 00:00:00'),
(70, 222, 3581, 3, '0000-00-00 00:00:00', '0000-00-00 00:00:00'),
(71, 222, 3582, 3, '0000-00-00 00:00:00', '0000-00-00 00:00:00'),
(72, 222, 3583, 3, '0000-00-00 00:00:00', '0000-00-00 00:00:00'),
(73, 222, 3584, 3, '0000-00-00 00:00:00', '0000-00-00 00:00:00'),
(74, 222, 3585, 3, '0000-00-00 00:00:00', '0000-00-00 00:00:00'),
(75, 222, 3586, 3, '0000-00-00 00:00:00', '0000-00-00 00:00:00'),
(76, 222, 3587, 3, '0000-00-00 00:00:00', '0000-00-00 00:00:00'),
(77, 222, 3588, 3, '0000-00-00 00:00:00', '0000-00-00 00:00:00'),
(78, 222, 3589, 3, '0000-00-00 00:00:00', '0000-00-00 00:00:00'),
(79, 222, 3590, 3, '0000-00-00 00:00:00', '0000-00-00 00:00:00'),
(80, 222, 3591, 3, '0000-00-00 00:00:00', '0000-00-00 00:00:00'),
(81, 222, 3592, 3, '0000-00-00 00:00:00', '0000-00-00 00:00:00'),
(82, 222, 3593, 3, '0000-00-00 00:00:00', '0000-00-00 00:00:00'),
(83, 222, 3594, 3, '0000-00-00 00:00:00', '0000-00-00 00:00:00'),
(84, 222, 3595, 3, '0000-00-00 00:00:00', '0000-00-00 00:00:00'),
(85, 222, 3596, 3, '0000-00-00 00:00:00', '0000-00-00 00:00:00'),
(86, 222, 3597, 3, '0000-00-00 00:00:00', '0000-00-00 00:00:00'),
(87, 222, 3598, 3, '0000-00-00 00:00:00', '0000-00-00 00:00:00'),
(88, 222, 3599, 3, '0000-00-00 00:00:00', '0000-00-00 00:00:00'),
(89, 222, 3600, 3, '0000-00-00 00:00:00', '0000-00-00 00:00:00'),
(90, 222, 3601, 3, '0000-00-00 00:00:00', '0000-00-00 00:00:00'),
(91, 222, 3602, 3, '0000-00-00 00:00:00', '0000-00-00 00:00:00'),
(92, 222, 3603, 3, '0000-00-00 00:00:00', '0000-00-00 00:00:00'),
(93, 222, 3604, 3, '0000-00-00 00:00:00', '0000-00-00 00:00:00'),
(94, 222, 3605, 3, '0000-00-00 00:00:00', '0000-00-00 00:00:00'),
(95, 222, 3606, 3, '0000-00-00 00:00:00', '0000-00-00 00:00:00'),
(96, 222, 3607, 3, '0000-00-00 00:00:00', '0000-00-00 00:00:00'),
(97, 222, 3608, 3, '0000-00-00 00:00:00', '0000-00-00 00:00:00'),
(98, 222, 3609, 3, '0000-00-00 00:00:00', '0000-00-00 00:00:00'),
(99, 222, 3610, 3, '0000-00-00 00:00:00', '0000-00-00 00:00:00'),
(100, 222, 3611, 3, '0000-00-00 00:00:00', '0000-00-00 00:00:00'),
(101, 222, 3612, 3, '0000-00-00 00:00:00', '0000-00-00 00:00:00'),
(102, 222, 3949, 3, '0000-00-00 00:00:00', '0000-00-00 00:00:00'),
(103, 222, 3950, 3, '0000-00-00 00:00:00', '0000-00-00 00:00:00'),
(104, 222, 3951, 3, '0000-00-00 00:00:00', '0000-00-00 00:00:00'),
(105, 222, 3952, 3, '0000-00-00 00:00:00', '0000-00-00 00:00:00'),
(106, 222, 3953, 3, '0000-00-00 00:00:00', '0000-00-00 00:00:00'),
(107, 222, 3954, 3, '0000-00-00 00:00:00', '0000-00-00 00:00:00'),
(108, 222, 3955, 3, '0000-00-00 00:00:00', '0000-00-00 00:00:00'),
(109, 222, 3972, 3, '0000-00-00 00:00:00', '0000-00-00 00:00:00'),
(110, 156, 2412, 5, '2015-10-06 06:57:35', '0000-00-00 00:00:00'),
(143, 156, 2420, 6, '2015-10-07 01:49:15', '0000-00-00 00:00:00'),
(112, 156, 2420, 7, '2015-10-06 06:58:48', '0000-00-00 00:00:00'),
(113, 156, 2389, 8, '2015-10-06 06:59:12', '0000-00-00 00:00:00'),
(128, 156, 2402, 9, '2015-10-07 01:43:44', '0000-00-00 00:00:00'),
(127, 156, 2399, 9, '2015-10-07 01:43:44', '0000-00-00 00:00:00'),
(126, 156, 2392, 9, '2015-10-07 01:43:44', '0000-00-00 00:00:00'),
(125, 156, 2388, 9, '2015-10-07 01:43:44', '0000-00-00 00:00:00'),
(161, 156, 2398, 10, '2015-10-07 02:02:20', '0000-00-00 00:00:00'),
(160, 156, 2400, 10, '2015-10-07 02:02:20', '0000-00-00 00:00:00'),
(159, 156, 2397, 10, '2015-10-07 02:02:20', '0000-00-00 00:00:00'),
(158, 156, 2394, 10, '2015-10-07 02:02:20', '0000-00-00 00:00:00'),
(157, 156, 2391, 10, '2015-10-07 02:02:20', '0000-00-00 00:00:00'),
(130, 156, 2401, 11, '2015-10-07 01:45:33', '0000-00-00 00:00:00'),
(131, 156, 2412, 11, '2015-10-07 01:45:33', '0000-00-00 00:00:00'),
(132, 156, 2415, 11, '2015-10-07 01:45:33', '0000-00-00 00:00:00'),
(133, 156, 2416, 11, '2015-10-07 01:45:33', '0000-00-00 00:00:00'),
(134, 156, 2417, 11, '2015-10-07 01:45:33', '0000-00-00 00:00:00'),
(135, 156, 2418, 11, '2015-10-07 01:45:33', '0000-00-00 00:00:00'),
(136, 156, 2395, 12, '2015-10-07 01:47:42', '0000-00-00 00:00:00'),
(137, 156, 2410, 12, '2015-10-07 01:47:42', '0000-00-00 00:00:00'),
(138, 156, 2411, 12, '2015-10-07 01:47:42', '0000-00-00 00:00:00'),
(139, 156, 2413, 12, '2015-10-07 01:47:42', '0000-00-00 00:00:00'),
(140, 156, 2414, 12, '2015-10-07 01:47:42', '0000-00-00 00:00:00'),
(141, 156, 2419, 12, '2015-10-07 01:47:42', '0000-00-00 00:00:00'),
(142, 156, 2389, 12, '2015-10-07 01:47:42', '0000-00-00 00:00:00'),
(144, 156, 2390, 13, '2015-10-07 01:51:16', '0000-00-00 00:00:00'),
(145, 156, 2393, 13, '2015-10-07 01:51:16', '0000-00-00 00:00:00'),
(146, 156, 2396, 13, '2015-10-07 01:51:16', '0000-00-00 00:00:00'),
(147, 156, 2403, 13, '2015-10-07 01:51:16', '0000-00-00 00:00:00'),
(148, 156, 2422, 13, '2015-10-07 01:51:16', '0000-00-00 00:00:00'),
(149, 156, 2423, 13, '2015-10-07 01:51:16', '0000-00-00 00:00:00'),
(168, 156, 2424, 14, '2015-10-08 13:09:51', '0000-00-00 00:00:00'),
(167, 156, 2421, 14, '2015-10-08 13:09:51', '0000-00-00 00:00:00'),
(166, 156, 2409, 14, '2015-10-08 13:09:51', '0000-00-00 00:00:00'),
(165, 156, 2408, 14, '2015-10-08 13:09:51', '0000-00-00 00:00:00'),
(164, 156, 2407, 14, '2015-10-08 13:09:51', '0000-00-00 00:00:00'),
(163, 156, 2406, 14, '2015-10-08 13:09:51', '0000-00-00 00:00:00'),
(162, 156, 2405, 14, '2015-10-08 13:09:51', '0000-00-00 00:00:00');

--
-- Indexes for dumped tables
--

--
-- Indexes for table `oc_acr_history`
--
ALTER TABLE `oc_acr_history`
  ADD PRIMARY KEY (`acr_history_id`);

--
-- Indexes for table `oc_address`
--
ALTER TABLE `oc_address`
  ADD PRIMARY KEY (`address_id`),
  ADD KEY `customer_id` (`customer_id`);

--
-- Indexes for table `oc_affiliate_login`
--
ALTER TABLE `oc_affiliate_login`
  ADD PRIMARY KEY (`affiliate_login_id`),
  ADD KEY `email` (`email`),
  ADD KEY `ip` (`ip`);

--
-- Indexes for table `oc_affiliate_transaction`
--
ALTER TABLE `oc_affiliate_transaction`
  ADD PRIMARY KEY (`affiliate_transaction_id`);

--
-- Indexes for table `oc_attribute`
--
ALTER TABLE `oc_attribute`
  ADD PRIMARY KEY (`attribute_id`);

--
-- Indexes for table `oc_attribute_description`
--
ALTER TABLE `oc_attribute_description`
  ADD PRIMARY KEY (`attribute_id`,`language_id`);

--
-- Indexes for table `oc_attribute_group`
--
ALTER TABLE `oc_attribute_group`
  ADD PRIMARY KEY (`attribute_group_id`);

--
-- Indexes for table `oc_attribute_group_description`
--
ALTER TABLE `oc_attribute_group_description`
  ADD PRIMARY KEY (`attribute_group_id`,`language_id`);

--
-- Indexes for table `oc_banner`
--
ALTER TABLE `oc_banner`
  ADD PRIMARY KEY (`banner_id`);

--
-- Indexes for table `oc_banner_image`
--
ALTER TABLE `oc_banner_image`
  ADD PRIMARY KEY (`banner_image_id`);

--
-- Indexes for table `oc_banner_image_description`
--
ALTER TABLE `oc_banner_image_description`
  ADD PRIMARY KEY (`banner_image_id`,`language_id`);

--
-- Indexes for table `oc_behavior_rules`
--
ALTER TABLE `oc_behavior_rules`
  ADD PRIMARY KEY (`rule_id`);

--
-- Indexes for table `oc_blog`
--
ALTER TABLE `oc_blog`
  ADD PRIMARY KEY (`blog_id`);

--
-- Indexes for table `oc_blog_category`
--
ALTER TABLE `oc_blog_category`
  ADD PRIMARY KEY (`blog_category_id`);

--
-- Indexes for table `oc_blog_category_description`
--
ALTER TABLE `oc_blog_category_description`
  ADD PRIMARY KEY (`blog_category_id`,`language_id`),
  ADD KEY `name` (`name`);

--
-- Indexes for table `oc_blog_category_to_layout`
--
ALTER TABLE `oc_blog_category_to_layout`
  ADD PRIMARY KEY (`blog_category_id`,`store_id`);

--
-- Indexes for table `oc_blog_category_to_store`
--
ALTER TABLE `oc_blog_category_to_store`
  ADD PRIMARY KEY (`blog_category_id`,`store_id`);

--
-- Indexes for table `oc_blog_comment`
--
ALTER TABLE `oc_blog_comment`
  ADD PRIMARY KEY (`blog_comment_id`);

--
-- Indexes for table `oc_blog_to_category`
--
ALTER TABLE `oc_blog_to_category`
  ADD PRIMARY KEY (`blog_id`,`blog_category_id`);

--
-- Indexes for table `oc_blog_to_layout`
--
ALTER TABLE `oc_blog_to_layout`
  ADD PRIMARY KEY (`blog_id`,`store_id`);

--
-- Indexes for table `oc_catalog_rules`
--
ALTER TABLE `oc_catalog_rules`
  ADD PRIMARY KEY (`rule_id`);

--
-- Indexes for table `oc_category`
--
ALTER TABLE `oc_category`
  ADD PRIMARY KEY (`category_id`),
  ADD KEY `parent_id` (`parent_id`);

--
-- Indexes for table `oc_category_description`
--
ALTER TABLE `oc_category_description`
  ADD PRIMARY KEY (`category_id`,`language_id`),
  ADD KEY `name` (`name`);

--
-- Indexes for table `oc_category_filter`
--
ALTER TABLE `oc_category_filter`
  ADD PRIMARY KEY (`category_id`,`filter_id`);

--
-- Indexes for table `oc_category_path`
--
ALTER TABLE `oc_category_path`
  ADD PRIMARY KEY (`category_id`,`path_id`);

--
-- Indexes for table `oc_category_to_layout`
--
ALTER TABLE `oc_category_to_layout`
  ADD PRIMARY KEY (`category_id`,`store_id`);

--
-- Indexes for table `oc_category_to_store`
--
ALTER TABLE `oc_category_to_store`
  ADD PRIMARY KEY (`category_id`,`store_id`);

--
-- Indexes for table `oc_country`
--
ALTER TABLE `oc_country`
  ADD PRIMARY KEY (`country_id`);

--
-- Indexes for table `oc_coupon`
--
ALTER TABLE `oc_coupon`
  ADD PRIMARY KEY (`coupon_id`);

--
-- Indexes for table `oc_coupon_category`
--
ALTER TABLE `oc_coupon_category`
  ADD PRIMARY KEY (`coupon_id`,`category_id`);

--
-- Indexes for table `oc_coupon_history`
--
ALTER TABLE `oc_coupon_history`
  ADD PRIMARY KEY (`coupon_history_id`);

--
-- Indexes for table `oc_coupon_product`
--
ALTER TABLE `oc_coupon_product`
  ADD PRIMARY KEY (`coupon_product_id`);

--
-- Indexes for table `oc_currency`
--
ALTER TABLE `oc_currency`
  ADD PRIMARY KEY (`currency_id`);

--
-- Indexes for table `oc_customer_ban_ip`
--
ALTER TABLE `oc_customer_ban_ip`
  ADD PRIMARY KEY (`customer_ban_ip_id`),
  ADD KEY `ip` (`ip`);

--
-- Indexes for table `oc_customer_group`
--
ALTER TABLE `oc_customer_group`
  ADD PRIMARY KEY (`customer_group_id`);

--
-- Indexes for table `oc_customer_group_description`
--
ALTER TABLE `oc_customer_group_description`
  ADD PRIMARY KEY (`customer_group_id`,`language_id`);

--
-- Indexes for table `oc_customer_history`
--
ALTER TABLE `oc_customer_history`
  ADD PRIMARY KEY (`customer_history_id`);

--
-- Indexes for table `oc_customer_ip`
--
ALTER TABLE `oc_customer_ip`
  ADD PRIMARY KEY (`customer_ip_id`),
  ADD KEY `ip` (`ip`);

--
-- Indexes for table `oc_customer_login`
--
ALTER TABLE `oc_customer_login`
  ADD PRIMARY KEY (`customer_login_id`),
  ADD KEY `email` (`email`),
  ADD KEY `ip` (`ip`);

--
-- Indexes for table `oc_customer_online`
--
ALTER TABLE `oc_customer_online`
  ADD PRIMARY KEY (`ip`);

--
-- Indexes for table `oc_customer_reward`
--
ALTER TABLE `oc_customer_reward`
  ADD PRIMARY KEY (`customer_reward_id`);

--
-- Indexes for table `oc_customer_transaction`
--
ALTER TABLE `oc_customer_transaction`
  ADD PRIMARY KEY (`customer_transaction_id`);

--
-- Indexes for table `oc_custom_field`
--
ALTER TABLE `oc_custom_field`
  ADD PRIMARY KEY (`custom_field_id`);

--
-- Indexes for table `oc_custom_field_customer_group`
--
ALTER TABLE `oc_custom_field_customer_group`
  ADD PRIMARY KEY (`custom_field_id`,`customer_group_id`);

--
-- Indexes for table `oc_custom_field_description`
--
ALTER TABLE `oc_custom_field_description`
  ADD PRIMARY KEY (`custom_field_id`,`language_id`);

--
-- Indexes for table `oc_custom_field_value`
--
ALTER TABLE `oc_custom_field_value`
  ADD PRIMARY KEY (`custom_field_value_id`);

--
-- Indexes for table `oc_custom_field_value_description`
--
ALTER TABLE `oc_custom_field_value_description`
  ADD PRIMARY KEY (`custom_field_value_id`,`language_id`);

--
-- Indexes for table `oc_delivery_time`
--
ALTER TABLE `oc_delivery_time`
  ADD PRIMARY KEY (`id`);

--
-- Indexes for table `oc_download`
--
ALTER TABLE `oc_download`
  ADD PRIMARY KEY (`download_id`);

--
-- Indexes for table `oc_download_description`
--
ALTER TABLE `oc_download_description`
  ADD PRIMARY KEY (`download_id`,`language_id`);

--
-- Indexes for table `oc_event`
--
ALTER TABLE `oc_event`
  ADD PRIMARY KEY (`event_id`);

--
-- Indexes for table `oc_exclude_dates`
--
ALTER TABLE `oc_exclude_dates`
  ADD PRIMARY KEY (`exc_id`);

--
-- Indexes for table `oc_extension`
--
ALTER TABLE `oc_extension`
  ADD PRIMARY KEY (`extension_id`);

--
-- Indexes for table `oc_filter`
--
ALTER TABLE `oc_filter`
  ADD PRIMARY KEY (`filter_id`);

--
-- Indexes for table `oc_filter_description`
--
ALTER TABLE `oc_filter_description`
  ADD PRIMARY KEY (`filter_id`,`language_id`);

--
-- Indexes for table `oc_filter_group`
--
ALTER TABLE `oc_filter_group`
  ADD PRIMARY KEY (`filter_group_id`);

--
-- Indexes for table `oc_filter_group_description`
--
ALTER TABLE `oc_filter_group_description`
  ADD PRIMARY KEY (`filter_group_id`,`language_id`);

--
-- Indexes for table `oc_geo_zone`
--
ALTER TABLE `oc_geo_zone`
  ADD PRIMARY KEY (`geo_zone_id`);

--
-- Indexes for table `oc_information`
--
ALTER TABLE `oc_information`
  ADD PRIMARY KEY (`information_id`);

--
-- Indexes for table `oc_information_description`
--
ALTER TABLE `oc_information_description`
  ADD PRIMARY KEY (`information_id`,`language_id`);

--
-- Indexes for table `oc_information_to_layout`
--
ALTER TABLE `oc_information_to_layout`
  ADD PRIMARY KEY (`information_id`,`store_id`);

--
-- Indexes for table `oc_information_to_store`
--
ALTER TABLE `oc_information_to_store`
  ADD PRIMARY KEY (`information_id`,`store_id`);

--
-- Indexes for table `oc_language`
--
ALTER TABLE `oc_language`
  ADD PRIMARY KEY (`language_id`),
  ADD KEY `name` (`name`);

--
-- Indexes for table `oc_layout`
--
ALTER TABLE `oc_layout`
  ADD PRIMARY KEY (`layout_id`);

--
-- Indexes for table `oc_layout_module`
--
ALTER TABLE `oc_layout_module`
  ADD PRIMARY KEY (`layout_module_id`);

--
-- Indexes for table `oc_layout_route`
--
ALTER TABLE `oc_layout_route`
  ADD PRIMARY KEY (`layout_route_id`);

--
-- Indexes for table `oc_length_class`
--
ALTER TABLE `oc_length_class`
  ADD PRIMARY KEY (`length_class_id`);

--
-- Indexes for table `oc_length_class_description`
--
ALTER TABLE `oc_length_class_description`
  ADD PRIMARY KEY (`length_class_id`,`language_id`);

--
-- Indexes for table `oc_location`
--
ALTER TABLE `oc_location`
  ADD PRIMARY KEY (`location_id`),
  ADD KEY `name` (`name`);

--
-- Indexes for table `oc_manufacturer`
--
ALTER TABLE `oc_manufacturer`
  ADD PRIMARY KEY (`manufacturer_id`);

--
-- Indexes for table `oc_manufacturer_to_store`
--
ALTER TABLE `oc_manufacturer_to_store`
  ADD PRIMARY KEY (`manufacturer_id`,`store_id`);

--
-- Indexes for table `oc_marketing`
--
ALTER TABLE `oc_marketing`
  ADD PRIMARY KEY (`marketing_id`);

--
-- Indexes for table `oc_modification`
--
ALTER TABLE `oc_modification`
  ADD PRIMARY KEY (`modification_id`);

--
-- Indexes for table `oc_module`
--
ALTER TABLE `oc_module`
  ADD PRIMARY KEY (`module_id`);

--
-- Indexes for table `oc_newsletter`
--
ALTER TABLE `oc_newsletter`
  ADD PRIMARY KEY (`email`);

--
-- Indexes for table `oc_one_year_slot`
--
ALTER TABLE `oc_one_year_slot`
  ADD PRIMARY KEY (`one_slot_id`);

--
-- Indexes for table `oc_option`
--
ALTER TABLE `oc_option`
  ADD PRIMARY KEY (`option_id`);

--
-- Indexes for table `oc_option_description`
--
ALTER TABLE `oc_option_description`
  ADD PRIMARY KEY (`option_id`,`language_id`);

--
-- Indexes for table `oc_option_value`
--
ALTER TABLE `oc_option_value`
  ADD PRIMARY KEY (`option_value_id`);

--
-- Indexes for table `oc_option_value_description`
--
ALTER TABLE `oc_option_value_description`
  ADD PRIMARY KEY (`option_value_id`,`language_id`);

--
-- Indexes for table `oc_order`
--
ALTER TABLE `oc_order`
  ADD PRIMARY KEY (`order_id`);

--
-- Indexes for table `oc_order_custom_field`
--
ALTER TABLE `oc_order_custom_field`
  ADD PRIMARY KEY (`order_custom_field_id`);

--
-- Indexes for table `oc_order_history`
--
ALTER TABLE `oc_order_history`
  ADD PRIMARY KEY (`order_history_id`);

--
-- Indexes for table `oc_order_option`
--
ALTER TABLE `oc_order_option`
  ADD PRIMARY KEY (`order_option_id`);

--
-- Indexes for table `oc_order_product`
--
ALTER TABLE `oc_order_product`
  ADD PRIMARY KEY (`order_product_id`);

--
-- Indexes for table `oc_order_recurring`
--
ALTER TABLE `oc_order_recurring`
  ADD PRIMARY KEY (`order_recurring_id`);

--
-- Indexes for table `oc_order_recurring_transaction`
--
ALTER TABLE `oc_order_recurring_transaction`
  ADD PRIMARY KEY (`order_recurring_transaction_id`);

--
-- Indexes for table `oc_order_status`
--
ALTER TABLE `oc_order_status`
  ADD PRIMARY KEY (`order_status_id`,`language_id`);

--
-- Indexes for table `oc_order_total`
--
ALTER TABLE `oc_order_total`
  ADD PRIMARY KEY (`order_total_id`),
  ADD KEY `order_id` (`order_id`);

--
-- Indexes for table `oc_order_voucher`
--
ALTER TABLE `oc_order_voucher`
  ADD PRIMARY KEY (`order_voucher_id`);

--
-- Indexes for table `oc_paypal_order`
--
ALTER TABLE `oc_paypal_order`
  ADD PRIMARY KEY (`paypal_order_id`);

--
-- Indexes for table `oc_paypal_order_transaction`
--
ALTER TABLE `oc_paypal_order_transaction`
  ADD PRIMARY KEY (`paypal_order_transaction_id`);

--
-- Indexes for table `oc_product`
--
ALTER TABLE `oc_product`
  ADD PRIMARY KEY (`product_id`);

--
-- Indexes for table `oc_product_attribute`
--
ALTER TABLE `oc_product_attribute`
  ADD PRIMARY KEY (`product_id`,`attribute_id`,`language_id`);

--
-- Indexes for table `oc_product_description`
--
ALTER TABLE `oc_product_description`
  ADD PRIMARY KEY (`product_id`,`language_id`),
  ADD KEY `name` (`name`);

--
-- Indexes for table `oc_product_discount`
--
ALTER TABLE `oc_product_discount`
  ADD PRIMARY KEY (`product_discount_id`),
  ADD KEY `product_id` (`product_id`);

--
-- Indexes for table `oc_product_filter`
--
ALTER TABLE `oc_product_filter`
  ADD PRIMARY KEY (`product_id`,`filter_id`);

--
-- Indexes for table `oc_product_image`
--
ALTER TABLE `oc_product_image`
  ADD PRIMARY KEY (`product_image_id`),
  ADD KEY `product_id` (`product_id`);

--
-- Indexes for table `oc_product_option`
--
ALTER TABLE `oc_product_option`
  ADD PRIMARY KEY (`product_option_id`);

--
-- Indexes for table `oc_product_option_value`
--
ALTER TABLE `oc_product_option_value`
  ADD PRIMARY KEY (`product_option_value_id`);

--
-- Indexes for table `oc_product_recurring`
--
ALTER TABLE `oc_product_recurring`
  ADD PRIMARY KEY (`product_id`,`recurring_id`,`customer_group_id`);

--
-- Indexes for table `oc_product_related`
--
ALTER TABLE `oc_product_related`
  ADD PRIMARY KEY (`product_id`,`related_id`);

--
-- Indexes for table `oc_product_reward`
--
ALTER TABLE `oc_product_reward`
  ADD PRIMARY KEY (`product_reward_id`);

--
-- Indexes for table `oc_product_special`
--
ALTER TABLE `oc_product_special`
  ADD PRIMARY KEY (`product_special_id`),
  ADD KEY `product_id` (`product_id`);

--
-- Indexes for table `oc_product_tab`
--
ALTER TABLE `oc_product_tab`
  ADD PRIMARY KEY (`product_id`,`tab_id`,`language_id`);

--
-- Indexes for table `oc_product_to_category`
--
ALTER TABLE `oc_product_to_category`
  ADD PRIMARY KEY (`product_id`,`category_id`),
  ADD KEY `category_id` (`category_id`);

--
-- Indexes for table `oc_product_to_download`
--
ALTER TABLE `oc_product_to_download`
  ADD PRIMARY KEY (`product_id`,`download_id`);

--
-- Indexes for table `oc_product_to_layout`
--
ALTER TABLE `oc_product_to_layout`
  ADD PRIMARY KEY (`product_id`,`store_id`);

--
-- Indexes for table `oc_product_to_store`
--
ALTER TABLE `oc_product_to_store`
  ADD PRIMARY KEY (`product_id`,`store_id`);

--
-- Indexes for table `oc_question`
--
ALTER TABLE `oc_question`
  ADD PRIMARY KEY (`question_id`);

--
-- Indexes for table `oc_recurring`
--
ALTER TABLE `oc_recurring`
  ADD PRIMARY KEY (`recurring_id`);

--
-- Indexes for table `oc_recurring_description`
--
ALTER TABLE `oc_recurring_description`
  ADD PRIMARY KEY (`recurring_id`,`language_id`);

--
-- Indexes for table `oc_return`
--
ALTER TABLE `oc_return`
  ADD PRIMARY KEY (`return_id`);

--
-- Indexes for table `oc_return_action`
--
ALTER TABLE `oc_return_action`
  ADD PRIMARY KEY (`return_action_id`,`language_id`);

--
-- Indexes for table `oc_return_history`
--
ALTER TABLE `oc_return_history`
  ADD PRIMARY KEY (`return_history_id`);

--
-- Indexes for table `oc_return_reason`
--
ALTER TABLE `oc_return_reason`
  ADD PRIMARY KEY (`return_reason_id`,`language_id`);

--
-- Indexes for table `oc_return_status`
--
ALTER TABLE `oc_return_status`
  ADD PRIMARY KEY (`return_status_id`,`language_id`);

--
-- Indexes for table `oc_review`
--
ALTER TABLE `oc_review`
  ADD PRIMARY KEY (`review_id`),
  ADD KEY `product_id` (`product_id`);

--
-- Indexes for table `oc_revslider_attachment_images`
--
ALTER TABLE `oc_revslider_attachment_images`
  ADD PRIMARY KEY (`ID`);

--
-- Indexes for table `oc_revslider_css`
--
ALTER TABLE `oc_revslider_css`
  ADD PRIMARY KEY (`id`);

--
-- Indexes for table `oc_revslider_layer_animations`
--
ALTER TABLE `oc_revslider_layer_animations`
  ADD PRIMARY KEY (`id`);

--
-- Indexes for table `oc_revslider_settings`
--
ALTER TABLE `oc_revslider_settings`
  ADD PRIMARY KEY (`id`);

--
-- Indexes for table `oc_revslider_sliders`
--
ALTER TABLE `oc_revslider_sliders`
  ADD PRIMARY KEY (`id`);

--
-- Indexes for table `oc_revslider_slides`
--
ALTER TABLE `oc_revslider_slides`
  ADD PRIMARY KEY (`id`);

--
-- Indexes for table `oc_revslider_static_slides`
--
ALTER TABLE `oc_revslider_static_slides`
  ADD PRIMARY KEY (`id`);

--
-- Indexes for table `oc_shopping_cart_rules`
--
ALTER TABLE `oc_shopping_cart_rules`
  ADD PRIMARY KEY (`rule_id`);

--
-- Indexes for table `oc_slot_setting`
--
ALTER TABLE `oc_slot_setting`
  ADD PRIMARY KEY (`slot_id`);

--
-- Indexes for table `oc_spending_rules`
--
ALTER TABLE `oc_spending_rules`
  ADD PRIMARY KEY (`rule_id`);

--
-- Indexes for table `oc_stock_status`
--
ALTER TABLE `oc_stock_status`
  ADD PRIMARY KEY (`stock_status_id`,`language_id`);

--
-- Indexes for table `oc_store`
--
ALTER TABLE `oc_store`
  ADD PRIMARY KEY (`store_id`);

--
-- Indexes for table `oc_tab`
--
ALTER TABLE `oc_tab`
  ADD PRIMARY KEY (`tab_id`);

--
-- Indexes for table `oc_tab_description`
--
ALTER TABLE `oc_tab_description`
  ADD PRIMARY KEY (`tab_id`,`language_id`);

--
-- Indexes for table `oc_tag_cloud`
--
ALTER TABLE `oc_tag_cloud`
  ADD PRIMARY KEY (`tag`,`language_id`,`store_id`);

--
-- Indexes for table `oc_tax_class`
--
ALTER TABLE `oc_tax_class`
  ADD PRIMARY KEY (`tax_class_id`);

--
-- Indexes for table `oc_tax_rate`
--
ALTER TABLE `oc_tax_rate`
  ADD PRIMARY KEY (`tax_rate_id`);

--
-- Indexes for table `oc_tax_rate_to_customer_group`
--
ALTER TABLE `oc_tax_rate_to_customer_group`
  ADD PRIMARY KEY (`tax_rate_id`,`customer_group_id`);

--
-- Indexes for table `oc_tax_rule`
--
ALTER TABLE `oc_tax_rule`
  ADD PRIMARY KEY (`tax_rule_id`);

--
-- Indexes for table `oc_testimonial`
--
ALTER TABLE `oc_testimonial`
  ADD PRIMARY KEY (`testimonial_id`);

--
-- Indexes for table `oc_testimonial_description`
--
ALTER TABLE `oc_testimonial_description`
  ADD PRIMARY KEY (`testimonial_id`,`language_id`);

--
-- Indexes for table `oc_upload`
--
ALTER TABLE `oc_upload`
  ADD PRIMARY KEY (`upload_id`);

--
-- Indexes for table `oc_url_alias`
--
ALTER TABLE `oc_url_alias`
  ADD PRIMARY KEY (`url_alias_id`),
  ADD KEY `query` (`query`),
  ADD KEY `keyword` (`keyword`);

--
-- Indexes for table `oc_user_group`
--
ALTER TABLE `oc_user_group`
  ADD PRIMARY KEY (`user_group_id`);

--
-- Indexes for table `oc_voucher`
--
ALTER TABLE `oc_voucher`
  ADD PRIMARY KEY (`voucher_id`);

--
-- Indexes for table `oc_voucher_history`
--
ALTER TABLE `oc_voucher_history`
  ADD PRIMARY KEY (`voucher_history_id`);

--
-- Indexes for table `oc_voucher_theme`
--
ALTER TABLE `oc_voucher_theme`
  ADD PRIMARY KEY (`voucher_theme_id`);

--
-- Indexes for table `oc_voucher_theme_description`
--
ALTER TABLE `oc_voucher_theme_description`
  ADD PRIMARY KEY (`voucher_theme_id`,`language_id`);

--
-- Indexes for table `oc_weekly_day_status`
--
ALTER TABLE `oc_weekly_day_status`
  ADD PRIMARY KEY (`w_id`);

--
-- Indexes for table `oc_weight_class`
--
ALTER TABLE `oc_weight_class`
  ADD PRIMARY KEY (`weight_class_id`);

--
-- Indexes for table `oc_weight_class_description`
--
ALTER TABLE `oc_weight_class_description`
  ADD PRIMARY KEY (`weight_class_id`,`language_id`);

--
-- Indexes for table `oc_zglobalpay_tranxlog`
--
ALTER TABLE `oc_zglobalpay_tranxlog`
  ADD PRIMARY KEY (`id`,`tranx_id`),
  ADD UNIQUE KEY `tranx_id` (`tranx_id`),
  ADD KEY `order_id` (`order_id`,`email`,`status`);

--
-- Indexes for table `oc_zone`
--
ALTER TABLE `oc_zone`
  ADD PRIMARY KEY (`zone_id`);

--
-- Indexes for table `oc_zone_to_geo_zone`
--
ALTER TABLE `oc_zone_to_geo_zone`
  ADD PRIMARY KEY (`zone_to_geo_zone_id`);

--
-- AUTO_INCREMENT for dumped tables
--

--
-- AUTO_INCREMENT for table `oc_acr_history`
--
ALTER TABLE `oc_acr_history`
  MODIFY `acr_history_id` int(11) NOT NULL AUTO_INCREMENT;

--
-- AUTO_INCREMENT for table `oc_address`
--
ALTER TABLE `oc_address`
  MODIFY `address_id` int(11) NOT NULL AUTO_INCREMENT, AUTO_INCREMENT=89;

--
-- AUTO_INCREMENT for table `oc_affiliate_login`
--
ALTER TABLE `oc_affiliate_login`
  MODIFY `affiliate_login_id` int(11) NOT NULL AUTO_INCREMENT;

--
-- AUTO_INCREMENT for table `oc_affiliate_transaction`
--
ALTER TABLE `oc_affiliate_transaction`
  MODIFY `affiliate_transaction_id` int(11) NOT NULL AUTO_INCREMENT;

--
-- AUTO_INCREMENT for table `oc_attribute`
--
ALTER TABLE `oc_attribute`
  MODIFY `attribute_id` int(11) NOT NULL AUTO_INCREMENT, AUTO_INCREMENT=12;

--
-- AUTO_INCREMENT for table `oc_attribute_group`
--
ALTER TABLE `oc_attribute_group`
  MODIFY `attribute_group_id` int(11) NOT NULL AUTO_INCREMENT, AUTO_INCREMENT=7;

--
-- AUTO_INCREMENT for table `oc_banner`
--
ALTER TABLE `oc_banner`
  MODIFY `banner_id` int(11) NOT NULL AUTO_INCREMENT, AUTO_INCREMENT=9;

--
-- AUTO_INCREMENT for table `oc_banner_image`
--
ALTER TABLE `oc_banner_image`
  MODIFY `banner_image_id` int(11) NOT NULL AUTO_INCREMENT, AUTO_INCREMENT=139;

--
-- AUTO_INCREMENT for table `oc_behavior_rules`
--
ALTER TABLE `oc_behavior_rules`
  MODIFY `rule_id` int(11) UNSIGNED NOT NULL AUTO_INCREMENT, AUTO_INCREMENT=5;

--
-- AUTO_INCREMENT for table `oc_blog`
--
ALTER TABLE `oc_blog`
  MODIFY `blog_id` int(11) NOT NULL AUTO_INCREMENT, AUTO_INCREMENT=20;

--
-- AUTO_INCREMENT for table `oc_blog_category`
--
ALTER TABLE `oc_blog_category`
  MODIFY `blog_category_id` int(11) NOT NULL AUTO_INCREMENT, AUTO_INCREMENT=52;

--
-- AUTO_INCREMENT for table `oc_blog_comment`
--
ALTER TABLE `oc_blog_comment`
  MODIFY `blog_comment_id` int(11) NOT NULL AUTO_INCREMENT, AUTO_INCREMENT=21;

--
-- AUTO_INCREMENT for table `oc_catalog_rules`
--
ALTER TABLE `oc_catalog_rules`
  MODIFY `rule_id` int(11) UNSIGNED NOT NULL AUTO_INCREMENT, AUTO_INCREMENT=3;

--
-- AUTO_INCREMENT for table `oc_category`
--
ALTER TABLE `oc_category`
  MODIFY `category_id` int(11) NOT NULL AUTO_INCREMENT, AUTO_INCREMENT=112;

--
-- AUTO_INCREMENT for table `oc_country`
--
ALTER TABLE `oc_country`
  MODIFY `country_id` int(11) NOT NULL AUTO_INCREMENT, AUTO_INCREMENT=258;

--
-- AUTO_INCREMENT for table `oc_coupon`
--
ALTER TABLE `oc_coupon`
  MODIFY `coupon_id` int(11) NOT NULL AUTO_INCREMENT, AUTO_INCREMENT=8;

--
-- AUTO_INCREMENT for table `oc_coupon_history`
--
ALTER TABLE `oc_coupon_history`
  MODIFY `coupon_history_id` int(11) NOT NULL AUTO_INCREMENT;

--
-- AUTO_INCREMENT for table `oc_coupon_product`
--
ALTER TABLE `oc_coupon_product`
  MODIFY `coupon_product_id` int(11) NOT NULL AUTO_INCREMENT;

--
-- AUTO_INCREMENT for table `oc_currency`
--
ALTER TABLE `oc_currency`
  MODIFY `currency_id` int(11) NOT NULL AUTO_INCREMENT, AUTO_INCREMENT=5;

--
-- AUTO_INCREMENT for table `oc_customer_ban_ip`
--
ALTER TABLE `oc_customer_ban_ip`
  MODIFY `customer_ban_ip_id` int(11) NOT NULL AUTO_INCREMENT;

--
-- AUTO_INCREMENT for table `oc_customer_group`
--
ALTER TABLE `oc_customer_group`
  MODIFY `customer_group_id` int(11) NOT NULL AUTO_INCREMENT, AUTO_INCREMENT=2;

--
-- AUTO_INCREMENT for table `oc_customer_history`
--
ALTER TABLE `oc_customer_history`
  MODIFY `customer_history_id` int(11) NOT NULL AUTO_INCREMENT;

--
-- AUTO_INCREMENT for table `oc_customer_ip`
--
ALTER TABLE `oc_customer_ip`
  MODIFY `customer_ip_id` int(11) NOT NULL AUTO_INCREMENT, AUTO_INCREMENT=200;

--
-- AUTO_INCREMENT for table `oc_customer_login`
--
ALTER TABLE `oc_customer_login`
  MODIFY `customer_login_id` int(11) NOT NULL AUTO_INCREMENT, AUTO_INCREMENT=7825;

--
-- AUTO_INCREMENT for table `oc_customer_reward`
--
ALTER TABLE `oc_customer_reward`
  MODIFY `customer_reward_id` int(11) NOT NULL AUTO_INCREMENT, AUTO_INCREMENT=2;

--
-- AUTO_INCREMENT for table `oc_customer_transaction`
--
ALTER TABLE `oc_customer_transaction`
  MODIFY `customer_transaction_id` int(11) NOT NULL AUTO_INCREMENT;

--
-- AUTO_INCREMENT for table `oc_custom_field`
--
ALTER TABLE `oc_custom_field`
  MODIFY `custom_field_id` int(11) NOT NULL AUTO_INCREMENT;

--
-- AUTO_INCREMENT for table `oc_custom_field_value`
--
ALTER TABLE `oc_custom_field_value`
  MODIFY `custom_field_value_id` int(11) NOT NULL AUTO_INCREMENT;

--
-- AUTO_INCREMENT for table `oc_delivery_time`
--
ALTER TABLE `oc_delivery_time`
  MODIFY `id` int(11) NOT NULL AUTO_INCREMENT;

--
-- AUTO_INCREMENT for table `oc_download`
--
ALTER TABLE `oc_download`
  MODIFY `download_id` int(11) NOT NULL AUTO_INCREMENT;

--
-- AUTO_INCREMENT for table `oc_event`
--
ALTER TABLE `oc_event`
  MODIFY `event_id` int(11) NOT NULL AUTO_INCREMENT, AUTO_INCREMENT=2;

--
-- AUTO_INCREMENT for table `oc_exclude_dates`
--
ALTER TABLE `oc_exclude_dates`
  MODIFY `exc_id` int(11) NOT NULL AUTO_INCREMENT;

--
-- AUTO_INCREMENT for table `oc_extension`
--
ALTER TABLE `oc_extension`
  MODIFY `extension_id` int(11) NOT NULL AUTO_INCREMENT, AUTO_INCREMENT=490;

--
-- AUTO_INCREMENT for table `oc_filter`
--
ALTER TABLE `oc_filter`
  MODIFY `filter_id` int(11) NOT NULL AUTO_INCREMENT;

--
-- AUTO_INCREMENT for table `oc_filter_group`
--
ALTER TABLE `oc_filter_group`
  MODIFY `filter_group_id` int(11) NOT NULL AUTO_INCREMENT;

--
-- AUTO_INCREMENT for table `oc_geo_zone`
--
ALTER TABLE `oc_geo_zone`
  MODIFY `geo_zone_id` int(11) NOT NULL AUTO_INCREMENT, AUTO_INCREMENT=15;

--
-- AUTO_INCREMENT for table `oc_information`
--
ALTER TABLE `oc_information`
  MODIFY `information_id` int(11) NOT NULL AUTO_INCREMENT, AUTO_INCREMENT=10;

--
-- AUTO_INCREMENT for table `oc_language`
--
ALTER TABLE `oc_language`
  MODIFY `language_id` int(11) NOT NULL AUTO_INCREMENT, AUTO_INCREMENT=2;

--
-- AUTO_INCREMENT for table `oc_layout`
--
ALTER TABLE `oc_layout`
  MODIFY `layout_id` int(11) NOT NULL AUTO_INCREMENT, AUTO_INCREMENT=21;

--
-- AUTO_INCREMENT for table `oc_layout_module`
--
ALTER TABLE `oc_layout_module`
  MODIFY `layout_module_id` int(11) NOT NULL AUTO_INCREMENT, AUTO_INCREMENT=126;

--
-- AUTO_INCREMENT for table `oc_layout_route`
--
ALTER TABLE `oc_layout_route`
  MODIFY `layout_route_id` int(11) NOT NULL AUTO_INCREMENT, AUTO_INCREMENT=72;

--
-- AUTO_INCREMENT for table `oc_length_class`
--
ALTER TABLE `oc_length_class`
  MODIFY `length_class_id` int(11) NOT NULL AUTO_INCREMENT, AUTO_INCREMENT=4;

--
-- AUTO_INCREMENT for table `oc_length_class_description`
--
ALTER TABLE `oc_length_class_description`
  MODIFY `length_class_id` int(11) NOT NULL AUTO_INCREMENT, AUTO_INCREMENT=4;

--
-- AUTO_INCREMENT for table `oc_location`
--
ALTER TABLE `oc_location`
  MODIFY `location_id` int(11) NOT NULL AUTO_INCREMENT;

--
-- AUTO_INCREMENT for table `oc_manufacturer`
--
ALTER TABLE `oc_manufacturer`
  MODIFY `manufacturer_id` int(11) NOT NULL AUTO_INCREMENT, AUTO_INCREMENT=12;

--
-- AUTO_INCREMENT for table `oc_marketing`
--
ALTER TABLE `oc_marketing`
  MODIFY `marketing_id` int(11) NOT NULL AUTO_INCREMENT;

--
-- AUTO_INCREMENT for table `oc_modification`
--
ALTER TABLE `oc_modification`
  MODIFY `modification_id` int(11) NOT NULL AUTO_INCREMENT, AUTO_INCREMENT=10;

--
-- AUTO_INCREMENT for table `oc_module`
--
ALTER TABLE `oc_module`
  MODIFY `module_id` int(11) NOT NULL AUTO_INCREMENT, AUTO_INCREMENT=49;

--
-- AUTO_INCREMENT for table `oc_one_year_slot`
--
ALTER TABLE `oc_one_year_slot`
  MODIFY `one_slot_id` int(11) NOT NULL AUTO_INCREMENT, AUTO_INCREMENT=12729;

--
-- AUTO_INCREMENT for table `oc_option`
--
ALTER TABLE `oc_option`
  MODIFY `option_id` int(11) NOT NULL AUTO_INCREMENT, AUTO_INCREMENT=18;

--
-- AUTO_INCREMENT for table `oc_option_value`
--
ALTER TABLE `oc_option_value`
  MODIFY `option_value_id` int(11) NOT NULL AUTO_INCREMENT, AUTO_INCREMENT=54;

--
-- AUTO_INCREMENT for table `oc_order`
--
ALTER TABLE `oc_order`
  MODIFY `order_id` int(11) NOT NULL AUTO_INCREMENT, AUTO_INCREMENT=128;

--
-- AUTO_INCREMENT for table `oc_order_custom_field`
--
ALTER TABLE `oc_order_custom_field`
  MODIFY `order_custom_field_id` int(11) NOT NULL AUTO_INCREMENT;

--
-- AUTO_INCREMENT for table `oc_order_history`
--
ALTER TABLE `oc_order_history`
  MODIFY `order_history_id` int(11) NOT NULL AUTO_INCREMENT, AUTO_INCREMENT=140;

--
-- AUTO_INCREMENT for table `oc_order_option`
--
ALTER TABLE `oc_order_option`
  MODIFY `order_option_id` int(11) NOT NULL AUTO_INCREMENT, AUTO_INCREMENT=179;

--
-- AUTO_INCREMENT for table `oc_order_product`
--
ALTER TABLE `oc_order_product`
  MODIFY `order_product_id` int(11) NOT NULL AUTO_INCREMENT, AUTO_INCREMENT=257;

--
-- AUTO_INCREMENT for table `oc_order_recurring`
--
ALTER TABLE `oc_order_recurring`
  MODIFY `order_recurring_id` int(11) NOT NULL AUTO_INCREMENT;

--
-- AUTO_INCREMENT for table `oc_order_recurring_transaction`
--
ALTER TABLE `oc_order_recurring_transaction`
  MODIFY `order_recurring_transaction_id` int(11) NOT NULL AUTO_INCREMENT;

--
-- AUTO_INCREMENT for table `oc_order_status`
--
ALTER TABLE `oc_order_status`
  MODIFY `order_status_id` int(11) NOT NULL AUTO_INCREMENT, AUTO_INCREMENT=17;

--
-- AUTO_INCREMENT for table `oc_order_total`
--
ALTER TABLE `oc_order_total`
  MODIFY `order_total_id` int(10) NOT NULL AUTO_INCREMENT, AUTO_INCREMENT=378;

--
-- AUTO_INCREMENT for table `oc_order_voucher`
--
ALTER TABLE `oc_order_voucher`
  MODIFY `order_voucher_id` int(11) NOT NULL AUTO_INCREMENT;

--
-- AUTO_INCREMENT for table `oc_paypal_order`
--
ALTER TABLE `oc_paypal_order`
  MODIFY `paypal_order_id` int(11) NOT NULL AUTO_INCREMENT;

--
-- AUTO_INCREMENT for table `oc_paypal_order_transaction`
--
ALTER TABLE `oc_paypal_order_transaction`
  MODIFY `paypal_order_transaction_id` int(11) NOT NULL AUTO_INCREMENT;

--
-- AUTO_INCREMENT for table `oc_product`
--
ALTER TABLE `oc_product`
  MODIFY `product_id` int(11) NOT NULL AUTO_INCREMENT, AUTO_INCREMENT=121;

--
-- AUTO_INCREMENT for table `oc_product_discount`
--
ALTER TABLE `oc_product_discount`
  MODIFY `product_discount_id` int(11) NOT NULL AUTO_INCREMENT, AUTO_INCREMENT=448;

--
-- AUTO_INCREMENT for table `oc_product_image`
--
ALTER TABLE `oc_product_image`
  MODIFY `product_image_id` int(11) NOT NULL AUTO_INCREMENT, AUTO_INCREMENT=2930;

--
-- AUTO_INCREMENT for table `oc_product_option`
--
ALTER TABLE `oc_product_option`
  MODIFY `product_option_id` int(11) NOT NULL AUTO_INCREMENT, AUTO_INCREMENT=280;

--
-- AUTO_INCREMENT for table `oc_product_option_value`
--
ALTER TABLE `oc_product_option_value`
  MODIFY `product_option_value_id` int(11) NOT NULL AUTO_INCREMENT, AUTO_INCREMENT=133;

--
-- AUTO_INCREMENT for table `oc_product_reward`
--
ALTER TABLE `oc_product_reward`
  MODIFY `product_reward_id` int(11) NOT NULL AUTO_INCREMENT, AUTO_INCREMENT=614;

--
-- AUTO_INCREMENT for table `oc_product_special`
--
ALTER TABLE `oc_product_special`
  MODIFY `product_special_id` int(11) NOT NULL AUTO_INCREMENT, AUTO_INCREMENT=537;

--
-- AUTO_INCREMENT for table `oc_question`
--
ALTER TABLE `oc_question`
  MODIFY `question_id` int(11) NOT NULL AUTO_INCREMENT, AUTO_INCREMENT=16;

--
-- AUTO_INCREMENT for table `oc_recurring`
--
ALTER TABLE `oc_recurring`
  MODIFY `recurring_id` int(11) NOT NULL AUTO_INCREMENT;

--
-- AUTO_INCREMENT for table `oc_return`
--
ALTER TABLE `oc_return`
  MODIFY `return_id` int(11) NOT NULL AUTO_INCREMENT, AUTO_INCREMENT=2;

--
-- AUTO_INCREMENT for table `oc_return_action`
--
ALTER TABLE `oc_return_action`
  MODIFY `return_action_id` int(11) NOT NULL AUTO_INCREMENT, AUTO_INCREMENT=4;

--
-- AUTO_INCREMENT for table `oc_return_history`
--
ALTER TABLE `oc_return_history`
  MODIFY `return_history_id` int(11) NOT NULL AUTO_INCREMENT;

--
-- AUTO_INCREMENT for table `oc_return_reason`
--
ALTER TABLE `oc_return_reason`
  MODIFY `return_reason_id` int(11) NOT NULL AUTO_INCREMENT, AUTO_INCREMENT=6;

--
-- AUTO_INCREMENT for table `oc_return_status`
--
ALTER TABLE `oc_return_status`
  MODIFY `return_status_id` int(11) NOT NULL AUTO_INCREMENT, AUTO_INCREMENT=4;

--
-- AUTO_INCREMENT for table `oc_review`
--
ALTER TABLE `oc_review`
  MODIFY `review_id` int(11) NOT NULL AUTO_INCREMENT;

--
-- AUTO_INCREMENT for table `oc_revslider_attachment_images`
--
ALTER TABLE `oc_revslider_attachment_images`
  MODIFY `ID` int(10) NOT NULL AUTO_INCREMENT;

--
-- AUTO_INCREMENT for table `oc_revslider_css`
--
ALTER TABLE `oc_revslider_css`
  MODIFY `id` int(9) NOT NULL AUTO_INCREMENT, AUTO_INCREMENT=42;

--
-- AUTO_INCREMENT for table `oc_revslider_layer_animations`
--
ALTER TABLE `oc_revslider_layer_animations`
  MODIFY `id` int(9) NOT NULL AUTO_INCREMENT;

--
-- AUTO_INCREMENT for table `oc_revslider_settings`
--
ALTER TABLE `oc_revslider_settings`
  MODIFY `id` int(9) NOT NULL AUTO_INCREMENT;

--
-- AUTO_INCREMENT for table `oc_revslider_sliders`
--
ALTER TABLE `oc_revslider_sliders`
  MODIFY `id` int(9) NOT NULL AUTO_INCREMENT, AUTO_INCREMENT=2;

--
-- AUTO_INCREMENT for table `oc_revslider_slides`
--
ALTER TABLE `oc_revslider_slides`
  MODIFY `id` int(9) NOT NULL AUTO_INCREMENT, AUTO_INCREMENT=6;

--
-- AUTO_INCREMENT for table `oc_revslider_static_slides`
--
ALTER TABLE `oc_revslider_static_slides`
  MODIFY `id` int(9) NOT NULL AUTO_INCREMENT;

--
-- AUTO_INCREMENT for table `oc_shopping_cart_rules`
--
ALTER TABLE `oc_shopping_cart_rules`
  MODIFY `rule_id` int(11) UNSIGNED NOT NULL AUTO_INCREMENT, AUTO_INCREMENT=5;

--
-- AUTO_INCREMENT for table `oc_slot_setting`
--
ALTER TABLE `oc_slot_setting`
  MODIFY `slot_id` int(11) NOT NULL AUTO_INCREMENT, AUTO_INCREMENT=2;

--
-- AUTO_INCREMENT for table `oc_spending_rules`
--
ALTER TABLE `oc_spending_rules`
  MODIFY `rule_id` int(11) UNSIGNED NOT NULL AUTO_INCREMENT, AUTO_INCREMENT=2;

--
-- AUTO_INCREMENT for table `oc_stock_status`
--
ALTER TABLE `oc_stock_status`
  MODIFY `stock_status_id` int(11) NOT NULL AUTO_INCREMENT, AUTO_INCREMENT=9;

--
-- AUTO_INCREMENT for table `oc_store`
--
ALTER TABLE `oc_store`
  MODIFY `store_id` int(11) NOT NULL AUTO_INCREMENT;

--
-- AUTO_INCREMENT for table `oc_tab`
--
ALTER TABLE `oc_tab`
  MODIFY `tab_id` int(11) NOT NULL AUTO_INCREMENT;

--
-- AUTO_INCREMENT for table `oc_tax_class`
--
ALTER TABLE `oc_tax_class`
  MODIFY `tax_class_id` int(11) NOT NULL AUTO_INCREMENT, AUTO_INCREMENT=11;

--
-- AUTO_INCREMENT for table `oc_tax_rate`
--
ALTER TABLE `oc_tax_rate`
  MODIFY `tax_rate_id` int(11) NOT NULL AUTO_INCREMENT, AUTO_INCREMENT=88;

--
-- AUTO_INCREMENT for table `oc_tax_rule`
--
ALTER TABLE `oc_tax_rule`
  MODIFY `tax_rule_id` int(11) NOT NULL AUTO_INCREMENT, AUTO_INCREMENT=129;

--
-- AUTO_INCREMENT for table `oc_testimonial`
--
ALTER TABLE `oc_testimonial`
  MODIFY `testimonial_id` int(11) NOT NULL AUTO_INCREMENT, AUTO_INCREMENT=7;

--
-- AUTO_INCREMENT for table `oc_upload`
--
ALTER TABLE `oc_upload`
  MODIFY `upload_id` int(11) NOT NULL AUTO_INCREMENT;

--
-- AUTO_INCREMENT for table `oc_url_alias`
--
ALTER TABLE `oc_url_alias`
  MODIFY `url_alias_id` int(11) NOT NULL AUTO_INCREMENT, AUTO_INCREMENT=1367;

--
-- AUTO_INCREMENT for table `oc_user_group`
--
ALTER TABLE `oc_user_group`
  MODIFY `user_group_id` int(11) NOT NULL AUTO_INCREMENT, AUTO_INCREMENT=15;

--
-- AUTO_INCREMENT for table `oc_voucher`
--
ALTER TABLE `oc_voucher`
  MODIFY `voucher_id` int(11) NOT NULL AUTO_INCREMENT;

--
-- AUTO_INCREMENT for table `oc_voucher_history`
--
ALTER TABLE `oc_voucher_history`
  MODIFY `voucher_history_id` int(11) NOT NULL AUTO_INCREMENT;

--
-- AUTO_INCREMENT for table `oc_voucher_theme`
--
ALTER TABLE `oc_voucher_theme`
  MODIFY `voucher_theme_id` int(11) NOT NULL AUTO_INCREMENT, AUTO_INCREMENT=9;

--
-- AUTO_INCREMENT for table `oc_weekly_day_status`
--
ALTER TABLE `oc_weekly_day_status`
  MODIFY `w_id` int(11) NOT NULL AUTO_INCREMENT, AUTO_INCREMENT=2;

--
-- AUTO_INCREMENT for table `oc_weight_class`
--
ALTER TABLE `oc_weight_class`
  MODIFY `weight_class_id` int(11) NOT NULL AUTO_INCREMENT, AUTO_INCREMENT=7;

--
-- AUTO_INCREMENT for table `oc_weight_class_description`
--
ALTER TABLE `oc_weight_class_description`
  MODIFY `weight_class_id` int(11) NOT NULL AUTO_INCREMENT, AUTO_INCREMENT=7;

--
-- AUTO_INCREMENT for table `oc_zglobalpay_tranxlog`
--
ALTER TABLE `oc_zglobalpay_tranxlog`
  MODIFY `id` bigint(20) NOT NULL AUTO_INCREMENT, AUTO_INCREMENT=38;

--
-- AUTO_INCREMENT for table `oc_zone`
--
ALTER TABLE `oc_zone`
  MODIFY `zone_id` int(11) NOT NULL AUTO_INCREMENT, AUTO_INCREMENT=4231;

--
-- AUTO_INCREMENT for table `oc_zone_to_geo_zone`
--
ALTER TABLE `oc_zone_to_geo_zone`
  MODIFY `zone_to_geo_zone_id` int(11) NOT NULL AUTO_INCREMENT, AUTO_INCREMENT=169;
COMMIT;

