-- Table structure for table `oc_option`
--

CREATE TABLE `oc_option` (
  `option_id` int(11) NOT NULL,
  `type` varchar(32) NOT NULL,
  `sort_order` int(3) NOT NULL
) ENGINE=MyISAM DEFAULT CHARSET=utf8;

--
-- Dumping data for table `oc_option`
--

INSERT INTO `oc_option` (`option_id`, `type`, `sort_order`) VALUES
(1, 'radio', 1),
(2, 'checkbox', 2),
(4, 'text', 3),
(5, 'select', 4),
(6, 'textarea', 5),
(7, 'file', 6),
(8, 'date', 7),
(9, 'time', 8),
(10, 'datetime', 9),
(11, 'radio', 10),
(12, 'date', 11),
(13, 'textarea', 10),
(14, 'textarea', 10),
(15, 'select', 0),
(16, 'textarea', 0),
(17, 'textarea', 0);

-- --------------------------------------------------------

--
-- Table structure for table `oc_option_description`
--

CREATE TABLE `oc_option_description` (
  `option_id` int(11) NOT NULL,
  `language_id` int(11) NOT NULL,
  `name` varchar(128) NOT NULL
) ENGINE=MyISAM DEFAULT CHARSET=utf8;

--
-- Dumping data for table `oc_option_description`
--

INSERT INTO `oc_option_description` (`option_id`, `language_id`, `name`) VALUES
(1, 1, 'Radio'),
(2, 1, 'Checkbox'),
(4, 1, 'Text'),
(6, 1, 'Textarea'),
(8, 1, 'Date'),
(7, 1, 'File'),
(5, 1, 'Select'),
(9, 1, 'Time'),
(10, 1, 'Date &amp; Time'),
(12, 1, 'Delivery Date'),
(11, 1, 'Size'),
(13, 1, 'Insert your Custom Statistics &amp; Colour Here'),
(14, 1, 'Colour'),
(15, 1, 'Subscriptions'),
(16, 1, 'Age'),
(17, 1, 'Description');

-- --------------------------------------------------------

--
-- Table structure for table `oc_option_value`
--

CREATE TABLE `oc_option_value` (
  `option_value_id` int(11) NOT NULL,
  `option_id` int(11) NOT NULL,
  `image` varchar(255) NOT NULL,
  `sort_order` int(3) NOT NULL
) ENGINE=MyISAM DEFAULT CHARSET=utf8;

--
-- Dumping data for table `oc_option_value`
--

INSERT INTO `oc_option_value` (`option_value_id`, `option_id`, `image`, `sort_order`) VALUES
(43, 1, '', 3),
(32, 1, '', 1),
(45, 2, '', 4),
(44, 2, '', 3),
(42, 5, '', 4),
(41, 5, '', 3),
(39, 5, '', 1),
(40, 5, '', 2),
(31, 1, '', 2),
(23, 2, '', 1),
(24, 2, '', 2),
(48, 11, '', 3),
(47, 11, '', 2),
(46, 11, '', 1),
(49, 11, '', 4),
(50, 15, '', 0),
(51, 15, '', 0),
(52, 15, '', 0),
(53, 15, '', 0);

-- --------------------------------------------------------

--
-- Table structure for table `oc_option_value_description`
--

CREATE TABLE `oc_option_value_description` (
  `option_value_id` int(11) NOT NULL,
  `language_id` int(11) NOT NULL,
  `option_id` int(11) NOT NULL,
  `name` varchar(128) NOT NULL
) ENGINE=MyISAM DEFAULT CHARSET=utf8;

--
-- Dumping data for table `oc_option_value_description`
--

INSERT INTO `oc_option_value_description` (`option_value_id`, `language_id`, `option_id`, `name`) VALUES
(43, 1, 1, 'Large'),
(32, 1, 1, 'Small'),
(45, 1, 2, 'Checkbox 4'),
(44, 1, 2, 'Checkbox 3'),
(31, 1, 1, 'Medium'),
(42, 1, 5, 'Yellow'),
(41, 1, 5, 'Green'),
(39, 1, 5, 'Red'),
(40, 1, 5, 'Blue'),
(23, 1, 2, 'Checkbox 1'),
(24, 1, 2, 'Checkbox 2'),
(48, 1, 11, 'Large'),
(47, 1, 11, 'Medium'),
(46, 1, 11, 'Small'),
(49, 1, 11, 'Custom'),
(50, 1, 15, 'Monthly'),
(51, 1, 15, 'Quarterly'),
(52, 1, 15, 'Bi-Annually'),
(53, 1, 15, 'Annually');

-- --------------------------------------------------------

--
-- Table structure for table `oc_order`
--

CREATE TABLE `oc_order` (
  `order_id` int(11) NOT NULL,
  `invoice_no` int(11) NOT NULL DEFAULT 0,
  `invoice_prefix` varchar(26) NOT NULL,
  `store_id` int(11) NOT NULL DEFAULT 0,
  `store_name` varchar(64) NOT NULL,
  `store_url` varchar(255) NOT NULL,
  `customer_id` int(11) NOT NULL DEFAULT 0,
  `customer_group_id` int(11) NOT NULL DEFAULT 0,
  `firstname` varchar(32) NOT NULL,
  `lastname` varchar(32) NOT NULL,
  `email` varchar(96) NOT NULL,
  `telephone` varchar(32) NOT NULL,
  `fax` varchar(32) NOT NULL,
  `custom_field` text NOT NULL,
  `payment_firstname` varchar(32) NOT NULL,
  `payment_lastname` varchar(32) NOT NULL,
  `payment_company` varchar(40) NOT NULL,
  `payment_address_1` varchar(128) NOT NULL,
  `payment_address_2` varchar(128) NOT NULL,
  `payment_city` varchar(128) NOT NULL,
  `payment_postcode` varchar(10) NOT NULL,
  `payment_country` varchar(128) NOT NULL,
  `payment_country_id` int(11) NOT NULL,
  `payment_zone` varchar(128) NOT NULL,
  `payment_zone_id` int(11) NOT NULL,
  `payment_address_format` text NOT NULL,
  `payment_custom_field` text NOT NULL,
  `payment_method` varchar(128) NOT NULL,
  `payment_code` varchar(128) NOT NULL,
  `shipping_firstname` varchar(32) NOT NULL,
  `shipping_lastname` varchar(32) NOT NULL,
  `shipping_company` varchar(40) NOT NULL,
  `shipping_address_1` varchar(128) NOT NULL,
  `shipping_address_2` varchar(128) NOT NULL,
  `shipping_city` varchar(128) NOT NULL,
  `shipping_postcode` varchar(10) NOT NULL,
  `shipping_country` varchar(128) NOT NULL,
  `shipping_country_id` int(11) NOT NULL,
  `shipping_zone` varchar(128) NOT NULL,
  `shipping_zone_id` int(11) NOT NULL,
  `shipping_address_format` text NOT NULL,
  `shipping_custom_field` text NOT NULL,
  `shipping_method` varchar(128) NOT NULL,
  `shipping_code` varchar(128) NOT NULL,
  `comment` text NOT NULL,
  `total` decimal(15,4) NOT NULL DEFAULT 0.0000,
  `order_status_id` int(11) NOT NULL DEFAULT 0,
  `affiliate_id` int(11) NOT NULL,
  `commission` decimal(15,4) NOT NULL,
  `marketing_id` int(11) NOT NULL,
  `tracking` varchar(64) NOT NULL,
  `language_id` int(11) NOT NULL,
  `currency_id` int(11) NOT NULL,
  `currency_code` varchar(3) NOT NULL,
  `currency_value` decimal(15,8) NOT NULL DEFAULT 1.00000000,
  `ip` varchar(40) NOT NULL,
  `forwarded_ip` varchar(40) NOT NULL,
  `user_agent` varchar(255) NOT NULL,
  `accept_language` varchar(255) NOT NULL,
  `date_added` datetime NOT NULL,
  `date_modified` datetime NOT NULL,
  `tranx_id` varchar(50) NOT NULL
) ENGINE=MyISAM DEFAULT CHARSET=utf8;

--
-- Dumping data for table `oc_order`
--

INSERT INTO `oc_order` (`order_id`, `invoice_no`, `invoice_prefix`, `store_id`, `store_name`, `store_url`, `customer_id`, `customer_group_id`, `firstname`, `lastname`, `email`, `telephone`, `fax`, `custom_field`, `payment_firstname`, `payment_lastname`, `payment_company`, `payment_address_1`, `payment_address_2`, `payment_city`, `payment_postcode`, `payment_country`, `payment_country_id`, `payment_zone`, `payment_zone_id`, `payment_address_format`, `payment_custom_field`, `payment_method`, `payment_code`, `shipping_firstname`, `shipping_lastname`, `shipping_company`, `shipping_address_1`, `shipping_address_2`, `shipping_city`, `shipping_postcode`, `shipping_country`, `shipping_country_id`, `shipping_zone`, `shipping_zone_id`, `shipping_address_format`, `shipping_custom_field`, `shipping_method`, `shipping_code`, `comment`, `total`, `order_status_id`, `affiliate_id`, `commission`, `marketing_id`, `tracking`, `language_id`, `currency_id`, `currency_code`, `currency_value`, `ip`, `forwarded_ip`, `user_agent`, `accept_language`, `date_added`, `date_modified`, `tranx_id`) VALUES
(36, 0, 'INV-2015-00', 0, 'Gravity &amp; Lifestyle', 'http://www.gravity-lifestyle.com/', 0, 1, 'Obianuju', 'Adesoji', 'gb713@yahoo.co.uk', '08033851614', '', 'a:0:{}', 'Obianuju', 'Adesoji', 'Zenith Insurance Company Ltd', '280a Ajose Adeogun street, Victoria Island , Lagos', '', 'Lagos', '+234', 'Nigeria', 156, 'Lagos', 2412, '', 'a:0:{}', 'Zenith GlobalPay (Interswitch, Verve, MasterCard, VISA)', 'zglobalpay', 'Obianuju', 'Adesoji', 'Zenith Insurance Company Ltd', '280a Ajose Adeogun street, Victoria Island , Lagos', '', 'Lagos', '+234', 'Nigeria', 156, 'Lagos', 2412, '', 'a:0:{}', 'Standard Shipping (South West)', 'weight_volume_based.weight_volume_based_0', '', 1600.0000, 0, 0, 0.0000, 0, '', 1, 4, 'NGN', 1.00000000, '197.210.227.23', '', 'Mozilla/5.0 (iPhone; CPU iPhone OS 9_3_2 like Mac OS X) AppleWebKit/601.1.46 (KHTML, like Gecko) Version/9.0 Mobile/13F69 Safari/601.1', 'en-us', '2016-08-23 06:11:41', '2016-08-23 06:11:41', '3612841641031906'),
(34, 0, 'INV-2015-00', 0, 'Gravity &amp; Lifestyle', 'http://www.gravity-lifestyle.com/', 0, 1, 'Theodora', 'Isola', 'tisola@yahoo.com', '08037089600', '', 'a:0:{}', 'Theodora', 'Isola', '', 'Ndele Street', '', 'Port Harcourt', '', 'Nigeria', 156, 'Rivers', 2420, '', 'a:0:{}', 'Bank Transfer', 'bank_transfer', '', '', '', '', '', '', '', '', 0, '', 0, '', 'a:0:{}', '', '', '', 3000.0000, 0, 0, 0.0000, 0, '', 1, 4, 'NGN', 1.00000000, '197.211.59.2', '', 'Mozilla/5.0 (Linux; Android 4.2.2; SAMSUNG-SM-T217A Build/JDQ39) AppleWebKit/537.36 (KHTML, like Gecko) Chrome/51.0.2704.81 Safari/537.36', 'en-US,en;q=0.8', '2016-08-03 16:02:41', '2016-08-03 16:02:41', ''),
(33, 0, 'INV-2015-00', 0, 'Gravity &amp; Lifestyle', 'http://www.gravity-lifestyle.com/', 0, 1, 'Lucy', 'Igwenagu', 'katayana1@yahoo.com', '07036986199', '', 'a:0:{}', 'Lucy', 'Igwenagu', '', '8 Oilview Estate, L.K Anga Street', '', 'PORT HARCOURT', 'NG234', 'Nigeria', 156, 'Rivers', 2420, '', 'a:0:{}', 'Zenith GlobalPay (Interswitch, Verve, MasterCard, VISA)', 'zglobalpay', 'Lucy', 'Igwenagu', '', '8 Oilview Estate, L.K Anga Street', '', 'PORT HARCOURT', 'NG234', 'Nigeria', 156, 'Rivers', 2420, '', 'a:0:{}', 'Standard Shipping (Intracity - within Port Harcourt)', 'weight_volume_based.weight_volume_based_0', '', 3400.0000, 5, 0, 0.0000, 0, '', 1, 4, 'NGN', 1.00000000, '197.242.118.197', '', 'Mozilla/5.0 (Macintosh; Intel Mac OS X 10_9_5) AppleWebKit/537.36 (KHTML, like Gecko) Chrome/51.0.2704.103 Safari/537.36', 'en-US,en;q=0.8', '2016-07-19 10:57:37', '2016-07-19 11:02:13', '3331710700596217'),
(32, 0, 'INV-2015-00', 0, 'Gravity &amp; Lifestyle', 'http://www.gravity-lifestyle.com/', 8, 1, 'Stella ', 'Nwala', 'lovesunstella@gmail.com', '07035065710', '', 'b:0;', 'Stella ', 'Nwala', '', 'No 8 Mgbabiso, Rumuola Road, Port Harcourt, Rivers State. ', '', 'Port Harcourt', '', 'Nigeria', 156, 'Rivers', 2420, '', 'b:0;', 'Zenith GlobalPay (Interswitch, Verve, MasterCard, VISA)', 'zglobalpay', 'Stella ', 'Nwala', '', 'No 8 Mgbabiso, Rumuola Road, Port Harcourt, Rivers State. ', '', 'Port Harcourt', '', 'Nigeria', 156, 'Rivers', 2420, '', 'b:0;', 'Pickup From Store', 'pickup.pickup', '', 3000.0000, 5, 0, 0.0000, 0, '', 1, 4, 'NGN', 1.00000000, '41.190.2.181', '', 'Mozilla/5.0 (Linux; Android 5.0.1; YOGA Tablet 2-1050L Build/LRX22C) AppleWebKit/537.36 (KHTML, like Gecko) Chrome/50.0.2661.89 Safari/537.36', 'en-US,en;q=0.8', '2016-05-11 07:27:39', '2016-05-11 07:31:22', '3221606077215319'),
(5, 0, 'INV-2013-00', 0, 'Gravity &amp; Lifestyle', 'http://www.gravity-lifestyle.com/', 1, 1, 'Toby', 'Moore', 'tbennymoore@yahoo.com', '08023000000', '', 'b:0;', 'Toby', 'Moore', '', '58th Close', '', 'Lagos', '00000', 'Nigeria', 156, 'Lagos', 2412, '', 'b:0;', 'Cash On Delivery', 'cod', 'Toby', 'Moore', '', '58th Close', '', 'Lagos', '00000', 'Nigeria', 156, 'Lagos', 2412, '', 'b:0;', 'Standard Shipping - South West', 'flatoptions.flatoptions7', '', 5200.0000, 0, 0, 0.0000, 0, '', 1, 4, 'NGN', 1.00000000, '64.71.150.37', '', 'Mozilla/5.0 (Windows NT 10.0; WOW64; rv:38.0) Gecko/20100101 Firefox/38.0', 'en-US,en;q=0.5', '2015-10-07 02:05:07', '2015-10-07 02:05:07', ''),
(7, 0, 'INV-2013-00', 0, 'Gravity &amp; Lifestyle', 'http://www.gravity-lifestyle.com/', 1, 1, 'Toby', 'Moore', 'tbennymoore@yahoo.com', '08023000000', '', 'b:0;', 'Toby', 'Moore', '', '58th Close', '', 'Lagos', '00000', 'Nigeria', 156, 'Lagos', 2412, '', 'b:0;', 'Cash On Delivery', 'cod', 'Toby', 'Moore', '', '58th Close', '', 'Lagos', '00000', 'Nigeria', 156, 'Lagos', 2412, '', 'b:0;', 'Standard Shipping - South West', 'flatoptions.flatoptions7', '', 5000.0000, 0, 0, 0.0000, 0, '', 1, 4, 'NGN', 1.00000000, '64.71.150.37', '', 'Mozilla/5.0 (Windows NT 10.0; WOW64; rv:38.0) Gecko/20100101 Firefox/38.0', 'en-US,en;q=0.5', '2015-10-07 02:13:35', '2015-10-07 02:13:35', ''),
(8, 0, 'INV-2013-00', 0, 'Gravity &amp; Lifestyle', 'http://www.gravity-lifestyle.com/', 1, 1, 'Toby', 'Moore', 'tbennymoore@yahoo.com', '08023000000', '', 'b:0;', 'Toby', 'Moore', '', '58th Close', '', 'Lagos', '00000', 'Nigeria', 156, 'Lagos', 2412, '', 'b:0;', 'Cash On Delivery', 'cod', 'Toby', 'Moore', '', '58th Close', '', 'Lagos', '00000', 'Nigeria', 156, 'Lagos', 2412, '', 'b:0;', 'Standard Shipping - South West', 'flatoptions.flatoptions7', '', 5000.0000, 0, 0, 0.0000, 0, '', 1, 4, 'NGN', 1.00000000, '64.71.150.37', '', 'Mozilla/5.0 (Windows NT 10.0; WOW64; rv:38.0) Gecko/20100101 Firefox/38.0', 'en-US,en;q=0.5', '2015-10-07 02:14:54', '2015-10-07 02:14:54', ''),
(9, 0, 'INV-2013-00', 0, 'Gravity &amp; Lifestyle', 'http://www.gravity-lifestyle.com/', 1, 1, 'Toby', 'Moore', 'tbennymoore@yahoo.com', '08023000000', '', 'b:0;', 'Toby', 'Moore', '', '58th Close', '', 'Lagos', '00000', 'Nigeria', 156, 'Lagos', 2412, '', 'b:0;', 'Cash On Delivery', 'cod', 'Toby', 'Moore', '', '58th Close', '', 'Lagos', '00000', 'Nigeria', 156, 'Lagos', 2412, '', 'b:0;', 'Standard Shipping - South West', 'flatoptions.flatoptions7', '', 5000.0000, 0, 0, 0.0000, 0, '', 1, 4, 'NGN', 1.00000000, '64.71.150.37', '', 'Mozilla/5.0 (Windows NT 10.0; WOW64; rv:38.0) Gecko/20100101 Firefox/38.0', 'en-US,en;q=0.5', '2015-10-07 02:16:33', '2015-10-07 02:16:33', ''),
(10, 0, 'INV-2013-00', 0, 'Gravity &amp; Lifestyle', 'http://www.gravity-lifestyle.com/', 1, 1, 'Toby', 'Moore', 'tbennymoore@yahoo.com', '08023000000', '', 'b:0;', 'Toby', 'Moore', '', '58th Close', '', 'Lagos', '00000', 'Nigeria', 156, 'Lagos', 2412, '', 'b:0;', 'Zenith GlobalPay (Interswitch, Verve, MasterCard, VISA)', 'zglobalpay', 'Toby', 'Moore', '', '58th Close', '', 'Lagos', '00000', 'Nigeria', 156, 'Lagos', 2412, '', 'b:0;', 'Standard Shipping - South West', 'flatoptions.flatoptions7', '', 4500.0000, 0, 0, 0.0000, 0, '', 1, 4, 'NGN', 1.00000000, '64.71.150.37', '', 'Mozilla/5.0 (Windows NT 10.0; WOW64; rv:38.0) Gecko/20100101 Firefox/38.0', 'en-US,en;q=0.5', '2015-10-07 02:21:13', '2015-10-07 02:21:13', '1011315870021210'),
(11, 0, 'INV-2013-00', 0, 'Gravity &amp; Lifestyle', 'http://www.gravity-lifestyle.com/', 0, 1, 'Christie', 'Eze', 'katayana1@yahoo.com', '08033066216', '', 'a:0:{}', 'Christie', 'Eze', '', '8 Oilview estate, plot 270, L.K. Anga road,', '', 'Port Harcourt', '', 'Nigeria', 156, '', 0, '', 'a:0:{}', 'Zenith GlobalPay (Interswitch, Verve, MasterCard, VISA)', 'zglobalpay', 'Xtie', 'Eze', '', 'Kaduna', '', 'kaduna', '', 'Nigeria', 156, 'Kaduna', 2406, '', 'a:0:{}', 'Standard Shipping - North West', 'flatoptions.flatoptions5', '', 4700.0000, 0, 0, 0.0000, 0, '', 1, 4, 'NGN', 1.00000000, '169.159.88.76', '', 'Mozilla/5.0 (Macintosh; Intel Mac OS X 10_9_5) AppleWebKit/537.36 (KHTML, like Gecko) Chrome/45.0.2454.99 Safari/537.36', 'en-US,en;q=0.8', '2015-10-08 13:47:31', '2015-10-08 13:47:31', '1103738354011111'),
(13, 0, 'INV-2013-00', 0, 'Gravity &amp; Lifestyle', 'http://www.gravity-lifestyle.com/', 1, 1, 'Toby', 'Moore', 'tbennymoore@yahoo.com', '08023000000', '', 'b:0;', 'Toby', 'Moore', '', '58th Close', '', 'Lagos', '00000', 'Nigeria', 156, 'Lagos', 2412, '', 'b:0;', 'Zenith GlobalPay (Interswitch, Verve, MasterCard, VISA)', 'zglobalpay', 'Toby', 'Moore', '', '58th Close', '', 'Lagos', '00000', 'Nigeria', 156, 'Lagos', 2412, '', 'b:0;', 'Standard Shipping (South West)', 'weight_volume_based.weight_volume_based_0', '', 139600.0000, 0, 0, 0.0000, 0, '', 1, 4, 'NGN', 1.00000000, '41.190.3.249', '', 'Mozilla/5.0 (Windows NT 10.0; WOW64) AppleWebKit/537.36 (KHTML, like Gecko) Chrome/45.0.2454.101 Safari/537.36', 'en-GB,en-US;q=0.8,en;q=0.6', '2015-10-14 06:25:38', '2015-10-14 06:25:38', '1321516310450438'),
(31, 0, 'INV-2015-00', 0, 'Gravity &amp; Lifestyle', 'http://www.gravity-lifestyle.com/', 8, 1, 'Stella ', 'Nwala', 'lovesunstella@gmail.com', '07035065710', '', 'b:0;', 'Stella ', 'Nwala', '', 'No 8 Mgbabiso, Rumuola Road, Port Harcourt, Rivers State. ', '', 'Port Harcourt', '', 'Nigeria', 156, 'Rivers', 2420, '', 'b:0;', 'Zenith GlobalPay (Interswitch, Verve, MasterCard, VISA)', 'zglobalpay', 'Stella ', 'Nwala', '', 'No 8 Mgbabiso, Rumuola Road, Port Harcourt, Rivers State. ', '', 'Port Harcourt', '', 'Nigeria', 156, 'Rivers', 2420, '', 'b:0;', 'Standard Shipping (Outside Port Harcourt)', 'weight_volume_based.weight_volume_based_1', '', 4500.0000, 0, 0, 0.0000, 0, '', 1, 4, 'NGN', 1.00000000, '41.190.2.181', '', 'Mozilla/5.0 (Linux; Android 5.0.1; YOGA Tablet 2-1050L Build/LRX22C) AppleWebKit/537.36 (KHTML, like Gecko) Chrome/50.0.2661.89 Safari/537.36', 'en-US,en;q=0.8', '2016-05-11 07:26:20', '2016-05-11 07:26:20', '3174108651261200'),
(30, 0, 'INV-2015-00', 0, 'Gravity &amp; Lifestyle', 'http://www.gravity-lifestyle.com/', 8, 1, 'Stella ', 'Nwala', 'lovesunstella@gmail.com', '07035065710', '', 'b:0;', 'Stella ', 'Nwala', '', 'No 8 Mgbabiso, Rumuola Road, Port Harcourt, Rivers State. ', '', 'Port Harcourt', '', 'Nigeria', 156, 'Rivers', 2420, '', 'b:0;', 'Zenith GlobalPay (Interswitch, Verve, MasterCard, VISA)', 'zglobalpay', 'Stella ', 'Nwala', '', 'No 8 Mgbabiso, Rumuola Road, Port Harcourt, Rivers State. ', '', 'Port Harcourt', '', 'Nigeria', 156, 'Rivers', 2420, '', 'b:0;', 'Pickup From Store', 'pickup.pickup', '', 3000.0000, 0, 0, 0.0000, 0, '', 1, 4, 'NGN', 1.00000000, '41.190.2.181', '', 'Mozilla/5.0 (Linux; Android 5.0.1; YOGA Tablet 2-1050L Build/LRX22C) AppleWebKit/537.36 (KHTML, like Gecko) Chrome/50.0.2661.89 Safari/537.36', 'en-US,en;q=0.8', '2016-05-11 07:22:17', '2016-05-11 07:22:17', '3016127010762115'),
(16, 1, 'INV-2015-00', 0, 'Gravity &amp; Lifestyle', 'http://www.gravity-lifestyle.com/', 6, 1, 'ejike ', 'ejiowhor', 'ejike.ejiowhor@gmail.com', '+2348165966254', '', 'a:0:{}', 'ejike ', 'ejiowhor', '', '42 Trans -Amadi industrail layout port harcourt', '42 Trans -Amadi industrail layout port harcourt', 'Port harcourt', '234', 'Nigeria', 156, 'Rivers', 2420, '', 'a:0:{}', 'Bank Transfer', 'bank_transfer', 'ejike ', 'ejiowhor', '', '42 Trans -Amadi industrail layout port harcourt', '42 Trans -Amadi industrail layout port harcourt', 'Port harcourt', '234', 'Nigeria', 156, 'Rivers', 2420, '', 'a:0:{}', 'Pickup From Store', 'pickup.pickup', '', 3600.0000, 5, 0, 0.0000, 0, '', 1, 4, 'NGN', 1.00000000, '41.190.2.47', '', 'Mozilla/5.0 (Windows NT 6.1; WOW64; Trident/7.0; rv:11.0) like Gecko', 'en-US', '2015-11-03 10:24:22', '2015-11-06 09:32:26', ''),
(17, 0, 'INV-2015-00', 0, 'Gravity &amp; Lifestyle', 'http://www.gravity-lifestyle.com/', 7, 1, 'Ceejay', 'Charles', 'ceejay@ceejaycharles.com', '7039159544', '', 'b:0;', 'Ceejay', 'Charles', '', '11 Thames Street, maitama', '', 'Abuja', '11423', 'Nigeria', 156, 'Abuja Federal Capital Territory', 2389, '', 'b:0;', 'Zenith GlobalPay (Interswitch, Verve, MasterCard, VISA)', 'zglobalpay', 'Ceejay', 'Charles', '', '11 Thames Street, maitama', '', 'Abuja', '11423', 'Nigeria', 156, 'Abuja Federal Capital Territory', 2389, '', 'b:0;', 'Standard Shipping (North Central)', 'weight_volume_based.weight_volume_based_0', '', 5700.0000, 0, 0, 0.0000, 0, '', 1, 4, 'NGN', 1.00000000, '154.120.125.27', '', 'Mozilla/5.0 (Macintosh; Intel Mac OS X 10_8_0) AppleWebKit/537.36 (KHTML, like Gecko) Chrome/47.0.2526.80 Safari/537.36', 'en-US,en;q=0.8', '2015-12-10 16:21:07', '2015-12-10 16:21:07', '1762032015117115'),
(18, 0, 'INV-2015-00', 0, 'Gravity &amp; Lifestyle', 'http://www.gravity-lifestyle.com/', 0, 1, 'Jordana', 'dear', 'dear@mschange.uk', '2341548444', '', 'a:0:{}', 'Jordana', 'dear', '', '30 juhghk', '', 'saratoga', '1000', 'Nigeria', 156, 'Gombe', 2403, '', 'a:0:{}', 'Zenith GlobalPay (Interswitch, Verve, MasterCard, VISA)', 'zglobalpay', 'Jordana', 'dear', '', '30 juhghk', '', 'saratoga', '1000', 'Nigeria', 156, 'Gombe', 2403, '', 'a:0:{}', 'Standard Shipping (North East)', 'weight_volume_based.weight_volume_based_0', '', 4700.0000, 0, 0, 0.0000, 0, '', 1, 4, 'NGN', 1.00000000, '108.213.221.177', '', 'Mozilla/5.0 (Windows NT 6.3; WOW64; rv:42.0) Gecko/20100101 Firefox/42.0', 'en-US,en;q=0.5', '2015-12-17 19:18:19', '2015-12-17 19:18:19', '1880247945121111'),
(19, 0, 'INV-2015-00', 0, 'Gravity &amp; Lifestyle', 'http://www.gravity-lifestyle.com/', 0, 1, 'Joanne', 'Usifoh', 'joanne.usifoh@gmail.com', '08164193975', '', 'a:0:{}', 'Joanne', 'Usifoh', '', '7 Unity Close, Off Aganorlu, off Nta road, Mgboba', '', 'Port Harcourt', '', 'Nigeria', 156, 'Rivers', 2420, '', 'a:0:{}', 'Zenith GlobalPay (Interswitch, Verve, MasterCard, VISA)', 'zglobalpay', 'Joanne', 'Usifoh', '', '7 Unity Close, Off Aganorlu, off Nta road, Mgboba', '', 'Port Harcourt', '', 'Nigeria', 156, 'Rivers', 2420, '', 'a:0:{}', 'Free Shipping', 'free.free', '', 34800.0000, 0, 0, 0.0000, 0, '', 1, 4, 'NGN', 1.00000000, '68.144.161.13', '', 'Mozilla/5.0 (Macintosh; Intel Mac OS X 10.10; rv:42.0) Gecko/20100101 Firefox/42.0', 'en-US,en;q=0.5', '2015-12-22 00:24:37', '2015-12-22 00:24:37', '1922728140052321'),
(20, 0, 'INV-2015-00', 0, 'Gravity &amp; Lifestyle', 'http://www.gravity-lifestyle.com/', 0, 1, 'Joanne', 'Usifoh', 'joanne.usifoh@gmail.com', '08164193975', '', 'a:0:{}', 'Joanne', 'Usifoh', '', '7 Unity Close, Off Aganorlu, off Nta road, Mgboba', '', 'Port Harcourt', '', 'Nigeria', 156, 'Rivers', 2420, '', 'a:0:{}', 'Bank Transfer', 'bank_transfer', 'Joanne', 'Usifoh', '', '7 Unity Close, Off Aganorlu, off Nta road, Mgboba', '', 'Port Harcourt', '', 'Nigeria', 156, 'Rivers', 2420, '', 'a:0:{}', 'Standard Shipping (Intracity - within Port Harcourt)', 'weight_volume_based.weight_volume_based_0', '', 36263.0000, 0, 0, 0.0000, 0, '', 1, 4, 'NGN', 1.00000000, '68.144.161.13', '', 'Mozilla/5.0 (Macintosh; Intel Mac OS X 10.10; rv:42.0) Gecko/20100101 Firefox/42.0', 'en-US,en;q=0.5', '2015-12-22 00:26:15', '2015-12-22 00:26:15', ''),
(21, 3, 'INV-2015-00', 0, 'Gravity &amp; Lifestyle', 'http://www.gravity-lifestyle.com/', 0, 1, 'Joanne', 'Usifoh', 'joanne.usifoh@gmail.com', '08164193975', '', 'a:0:{}', 'Joanne', 'Usifoh', '', '7 Unity Close, Off Aganorlu, off Nta road, Mgboba', '', 'Port Harcourt', '', 'Nigeria', 156, 'Rivers', 2420, '', 'a:0:{}', 'Cash On Delivery', 'cod', 'Joanne', 'Usifoh', '', '7 Unity Close, Off Aganorlu, off Nta road, Mgboba', '', 'Port Harcourt', '', 'Nigeria', 156, 'Rivers', 2420, '', 'a:0:{}', '', '', '', 36200.0000, 5, 0, 0.0000, 0, '', 1, 4, 'NGN', 1.00000000, '68.144.161.13', '', 'Mozilla/5.0 (Macintosh; Intel Mac OS X 10.10; rv:42.0) Gecko/20100101 Firefox/42.0', 'en-US,en;q=0.5', '2015-12-22 00:30:35', '2016-01-23 10:17:31', ''),
(27, 0, 'INV-2015-00', 0, 'Gravity &amp; Lifestyle', 'http://www.gravity-lifestyle.com/', 11, 1, 'Gladys', 'Chiedozie', 'gladdole@yahoo.com', '08035406117', '', 'b:0;', 'Gladys', 'Chiedozie', '', 'no 6 abuloma road', '', 'Port Harcourt', '', 'Nigeria', 156, 'Rivers', 2420, '', 'b:0;', 'Bank Transfer', 'bank_transfer', 'Gladys', 'Chiedozie', '', 'no 6 abuloma road', '', 'Port Harcourt', '', 'Nigeria', 156, 'Rivers', 2420, '', 'b:0;', 'Pickup From Store', 'pickup.pickup', '', 20400.0000, 1, 0, 0.0000, 0, '', 1, 4, 'NGN', 1.00000000, '154.118.4.177', '', 'Mozilla/5.0 (Windows NT 6.2; WOW64; rv:45.0) Gecko/20100101 Firefox/45.0', 'en-US,en;q=0.5', '2016-04-01 12:45:15', '2016-04-01 12:48:10', ''),
(28, 0, 'INV-2015-00', 0, 'Gravity &amp; Lifestyle', 'http://www.gravity-lifestyle.com/', 11, 1, 'Gladys', 'Chiedozie', 'gladdole@yahoo.com', '08035406117', '', 'b:0;', 'Gladys', 'Chiedozie', '', 'no 6 abuloma road', '', 'Port Harcourt', '', 'Nigeria', 156, 'Rivers', 2420, '', 'b:0;', 'Bank Transfer', 'bank_transfer', 'Gladys', 'Chiedozie', '', 'no 6 abuloma road', '', 'Port Harcourt', '', 'Nigeria', 156, 'Rivers', 2420, '', 'b:0;', 'Pickup From Store', 'pickup.pickup', '', 4000.0000, 0, 0, 0.0000, 0, '', 1, 4, 'NGN', 1.00000000, '154.118.4.177', '', 'Mozilla/5.0 (Windows NT 6.2; WOW64; rv:45.0) Gecko/20100101 Firefox/45.0', 'en-US,en;q=0.5', '2016-04-01 12:49:54', '2016-04-01 12:49:54', ''),
(23, 4, 'INV-2015-00', 0, 'Gravity &amp; Lifestyle', 'http://www.gravity-lifestyle.com/', 5, 1, 'Uruaka', 'Queen', 'queenuruaka@yahoo.com', '08137271968', '', 'a:0:{}', 'Queen', 'Uraka', '', 'Pick up Centre', 'Trans Amadi', 'Port Harcourt', 'NG234', 'Nigeria', 156, 'Rivers', 2420, '', 'a:0:{}', 'Cash On Delivery', 'cod', 'Uruaka', 'queen', 'Strike security and multi solutions', 'plot 270 stadium road port Harcourt', 'plot 2 market road off elikpokpodwu rukpoku port harcourt', 'port harcourt', '1234', 'Nigeria', 156, 'Rivers', 2420, '', 'a:0:{}', 'Pickup From Store', 'pickup.pickup', '', 15800.0000, 5, 0, 0.0000, 0, '', 1, 4, 'NGN', 1.00000000, '41.190.2.159', '', 'Mozilla/5.0 (Android 4.4.2; Tablet; rv:43.0) Gecko/43.0 Firefox/43.0', 'en-US,en;q=0.5', '2016-01-15 05:20:05', '2016-01-15 05:37:17', ''),
(29, 0, 'INV-2015-00', 0, 'Gravity &amp; Lifestyle', 'http://www.gravity-lifestyle.com/', 8, 1, 'Stella ', 'Nwala', 'lovesunstella@gmail.com', '07035065710', '', 'b:0;', 'Stella ', 'Nwala', '', 'No 8 Mgbabiso, Rumuola Road, Port Harcourt, Rivers State. ', '', 'Port Harcourt', '', 'Nigeria', 156, 'Rivers', 2420, '', 'b:0;', 'Zenith GlobalPay (Interswitch, Verve, MasterCard, VISA)', 'zglobalpay', 'Stella ', 'Nwala', '', 'No 8 Mgbabiso, Rumuola Road, Port Harcourt, Rivers State. ', '', 'Port Harcourt', '', 'Nigeria', 156, 'Rivers', 2420, '', 'b:0;', 'Pickup From Store', 'pickup.pickup', '', 3000.0000, 10, 0, 0.0000, 0, '', 1, 4, 'NGN', 1.00000000, '41.190.2.181', '', 'Mozilla/5.0 (Linux; Android 5.0.1; YOGA Tablet 2-1050L Build/LRX22C) AppleWebKit/537.36 (KHTML, like Gecko) Chrome/50.0.2661.89 Safari/537.36', 'en-US,en;q=0.8', '2016-05-11 07:07:48', '2016-05-11 07:26:38', '2941615077506180'),
(25, 6, 'INV-2015-00', 0, 'Gravity &amp; Lifestyle', 'http://www.gravity-lifestyle.com/', 10, 1, 'Ibiye', 'Henry', 'sweetib4real@yahoo.co.uk', '08037707037', '', 'a:0:{}', 'Ibiye', 'Henry', '', '173 Abuloma Road jst by 3H car wash', '', 'Port Harcourt', '084', 'Nigeria', 156, 'Rivers', 2420, '', 'a:0:{}', 'Cash On Delivery', 'cod', 'Ibiye', 'Henry', '', '173 Abuloma Road jst by 3H car wash', '', 'Port Harcourt', '084', 'Nigeria', 156, 'Rivers', 2420, '', 'a:0:{}', '', '', '', 7800.0000, 5, 0, 0.0000, 0, '', 1, 4, 'NGN', 1.00000000, '197.211.52.47', '', 'Mozilla/5.0 (BB10; Kbd) AppleWebKit/537.35+ (KHTML, like Gecko) Version/10.3.2.2639 Mobile Safari/537.35+', 'en-GB,en;q=0.8', '2016-01-15 12:22:42', '2016-01-23 10:13:08', ''),
(26, 0, 'INV-2015-00', 0, 'Gravity &amp; Lifestyle', 'http://www.gravity-lifestyle.com/', 8, 1, 'Stella ', 'Nwala', 'lovesunstella@gmail.com', '07035065710', '', 'b:0;', 'Stella ', 'Nwala', '', 'No 8 Mgbabiso, Rumuola Road, Port Harcourt, Rivers State. ', '', 'Port Harcourt', '', 'Nigeria', 156, 'Rivers', 2420, '', 'b:0;', 'Zenith GlobalPay (Interswitch, Verve, MasterCard, VISA)', 'zglobalpay', 'Stella ', 'Nwala', '', 'No 8 Mgbabiso, Rumuola Road, Port Harcourt, Rivers State. ', '', 'Port Harcourt', '', 'Nigeria', 156, 'Rivers', 2420, '', 'b:0;', 'Pickup From Store', 'pickup.pickup', '', 4000.0000, 5, 0, 0.0000, 0, '', 1, 4, 'NGN', 1.00000000, '41.190.2.250', '', 'Mozilla/5.0 (Windows NT 6.2; WOW64; rv:43.0) Gecko/20100101 Firefox/43.0', 'en-US,en;q=0.5', '2016-01-20 03:23:39', '2016-01-20 03:40:05', '2663410913006223'),
(38, 0, 'INV-2015-00', 0, 'Gravity &amp; Lifestyle', 'http://www.gravity-lifestyle.com/', 13, 1, 'Christie', 'EZE', 'christie_eze@yahoo.com', '08033066216', '', 'b:0;', 'Christie', 'EZE', '', '8 Oilview estate, plot 270, L.K. Anga road,', '', 'Port Harcourt', '500221', 'Nigeria', 156, 'Rivers', 2420, '', 'b:0;', 'Bank Transfer', 'bank_transfer', 'Christie', 'EZE', '', '8 Oilview estate, plot 270, L.K. Anga road,', '', 'Port Harcourt', '500221', 'Nigeria', 156, 'Rivers', 2420, '', 'b:0;', 'Standard Shipping (Intracity - within Port Harcourt)', 'weight_volume_based.weight_volume_based_0', '', 10400.0000, 0, 0, 0.0000, 0, '', 1, 4, 'NGN', 1.00000000, '169.159.120.158', '', 'Mozilla/5.0 (Macintosh; Intel Mac OS X 10_9_5) AppleWebKit/537.36 (KHTML, like Gecko) Chrome/52.0.2743.116 Safari/537.36', 'en-US,en;q=0.8', '2016-08-29 07:28:43', '2016-08-29 07:28:43', ''),
(39, 0, 'INV-2015-00', 0, 'Gravity &amp; Lifestyle', 'http://www.gravity-lifestyle.com/', 13, 1, 'Christie', 'EZE', 'christie_eze@yahoo.com', '08033066216', '', 'b:0;', 'Christie', 'EZE', '', '8 Oilview estate, plot 270, L.K. Anga road,', '', 'Port Harcourt', '500221', 'Nigeria', 156, 'Rivers', 2420, '', 'b:0;', 'Bank Transfer', 'bank_transfer', 'Christie', 'EZE', '', '8 Oilview estate, plot 270, L.K. Anga road,', '', 'Port Harcourt', '500221', 'Nigeria', 156, 'Rivers', 2420, '', 'b:0;', 'Pickup From Store', 'pickup.pickup', '', 10000.0000, 0, 0, 0.0000, 0, '', 1, 4, 'NGN', 1.00000000, '169.159.120.158', '', 'Mozilla/5.0 (Macintosh; Intel Mac OS X 10_9_5) AppleWebKit/537.36 (KHTML, like Gecko) Chrome/52.0.2743.116 Safari/537.36', 'en-US,en;q=0.8', '2016-08-29 07:45:16', '2016-08-29 07:45:16', ''),
(40, 0, 'INV-2015-00', 0, 'Gravity &amp; Lifestyle', 'http://www.gravity-lifestyle.com/', 13, 1, 'Christie', 'EZE', 'christie_eze@yahoo.com', '08033066216', '', 'b:0;', 'Christie', 'EZE', '', '8 Oilview estate, plot 270, L.K. Anga road,', '', 'Port Harcourt', '500221', 'Nigeria', 156, 'Rivers', 2420, '', 'b:0;', 'Cash On Delivery', 'cod', 'Christie', 'EZE', '', '8 Oilview estate, plot 270, L.K. Anga road,', '', 'Port Harcourt', '500221', 'Nigeria', 156, 'Rivers', 2420, '', 'b:0;', 'Pickup From Store', 'pickup.pickup', '', 10000.0000, 0, 0, 0.0000, 0, '', 1, 4, 'NGN', 1.00000000, '169.159.120.158', '', 'Mozilla/5.0 (Macintosh; Intel Mac OS X 10_9_5) AppleWebKit/537.36 (KHTML, like Gecko) Chrome/52.0.2743.116 Safari/537.36', 'en-US,en;q=0.8', '2016-08-29 08:42:19', '2016-08-29 08:42:19', ''),
(41, 0, 'INV-2015-00', 0, 'Gravity &amp; Lifestyle', 'http://www.gravity-lifestyle.com/', 0, 1, 'Ijeoma', 'Ekeugo', 'Ijayekeugo@gmail.com', '08036760845', '', 'a:0:{}', 'Ijeoma', 'Ekeugo', 'Zenith bank ', 'Plot 277 Ajose Adeogun St. Victoria Island, Lagos', '', 'Lagos', '', 'Nigeria', 156, 'Lagos', 2412, '', 'a:0:{}', 'Bank Transfer', 'bank_transfer', 'Ijeoma', 'Ekeugo', 'Zenith bank ', 'Plot 277 Ajose Adeogun St. Victoria Island, Lagos', '', 'Lagos', '', 'Nigeria', 156, 'Lagos', 2412, '', 'a:0:{}', 'Standard Shipping (South West)', 'weight_volume_based.weight_volume_based_0', '@@Delivery Date: 05-09-2016 10:00\n', 11600.0000, 1, 0, 0.0000, 0, '', 1, 4, 'NGN', 1.00000000, '197.211.57.56', '', 'Mozilla/5.0 (iPhone; CPU iPhone OS 9_3_5 like Mac OS X) AppleWebKit/601.1.46 (KHTML, like Gecko) Version/9.0 Mobile/13G36 Safari/601.1', 'en-us', '2016-09-01 11:55:08', '2016-09-01 11:55:34', ''),
(42, 0, 'INV-2015-00', 0, 'Gravity &amp; Lifestyle', 'http://www.gravity-lifestyle.com/', 8, 1, 'Stella ', 'Nwala', 'lovesunstella@gmail.com', '07035065710', '', 'b:0;', 'Stella ', 'Nwala', '', 'No 8 Mgbabiso, Rumuola Road, Port Harcourt, Rivers State. ', '', 'Port Harcourt', '', 'Nigeria', 156, 'Rivers', 2420, '', 'b:0;', 'Bank Transfer', 'bank_transfer', 'Stella ', 'Nwala', '', 'No 8 Mgbabiso, Rumuola Road, Port Harcourt, Rivers State. ', '', 'Port Harcourt', '', 'Nigeria', 156, 'Rivers', 2420, '', 'b:0;', 'Pickup From Store', 'pickup.pickup', '@@Delivery Date: 05-09-2016 09:09\n', 3800.0000, 1, 0, 0.0000, 0, '', 1, 4, 'NGN', 1.00000000, '154.118.65.188', '', 'Mozilla/5.0 (Windows NT 6.2; WOW64; rv:48.0) Gecko/20100101 Firefox/48.0', 'en-US,en;q=0.5', '2016-09-05 03:09:44', '2016-09-05 03:10:05', ''),
(43, 0, 'INV-2015-00', 0, 'Gravity &amp; Lifestyle', 'http://www.gravity-lifestyle.com/', 14, 1, 'Ugochi ', 'Amah', 'yugoamah@yahoo.com', '08023013328', '', 'b:0;', 'Ugochi ', 'Amah', '', '23A Marigold Street, Emerald Estate. Lekki Scheme 2, Ilaje. ', '', 'Lagos ', '', 'Nigeria', 156, 'Lagos', 2412, '', 'b:0;', 'Zenith GlobalPay (Interswitch, Verve, MasterCard, VISA)', 'zglobalpay', 'Ugochi ', 'Amah', '', '23A Marigold Street, Emerald Estate. Lekki Scheme 2, Ilaje. ', '', 'Lagos ', '', 'Nigeria', 156, 'Lagos', 2412, '', 'b:0;', 'Standard Shipping (South West)', 'weight_volume_based.weight_volume_based_0', '@@Delivery Date: 07-09-2016 00:00\n', 11600.0000, 0, 0, 0.0000, 0, '', 1, 4, 'NGN', 1.00000000, '105.112.28.199', '', 'Mozilla/5.0 (Linux; Android 5.1.1; SAMSUNG SM-G925F Build/LMY47X) AppleWebKit/537.36 (KHTML, like Gecko) SamsungBrowser/4.0 Chrome/44.0.2403.133 Mobile Safari/537.36', 'en-GB,en;q=0.8,en-US;q=0.6,en;q=0.4', '2016-09-05 04:21:13', '2016-09-05 04:21:13', '4345610293120017'),
(44, 0, 'INV-2015-00', 0, 'Gravity &amp; Lifestyle', 'http://www.gravity-lifestyle.com/', 14, 1, 'Ugochi ', 'Amah', 'yugoamah@yahoo.com', '08023013328', '', 'b:0;', 'Ugochi ', 'Amah', '', '23A Marigold Street, Emerald Estate. Lekki Scheme 2, Ilaje. ', '', 'Lagos ', '', 'Nigeria', 156, 'Lagos', 2412, '', 'b:0;', 'Bank Transfer', 'bank_transfer', 'Ugochi ', 'Amah', '', '23A Marigold Street, Emerald Estate. Lekki Scheme 2, Ilaje. ', '', 'Lagos ', '', 'Nigeria', 156, 'Lagos', 2412, '', 'b:0;', 'Standard Shipping (South West)', 'weight_volume_based.weight_volume_based_0', '@@Delivery Date: 07-09-2016 00:00\n', 11600.0000, 1, 0, 0.0000, 0, '', 1, 4, 'NGN', 1.00000000, '105.112.28.199', '', 'Mozilla/5.0 (Linux; Android 5.1.1; SAMSUNG SM-G925F Build/LMY47X) AppleWebKit/537.36 (KHTML, like Gecko) SamsungBrowser/4.0 Chrome/44.0.2403.133 Mobile Safari/537.36', 'en-GB,en;q=0.8,en-US;q=0.6,en;q=0.4', '2016-09-05 04:25:38', '2016-09-05 04:26:39', ''),
(45, 0, 'INV-2015-00', 0, 'Gravity &amp; Lifestyle', 'http://www.gravity-lifestyle.com/', 14, 1, 'Ugochi ', 'Amah', 'yugoamah@yahoo.com', '08023013328', '', 'b:0;', 'Ugochi ', 'Amah', '', '23A Marigold Street, Emerald Estate. Lekki Scheme 2, Ilaje. ', '', 'Lagos ', '', 'Nigeria', 156, 'Lagos', 2412, '', 'b:0;', 'Zenith GlobalPay (Interswitch, Verve, MasterCard, VISA)', 'zglobalpay', 'Ugochi ', 'Amah', '', '23A Marigold Street, Emerald Estate. Lekki Scheme 2, Ilaje. ', '', 'Lagos ', '', 'Nigeria', 156, 'Lagos', 2412, '', 'b:0;', 'Standard Shipping (South West)', 'weight_volume_based.weight_volume_based_0', '@@Delivery Date: 07-09-2016 00:00\n', 11600.0000, 5, 0, 0.0000, 0, '', 1, 4, 'NGN', 1.00000000, '105.112.28.199', '', 'Mozilla/5.0 (Linux; Android 5.1.1; SAMSUNG SM-G925F Build/LMY47X) AppleWebKit/537.36 (KHTML, like Gecko) SamsungBrowser/4.0 Chrome/44.0.2403.133 Mobile Safari/537.36', 'en-GB,en;q=0.8,en-US;q=0.6,en;q=0.4', '2016-09-05 04:33:24', '2016-09-05 04:36:14', '4560313394805042'),
(46, 0, 'INV-2015-00', 0, 'Gravity &amp; Lifestyle', 'http://www.gravity-lifestyle.com/', 1, 1, 'Toby', 'Moore', 'tbennymoore@yahoo.com', '08023000000', '', 'b:0;', 'Toby', 'Moore', '', '58th Close', '', 'Lagos', '00000', 'Nigeria', 156, 'Lagos', 2412, '', 'b:0;', 'Bank Transfer', 'bank_transfer', 'Toby', 'Moore', '', '58th Close', '', 'Lagos', '00000', 'Nigeria', 156, 'Lagos', 2412, '', 'b:0;', 'Standard Shipping (South West)', 'weight_volume_based.weight_volume_based_0', '', 158760.0000, 1, 0, 0.0000, 0, '', 1, 4, 'NGN', 1.00000000, '154.118.8.178', '', 'Mozilla/5.0 (Windows NT 10.0; Win64; x64) AppleWebKit/537.36 (KHTML, like Gecko) Chrome/52.0.2743.116 Safari/537.36', 'en-GB,en-US;q=0.8,en;q=0.6', '2016-09-06 05:22:45', '2016-09-06 05:22:57', ''),
(47, 0, 'INV-2015-00', 0, 'Gravity &amp; Lifestyle', 'http://www.gravity-lifestyle.com/', 15, 1, 'Oluchi', 'Afurobi', 'afurobi.oluchi@yahoo.com', '08092100019', '', 'b:0;', 'Oluchi', 'Afurobi', '', 'Flat 611 cluster B4 1004 estate V. I', '', 'Lagos', 'NA', 'Nigeria', 156, 'Lagos', 2412, '', 'b:0;', 'Zenith GlobalPay (Interswitch, Verve, MasterCard, VISA)', 'zglobalpay', 'Oluchi', 'Afurobi', '', 'Flat 611 cluster B4 1004 estate V. I', '', 'Lagos', 'NA', 'Nigeria', 156, 'Lagos', 2412, '', 'b:0;', 'Standard Shipping (South West)', 'weight_volume_based.weight_volume_based_0', '', 31600.0000, 10, 0, 0.0000, 0, '', 1, 4, 'NGN', 1.00000000, '41.190.28.191', '', 'Mozilla/5.0 (Linux; Android 5.1; Infinix-X552 Build/LMY47I) AppleWebKit/537.36 (KHTML, like Gecko) Chrome/52.0.2743.98 Mobile Safari/537.36', 'en-US,en;q=0.8', '2016-09-07 05:55:30', '2016-09-07 05:58:03', '4706531075060529'),
(48, 0, 'INV-2015-00', 0, 'Gravity &amp; Lifestyle', 'http://www.gravity-lifestyle.com/', 8, 1, 'Stella ', 'Nwala', 'lovesunstella@gmail.com', '07035065710', '', 'b:0;', 'Stella ', 'Nwala', '', 'No 8 Mgbabiso, Rumuola Road, Port Harcourt, Rivers State. ', '', 'Port Harcourt', '', 'Nigeria', 156, 'Rivers', 2420, '', 'b:0;', 'Zenith GlobalPay (Interswitch, Verve, MasterCard, VISA)', 'zglobalpay', 'Stella ', 'Nwala', '', 'No 8 Mgbabiso, Rumuola Road, Port Harcourt, Rivers State. ', '', 'Port Harcourt', '', 'Nigeria', 156, 'Rivers', 2420, '', 'b:0;', 'Pickup From Store', 'pickup.pickup', '', 3000.0000, 10, 0, 0.0000, 0, '', 1, 4, 'NGN', 1.00000000, '197.210.225.46', '', 'Mozilla/5.0 (Windows Phone 10.0; Android 6.0.1; Microsoft; Lumia 550) AppleWebKit/537.36 (KHTML, like Gecko) Chrome/51.0.2704.79 Mobile Safari/537.36 Edge/14.14393', 'en-NG,en-US;q=0.7,en;q=0.3', '2016-09-07 09:38:51', '2016-09-07 09:58:27', '4890620015983711'),
(49, 0, 'INV-2015-00', 0, 'Gravity &amp; Lifestyle', 'http://www.gravity-lifestyle.com/', 8, 1, 'Stella ', 'Nwala', 'lovesunstella@gmail.com', '07035065710', '', 'b:0;', 'Stella ', 'Nwala', '', 'No 8 Mgbabiso, Rumuola Road, Port Harcourt, Rivers State. ', '', 'Port Harcourt', '', 'Nigeria', 156, 'Rivers', 2420, '', 'b:0;', 'Zenith GlobalPay (Interswitch, Verve, MasterCard, VISA)', 'zglobalpay', 'Stella ', 'Nwala', '', 'No 8 Mgbabiso, Rumuola Road, Port Harcourt, Rivers State. ', '', 'Port Harcourt', '', 'Nigeria', 156, 'Rivers', 2420, '', 'b:0;', 'Pickup From Store', 'pickup.pickup', '', 3000.0000, 5, 0, 0.0000, 0, '', 1, 4, 'NGN', 1.00000000, '154.120.95.99', '', 'Mozilla/5.0 (Windows NT 6.2; WOW64; rv:48.0) Gecko/20100101 Firefox/48.0', 'en-US,en;q=0.5', '2016-09-07 10:52:12', '2016-09-07 10:56:01', '4991202716001158'),
(50, 0, 'INV-2015-00', 0, 'Gravity &amp; Lifestyle', 'http://www.gravity-lifestyle.com/', 16, 1, 'peace', 'etuk', 'pdaneils@yahoo.com', '08069458542', '', 'b:0;', 'peace', 'etuk', '', '3 Ogbonda street Eneka', '', 'phc', '', 'Nigeria', 156, 'Rivers', 2420, '', 'b:0;', 'Bank Transfer', 'bank_transfer', '', '', '', '', '', '', '', '', 0, '', 0, '', 'a:0:{}', '', '', '', 3000.0000, 0, 0, 0.0000, 0, '', 1, 4, 'NGN', 1.00000000, '197.210.172.99', '', 'Mozilla/5.0 (Linux; U; Android 4.0.4; en-us; GT-N7000 Build/IMM76D) AppleWebKit/534.30 (KHTML, like Gecko) Version/4.0 Mobile Safari/534.30', 'en-US', '2016-09-09 04:42:39', '2016-09-09 04:42:39', ''),
(51, 0, 'INV-2015-00', 0, 'Gravity &amp; Lifestyle', 'http://www.gravity-lifestyle.com/', 17, 1, 'Chinemerem', 'Ibekwe', 'lilpink005@yahoo.com', '+2348034139854', '', 'b:0;', 'Chinemerem', 'Ibekwe', '', 'Road 31, Trans Amadi Gardens.', '', 'Port Harcourt', '', 'Nigeria', 156, 'Rivers', 2420, '', 'b:0;', 'Bank Transfer', 'bank_transfer', '', '', '', '', '', '', '', '', 0, '', 0, '', 'a:0:{}', '', '', '', 3000.0000, 1, 0, 0.0000, 0, '', 1, 4, 'NGN', 1.00000000, '105.112.42.131', '', 'Mozilla/5.0 (Linux; Android 6.0.1; SM-G928C Build/MMB29K; wv) AppleWebKit/537.36 (KHTML, like Gecko) Version/4.0 Chrome/52.0.2743.98 Mobile Safari/537.36', 'en-GB,en-US;q=0.8', '2016-09-10 01:16:20', '2016-09-10 01:23:25', ''),
(52, 0, 'INV-2015-00', 0, 'Gravity &amp; Lifestyle', 'http://www.gravity-lifestyle.com/', 16, 1, 'peace', 'etuk', 'pdaneils@yahoo.com', '08069458542', '', 'b:0;', 'peace', 'etuk', '', '3 Ogbonda street Eneka', '', 'phc', '', 'Nigeria', 156, 'Rivers', 2420, '', 'b:0;', 'Bank Transfer', 'bank_transfer', '', '', '', '', '', '', '', '', 0, '', 0, '', 'a:0:{}', '', '', '', 6000.0000, 0, 0, 0.0000, 0, '', 1, 4, 'NGN', 1.00000000, '197.210.225.18', '', 'Mozilla/5.0 (Linux; U; Android 4.0.4; en-us; GT-N7000 Build/IMM76D) AppleWebKit/534.30 (KHTML, like Gecko) Version/4.0 Mobile Safari/534.30', 'en-US', '2016-09-10 14:16:20', '2016-09-10 14:16:20', ''),
(53, 0, 'INV-2015-00', 0, 'Gravity &amp; Lifestyle', 'http://www.gravity-lifestyle.com/', 18, 1, 'yetunde', 'sonoiki', 'yetundesonoiki@gmail.com', '08164132670', '', 'b:0;', 'yetunde', 'sonoiki', '', '36b olawale onitiri cole avenue  lekki phase 1', '', 'lagos', '0123', 'Nigeria', 156, 'Lagos', 2412, '', 'b:0;', 'Bank Transfer', 'bank_transfer', '', '', '', '', '', '', '', '', 0, '', 0, '', 'a:0:{}', '', '', '', 3000.0000, 0, 0, 0.0000, 0, '', 1, 4, 'NGN', 1.00000000, '41.206.1.8', '', 'Mozilla/5.0 (Windows NT 6.1; WOW64) AppleWebKit/537.36 (KHTML, like Gecko) Chrome/53.0.2785.116 Safari/537.36', 'en-US,en;q=0.8', '2016-09-29 06:35:14', '2016-09-29 06:35:14', ''),
(54, 0, 'INV-2015-00', 0, 'Gravity &amp; Lifestyle', 'http://www.gravity-lifestyle.com/', 18, 1, 'yetunde', 'sonoiki', 'yetundesonoiki@gmail.com', '08164132670', '', 'b:0;', 'yetunde', 'sonoiki', '', '36b olawale onitiri cole avenue  lekki phase 1', '', 'lagos', '0123', 'Nigeria', 156, 'Lagos', 2412, '', 'b:0;', 'Zenith GlobalPay (Interswitch, Verve, MasterCard, VISA)', 'zglobalpay', '', '', '', '', '', '', '', '', 0, '', 0, '', 'a:0:{}', '', '', '', 3000.0000, 0, 0, 0.0000, 0, '', 1, 4, 'NGN', 1.00000000, '41.206.1.8', '', 'Mozilla/5.0 (Windows NT 6.1; WOW64) AppleWebKit/537.36 (KHTML, like Gecko) Chrome/53.0.2785.116 Safari/537.36', 'en-US,en;q=0.8', '2016-09-29 06:49:20', '2016-09-29 06:49:20', '5429966709204061'),
(55, 0, 'INV-2015-00', 0, 'Gravity &amp; Lifestyle', 'http://www.gravity-lifestyle.com/', 18, 1, 'yetunde', 'sonoiki', 'yetundesonoiki@gmail.com', '08164132670', '', 'b:0;', 'yetunde', 'sonoiki', '', '36b olawale onitiri cole avenue  lekki phase 1', '', 'lagos', '0123', 'Nigeria', 156, 'Lagos', 2412, '', 'b:0;', 'Bank Transfer', 'bank_transfer', '', '', '', '', '', '', '', '', 0, '', 0, '', 'a:0:{}', '', '', '', 3000.0000, 0, 0, 0.0000, 0, '', 1, 4, 'NGN', 1.00000000, '41.206.1.8', '', 'Mozilla/5.0 (Windows NT 6.1; WOW64) AppleWebKit/537.36 (KHTML, like Gecko) Chrome/53.0.2785.116 Safari/537.36', 'en-US,en;q=0.8', '2016-09-29 06:50:04', '2016-09-29 06:50:04', ''),
(56, 0, 'INV-2015-00', 0, 'Gravity &amp; Lifestyle', 'http://www.gravity-lifestyle.com/', 18, 1, 'yetunde', 'sonoiki', 'yetundesonoiki@gmail.com', '08164132670', '', 'b:0;', 'yetunde', 'sonoiki', '', '36b olawale onitiri cole avenue  lekki phase 1', '', 'lagos', '0123', 'Nigeria', 156, 'Lagos', 2412, '', 'b:0;', 'Zenith GlobalPay (Interswitch, Verve, MasterCard, VISA)', 'zglobalpay', '', '', '', '', '', '', '', '', 0, '', 0, '', 'a:0:{}', '', '', '', 3000.0000, 0, 0, 0.0000, 0, '', 1, 4, 'NGN', 1.00000000, '41.206.1.8', '', 'Mozilla/5.0 (Windows NT 6.1; WOW64) AppleWebKit/537.36 (KHTML, like Gecko) Chrome/53.0.2785.116 Safari/537.36', 'en-US,en;q=0.8', '2016-09-29 06:57:15', '2016-09-29 06:57:15', '5612195039766085'),
(57, 0, 'INV-2015-00', 0, 'Gravity &amp; Lifestyle', 'http://www.gravity-lifestyle.com/', 18, 1, 'yetunde', 'sonoiki', 'yetundesonoiki@gmail.com', '08164132670', '', 'b:0;', 'yetunde', 'sonoiki', '', '36b olawale onitiri cole avenue  lekki phase 1', '', 'lagos', '0123', 'Nigeria', 156, 'Lagos', 2412, '', 'b:0;', 'Zenith GlobalPay (Interswitch, Verve, MasterCard, VISA)', 'zglobalpay', '', '', '', '', '', '', '', '', 0, '', 0, '', 'a:0:{}', '', '', '', 3000.0000, 10, 0, 0.0000, 0, '', 1, 4, 'NGN', 1.00000000, '41.206.1.8', '', 'Mozilla/5.0 (Windows NT 6.1; WOW64) AppleWebKit/537.36 (KHTML, like Gecko) Chrome/53.0.2785.116 Safari/537.36', 'en-US,en;q=0.8', '2016-09-29 07:48:31', '2016-09-29 07:56:56', '5727169349004814'),
(58, 0, 'INV-2015-00', 0, 'Gravity &amp; Lifestyle', 'http://www.gravity-lifestyle.com/', 19, 1, 'Ogogome', 'Ekpecham ', 'Gogo.ekpecham@gmail.com', '08055191929', '', 'b:0;', 'Ogogome', 'Ekpecham ', '', 'Plot 6 Esther Adeleke Street', '', 'Lekki Phase 1', '00000', 'Nigeria', 156, 'Lagos', 2412, '', 'b:0;', 'Bank Transfer', 'bank_transfer', '', '', '', '', '', '', '', '', 0, '', 0, '', 'a:0:{}', '', '', '', 13000.0000, 1, 0, 0.0000, 0, '', 1, 4, 'NGN', 1.00000000, '86.242.192.12', '', 'Mozilla/5.0 (iPhone; CPU iPhone OS 9_2_1 like Mac OS X) AppleWebKit/601.1.46 (KHTML, like Gecko) Version/9.0 Mobile/13D15 Safari/601.1', 'en-us', '2016-09-29 14:42:15', '2016-09-29 14:42:42', ''),
(59, 0, 'INV-2015-00', 0, 'Gravity &amp; Lifestyle', 'http://www.gravity-lifestyle.com/', 19, 1, 'Ogogome', 'Ekpecham ', 'Gogo.ekpecham@gmail.com', '08055191929', '', 'b:0;', 'Ogogome', 'Ekpecham ', '', 'Plot 6 Esther Adeleke Street', '', 'Lekki Phase 1', '00000', 'Nigeria', 156, 'Lagos', 2412, '', 'b:0;', 'Bank Transfer', 'bank_transfer', 'Ogogome', 'Ekpecham ', '', 'Plot 6 Esther Adeleke Street', '', 'Lekki Phase 1', '00000', 'Nigeria', 156, 'Lagos', 2412, '', 'b:0;', 'Standard Shipping (South West)', 'weight_volume_based.weight_volume_based_0', 'Detailed address:\n\nHouse 1B Victoria Okolo court \nPlot 6 Ester Adeleke street\nOff Jeremiah Ugwu street\nLekki phase 1\nLagos', 14100.0000, 1, 0, 0.0000, 0, '', 1, 4, 'NGN', 1.00000000, '86.242.192.12', '', 'Mozilla/5.0 (iPhone; CPU iPhone OS 9_2_1 like Mac OS X) AppleWebKit/601.1.46 (KHTML, like Gecko) Version/9.0 Mobile/13D15 Safari/601.1', 'en-us', '2016-09-29 16:02:00', '2016-09-29 16:02:32', ''),
(60, 0, 'INV-2015-00', 0, 'Gravity &amp; Lifestyle', 'http://www.gravity-lifestyle.com/', 20, 1, 'Tonbra', 'Dikibo ', 'tonbrab@yahoo.co.uk', '8037018528', '', 'b:0;', 'Tonbra', 'Dikibo ', '', 'No 4 Reverend Dagogo Jack avenue; Royal Avenue estate; ', 'Doxa road; off Peter Odili road', 'Port Harcourt ', '', 'Nigeria', 156, 'Rivers', 2420, '', 'b:0;', 'Cash On Delivery', 'cod', 'Tonbra', 'Dikibo ', '', 'No 4 Reverend Dagogo Jack avenue; Royal Avenue estate; ', 'Doxa road; off Peter Odili road', 'Port Harcourt ', '', 'Nigeria', 156, 'Rivers', 2420, '', 'b:0;', 'Pickup From Store', 'pickup.pickup', '', 10000.0000, 0, 0, 0.0000, 0, '', 1, 4, 'NGN', 1.00000000, '197.210.25.139', '', 'Mozilla/5.0 (iPhone; CPU iPhone OS 10_0_2 like Mac OS X) AppleWebKit/602.1.50 (KHTML, like Gecko) Version/10.0 Mobile/14A456 Safari/602.1', 'en-us', '2016-10-10 14:15:58', '2016-10-10 14:15:58', ''),
(61, 0, 'INV-2015-00', 0, 'Gravity &amp; Lifestyle', 'http://www.gravity-lifestyle.com/', 22, 1, 'Valerie ', 'Obie-Otti', 'Valdah2@yahoo.com', '08123333351', '', 'b:0;', 'Valerie ', 'Obie-Otti', '', 'D2 Dalhatu Bayero estate', '', 'Wuse 2', '', 'Nigeria', 156, 'Abuja Federal Capital Territory', 2389, '', 'b:0;', 'Bank Transfer', 'bank_transfer', '', '', '', '', '', '', '', '', 0, '', 0, '', 'a:0:{}', '', '', '', 20000.0000, 1, 0, 0.0000, 0, '', 1, 4, 'NGN', 1.00000000, '160.152.11.75', '', 'Mozilla/5.0 (iPhone; CPU iPhone OS 9_3_4 like Mac OS X) AppleWebKit/601.1.46 (KHTML, like Gecko) Version/9.0 Mobile/13G35 Safari/601.1', 'en-us', '2016-10-11 07:51:01', '2016-10-11 07:51:27', ''),
(62, 0, 'INV-2015-00', 0, 'Gravity &amp; Lifestyle', 'http://www.gravity-lifestyle.com/', 24, 1, 'Mmeme ', 'Etuk', 'mmemeudoh@yahoo.com', '07038026498', '', 'b:0;', 'Mmeme ', 'Etuk', '', 'No 9b badaru Street lekki', '', 'Lagos', '1234', 'Nigeria', 156, 'Lagos', 2412, '', 'b:0;', 'Bank Transfer', 'bank_transfer', '', '', '', '', '', '', '', '', 0, '', 0, '', 'a:0:{}', '', '', '', 3000.0000, 1, 0, 0.0000, 0, '', 1, 4, 'NGN', 1.00000000, '197.211.57.96', '', 'Mozilla/5.0 (Linux; Android 6.0.1; SM-A310F Build/MMB29K; wv) AppleWebKit/537.36 (KHTML, like Gecko) Version/4.0 Chrome/53.0.2785.124 Mobile Safari/537.36', 'en-GB,en-US;q=0.8', '2016-10-14 22:23:27', '2016-10-14 22:26:22', ''),
(63, 0, 'INV-2015-00', 0, 'Gravity &amp; Lifestyle', 'http://www.gravity-lifestyle.com/', 25, 1, 'Perpetua', 'Ekatah', 'pekatah@gmail.com', '08110617170', '', 'b:0;', 'Perpetua', 'Ekatah', '', 'AREA 2 SECTION 1', 'Block 4 FLAT 4 KAZAURE STREE', 'Abuja', '234', 'Nigeria', 156, 'Abuja Federal Capital Territory', 2389, '', 'b:0;', 'Bank Transfer', 'bank_transfer', 'perpetua', 'Ekatah', 'Heritage Bank', '24 Algiers Street', 'Wuse Zone 5. Beside Skye memorial Plaza. Behind PDP secretariate', 'Abuja', '234', 'Nigeria', 156, 'Abuja Federal Capital Territory', 2389, '', 'b:0;', 'Standard Shipping (North Central)', 'weight_volume_based.weight_volume_based_0', 'Please call me upon Arrival - 08110617170', 14800.0000, 1, 0, 0.0000, 0, '', 1, 4, 'NGN', 1.00000000, '41.217.19.141', '', 'Mozilla/5.0 (Linux; Android 5.0.2; SAMSUNG SM-T531 Build/LRX22G) AppleWebKit/537.36 (KHTML, like Gecko) SamsungBrowser/3.3 Chrome/38.0.2125.102 Safari/537.36', 'en-GB,en;q=0.8,en-US;q=0.6,en;q=0.4', '2016-10-18 00:13:58', '2016-10-18 00:17:46', ''),
(64, 0, 'INV-2015-00', 0, 'Gravity &amp; Lifestyle', 'http://www.gravity-lifestyle.com/', 24, 1, 'Mmeme ', 'Etuk', 'mmemeudoh@yahoo.com', '07038026498', '', 'b:0;', 'Mmeme ', 'Etuk', '', 'No 9b badaru Street lekki', '', 'Lagos', '1234', 'Nigeria', 156, 'Lagos', 2412, '', 'b:0;', 'Zenith GlobalPay (Interswitch, Verve, MasterCard, VISA)', 'zglobalpay', '', '', '', '', '', '', '', '', 0, '', 0, '', 'a:0:{}', '', '', '', 3000.0000, 0, 0, 0.0000, 0, '', 1, 4, 'NGN', 1.00000000, '41.184.162.14', '', 'Mozilla/5.0 (Windows NT 6.3; Trident/7.0; rv:11.0) like Gecko', 'en-US', '2016-10-19 09:08:40', '2016-10-19 09:08:40', '6479014681490011'),
(65, 0, 'INV-2015-00', 0, 'Gravity &amp; Lifestyle', 'http://www.gravity-lifestyle.com/', 21, 1, 'Ngozi', 'Mbadike', 'N_deedee@yahoo.com', '08025240067', '', 'b:0;', 'Ngozi', 'Mbadike', '', 'Lagos', '', 'Lagos', '101234', 'Nigeria', 156, 'Lagos', 2412, '', 'b:0;', 'Bank Transfer', 'bank_transfer', '', '', '', '', '', '', '', '', 0, '', 0, '', 'a:0:{}', '', '', '', 3000.0000, 0, 0, 0.0000, 0, '', 1, 4, 'NGN', 1.00000000, '141.227.1.40', '', 'Mozilla/5.0 (Windows NT 6.1; WOW64; Trident/7.0; VISION; rv:11.0) like Gecko', 'en-US', '2016-11-01 06:21:23', '2016-11-01 06:21:23', ''),
(66, 0, 'INV-2015-00', 0, 'Gravity &amp; Lifestyle', 'http://www.gravity-lifestyle.com/', 21, 1, 'Ngozi', 'Mbadike', 'N_deedee@yahoo.com', '08025240067', '', 'b:0;', 'Ngozi', 'Mbadike', '', 'Lagos', '', 'Lagos', '101234', 'Nigeria', 156, 'Lagos', 2412, '', 'b:0;', 'Bank Transfer', 'bank_transfer', '', '', '', '', '', '', '', '', 0, '', 0, '', 'a:0:{}', '', '', 'transfer done online for virtual fitness pro', 13000.0000, 0, 0, 0.0000, 0, '', 1, 4, 'NGN', 1.00000000, '141.227.0.46', '', 'Mozilla/5.0 (Windows NT 6.1; WOW64; Trident/7.0; VISION; rv:11.0) like Gecko', 'en-US', '2016-11-02 06:30:38', '2016-11-02 06:30:38', ''),
(67, 0, 'INV-2015-00', 0, 'Gravity &amp; Lifestyle', 'http://www.gravity-lifestyle.com/', 21, 1, 'Ngozi', 'Mbadike', 'N_deedee@yahoo.com', '08025240067', '', 'b:0;', 'Ngozi', 'Mbadike', '', 'Lagos', '', 'Lagos', '101234', 'Nigeria', 156, 'Lagos', 2412, '', 'b:0;', 'Bank Transfer', 'bank_transfer', '', '', '', '', '', '', '', '', 0, '', 0, '', 'a:0:{}', '', '', 'transfer done online for virtual fitness pro', 30000.0000, 0, 0, 0.0000, 0, '', 1, 4, 'NGN', 1.00000000, '141.227.0.46', '', 'Mozilla/5.0 (Windows NT 6.1; WOW64; Trident/7.0; VISION; rv:11.0) like Gecko', 'en-US', '2016-11-02 06:31:26', '2016-11-02 06:31:26', ''),
(68, 0, 'INV-2015-00', 0, 'Gravity &amp; Lifestyle', 'http://www.gravity-lifestyle.com/', 21, 1, 'Ngozi', 'Mbadike', 'N_deedee@yahoo.com', '08025240067', '', 'b:0;', 'Ngozi', 'Mbadike', '', 'Lagos', '', 'Lagos', '101234', 'Nigeria', 156, 'Lagos', 2412, '', 'b:0;', 'Bank Transfer', 'bank_transfer', '', '', '', '', '', '', '', '', 0, '', 0, '', 'a:0:{}', '', '', 'transfer done online for virtual fitness pro', 20000.0000, 1, 0, 0.0000, 0, '', 1, 4, 'NGN', 1.00000000, '141.227.0.46', '', 'Mozilla/5.0 (Windows NT 6.1; WOW64; Trident/7.0; VISION; rv:11.0) like Gecko', 'en-US', '2016-11-02 06:32:03', '2016-11-02 06:32:19', ''),
(69, 0, 'INV-2015-00', 0, 'Gravity &amp; Lifestyle', 'http://www.gravity-lifestyle.com/', 8, 1, 'Stella ', 'Nwala', 'lovesunstella@gmail.com', '07035065710', '', 'b:0;', 'Stella ', 'Nwala', '', 'No 8 Mgbabiso, Rumuola Road, Port Harcourt, Rivers State. ', '', 'Port Harcourt', '', 'Nigeria', 156, 'Rivers', 2420, '', 'b:0;', 'Zenith GlobalPay (Interswitch, Verve, MasterCard, VISA)', 'zglobalpay', 'Stella ', 'Nwala', '', 'No 8 Mgbabiso, Rumuola Road, Port Harcourt, Rivers State. ', '', 'Port Harcourt', '', 'Nigeria', 156, 'Rivers', 2420, '', 'b:0;', 'Pickup From Store', 'pickup.pickup', '', 13000.0000, 0, 0, 0.0000, 0, '', 1, 4, 'NGN', 1.00000000, '197.210.226.75', '', 'Mozilla/5.0 (Windows NT 6.2; WOW64; rv:49.0) Gecko/20100101 Firefox/49.0', 'en-US,en;q=0.5', '2016-11-03 07:47:46', '2016-11-03 07:47:46', '6949103460717016'),
(70, 0, 'INV-2015-00', 0, 'Gravity &amp; Lifestyle', 'http://www.gravity-lifestyle.com/', 25, 1, 'Perpetua', 'Ekatah', 'pekatah@gmail.com', '08110617170', '', 'b:0;', 'Perpetua', 'Ekatah', '', 'AREA 2 SECTION 1', 'Block 4 FLAT 4 KAZAURE STREE', 'Abuja', '234', 'Nigeria', 156, 'Abuja Federal Capital Territory', 2389, '', 'b:0;', 'Zenith GlobalPay (Interswitch, Verve, MasterCard, VISA)', 'zglobalpay', 'Perpetua ', 'Ekatah', 'Heritage Bank Plc', 'Plot 1003 ', '3 Road Avenue Opposite Tofa house. CBD Abuja', 'Abuja', '234', 'Nigeria', 156, 'Abuja Federal Capital Territory', 2389, '', 'b:0;', 'Standard Shipping (North Central)', 'weight_volume_based.weight_volume_based_0', 'Please call me before dropping the parcel\n08110617170', 14800.0000, 0, 0, 0.0000, 0, '', 1, 4, 'NGN', 1.00000000, '154.120.75.13', '', 'Mozilla/5.0 (Linux; Android 5.0.2; SAMSUNG SM-T531 Build/LRX22G) AppleWebKit/537.36 (KHTML, like Gecko) SamsungBrowser/3.3 Chrome/38.0.2125.102 Safari/537.36', 'en-GB,en;q=0.8,en-US;q=0.6,en;q=0.4', '2016-11-14 13:49:49', '2016-11-14 13:49:49', '7041196104439411'),
(71, 0, 'INV-2015-00', 0, 'Gravity &amp; Lifestyle', 'http://www.gravity-lifestyle.com/', 25, 1, 'Perpetua', 'Ekatah', 'pekatah@gmail.com', '08110617170', '', 'b:0;', 'Perpetua', 'Ekatah', '', 'AREA 2 SECTION 1', 'Block 4 FLAT 4 KAZAURE STREE', 'Abuja', '234', 'Nigeria', 156, 'Abuja Federal Capital Territory', 2389, '', 'b:0;', 'Bank Transfer', 'bank_transfer', 'Perpetua ', 'Ekatah', 'Heritage Bank Plc', 'Plot 1003 ', '3 Road Avenue Opposite Tofa house. CBD Abuja', 'Abuja', '234', 'Nigeria', 156, 'Abuja Federal Capital Territory', 2389, '', 'b:0;', 'Standard Shipping (North Central)', 'weight_volume_based.weight_volume_based_0', 'Please call me before dropping the parcel\n08110617170', 14800.0000, 1, 0, 0.0000, 0, '', 1, 4, 'NGN', 1.00000000, '154.120.75.13', '', 'Mozilla/5.0 (Linux; Android 5.0.2; SAMSUNG SM-T531 Build/LRX22G) AppleWebKit/537.36 (KHTML, like Gecko) SamsungBrowser/3.3 Chrome/38.0.2125.102 Safari/537.36', 'en-GB,en;q=0.8,en-US;q=0.6,en;q=0.4', '2016-11-14 13:53:29', '2016-11-14 13:57:11', ''),
(72, 0, 'INV-2015-00', 0, 'Gravity &amp; Lifestyle', 'http://www.gravity-lifestyle.com/', 26, 1, 'Susan', 'Oranye ', 'susan.oranye@gmail.com', '08140395353', '', 'b:0;', 'Susan', 'Oranye ', '', '3rd avenue c Close house 11, festac town, Lagos', '', 'Lagos', '', 'Nigeria', 156, 'Lagos', 2412, '', 'b:0;', 'Zenith GlobalPay (Interswitch, Verve, MasterCard, VISA)', 'zglobalpay', '', '', '', '', '', '', '', '', 0, '', 0, '', 'a:0:{}', '', '', '', 20000.0000, 5, 0, 0.0000, 0, '', 1, 4, 'NGN', 1.00000000, '41.58.112.11', '', 'Mozilla/5.0 (Windows NT 6.3; WOW64) AppleWebKit/537.36 (KHTML, like Gecko) Chrome/54.0.2840.99 Safari/537.36', 'en-US,en;q=0.8', '2016-11-23 11:49:24', '2016-11-23 11:56:45', '7241124191193226'),
(73, 0, 'INV-2015-00', 0, 'Gravity &amp; Lifestyle', 'http://www.gravity-lifestyle.com/', 28, 1, 'Ufuoma', 'Akpan-Ntem', 'uafomsky@gmail.com', '+2348074090270', '', 'b:0;', 'Ufuoma', 'Akpan-Ntem', '', 'Lagos', '', 'Lagos', '001', 'Nigeria', 156, 'Lagos', 2412, '', 'b:0;', 'Bank Transfer', 'bank_transfer', '', '', '', '', '', '', '', '', 0, '', 0, '', 'a:0:{}', '', '', '', 20000.0000, 1, 0, 0.0000, 0, '', 1, 4, 'NGN', 1.00000000, '69.9.97.7', '', 'Mozilla/5.0 (Linux; Android 6.0.1; F8131 Build/35.0.A.1.297) AppleWebKit/537.36 (KHTML, like Gecko) Chrome/54.0.2840.85 Mobile Safari/537.36', 'en-CA,en-GB;q=0.8,en-US;q=0.6,en;q=0.4', '2016-11-25 23:56:51', '2016-11-25 23:57:06', '');
INSERT INTO `oc_order` (`order_id`, `invoice_no`, `invoice_prefix`, `store_id`, `store_name`, `store_url`, `customer_id`, `customer_group_id`, `firstname`, `lastname`, `email`, `telephone`, `fax`, `custom_field`, `payment_firstname`, `payment_lastname`, `payment_company`, `payment_address_1`, `payment_address_2`, `payment_city`, `payment_postcode`, `payment_country`, `payment_country_id`, `payment_zone`, `payment_zone_id`, `payment_address_format`, `payment_custom_field`, `payment_method`, `payment_code`, `shipping_firstname`, `shipping_lastname`, `shipping_company`, `shipping_address_1`, `shipping_address_2`, `shipping_city`, `shipping_postcode`, `shipping_country`, `shipping_country_id`, `shipping_zone`, `shipping_zone_id`, `shipping_address_format`, `shipping_custom_field`, `shipping_method`, `shipping_code`, `comment`, `total`, `order_status_id`, `affiliate_id`, `commission`, `marketing_id`, `tracking`, `language_id`, `currency_id`, `currency_code`, `currency_value`, `ip`, `forwarded_ip`, `user_agent`, `accept_language`, `date_added`, `date_modified`, `tranx_id`) VALUES
(74, 0, 'INV-2015-00', 0, 'Gravity &amp; Lifestyle', 'http://www.gravity-lifestyle.com/', 29, 1, 'Beauty', 'Erhunwmunse ', 'teggybeauty@gmail.com', '08096303046', '', 'b:0;', 'Beauty', 'Erhunwmunse ', '', '7 Grace community Dawaki ', 'Abuja ', 'Abuja ', '', 'Nigeria', 156, 'Abuja Federal Capital Territory', 2389, '', 'b:0;', 'Zenith GlobalPay (Interswitch, Verve, MasterCard, VISA)', 'zglobalpay', '', '', '', '', '', '', '', '', 0, '', 0, '', 'a:0:{}', '', '', 'My first month virtualplus training', 10000.0000, 0, 0, 0.0000, 0, '', 1, 4, 'NGN', 1.00000000, '41.190.2.224', '', 'Mozilla/5.0 (iPhone; CPU iPhone OS 10_0_2 like Mac OS X) AppleWebKit/602.1.50 (KHTML, like Gecko) Version/10.0 Mobile/14A456 Safari/602.1', 'en-us', '2016-11-28 03:13:43', '2016-11-28 03:13:43', '7403122148331661'),
(75, 0, 'INV-2015-00', 0, 'Gravity &amp; Lifestyle', 'http://www.gravity-lifestyle.com/', 29, 1, 'Beauty', 'Erhunwmunse ', 'teggybeauty@gmail.com', '08096303046', '', 'b:0;', 'Beauty', 'Erhunwmunse ', '', '7 Grace community Dawaki ', 'Abuja ', 'Abuja ', '', 'Nigeria', 156, 'Abuja Federal Capital Territory', 2389, '', 'b:0;', 'Bank Transfer', 'bank_transfer', '', '', '', '', '', '', '', '', 0, '', 0, '', 'a:0:{}', '', '', 'My first month virtualplus training', 10000.0000, 0, 0, 0.0000, 0, '', 1, 4, 'NGN', 1.00000000, '41.190.14.22', '', 'Mozilla/5.0 (iPhone; CPU iPhone OS 10_0_2 like Mac OS X) AppleWebKit/602.1.50 (KHTML, like Gecko) Version/10.0 Mobile/14A456 Safari/602.1', 'en-us', '2016-11-28 03:21:49', '2016-11-28 03:21:49', ''),
(76, 0, 'INV-2015-00', 0, 'Gravity &amp; Lifestyle', 'http://www.gravity-lifestyle.com/', 29, 1, 'Beauty', 'Erhunwmunse ', 'teggybeauty@gmail.com', '08096303046', '', 'b:0;', 'Beauty', 'Erhunwmunse ', '', '7 Grace community Dawaki ', 'Abuja ', 'Abuja ', '', 'Nigeria', 156, 'Abuja Federal Capital Territory', 2389, '', 'b:0;', 'Bank Transfer', 'bank_transfer', '', '', '', '', '', '', '', '', 0, '', 0, '', 'a:0:{}', '', '', 'My first month virtualplus training', 10000.0000, 1, 0, 0.0000, 0, '', 1, 4, 'NGN', 1.00000000, '41.190.14.22', '', 'Mozilla/5.0 (iPhone; CPU iPhone OS 10_0_2 like Mac OS X) AppleWebKit/602.1.50 (KHTML, like Gecko) Version/10.0 Mobile/14A456 Safari/602.1', 'en-us', '2016-11-28 03:22:41', '2016-11-28 03:22:57', ''),
(77, 0, 'INV-2015-00', 0, 'Gravity &amp; Lifestyle', 'http://www.gravity-lifestyle.com/', 1, 1, 'Toby', 'Moore', 'tbennymoore@yahoo.com', '08023000000', '', 'b:0;', 'Toby', 'Moore', '', '58th Close', '', 'Lagos', '00000', 'Nigeria', 156, 'Lagos', 2412, '', 'b:0;', 'Zenith GlobalPay (Interswitch, Verve, MasterCard, VISA)', 'zglobalpay', 'Toby', 'Moore', '', '58th Close', '', 'Lagos', '00000', 'Nigeria', 156, 'Lagos', 2412, '', 'b:0;', 'Standard Shipping (South West)', 'weight_volume_based.weight_volume_based_0', '', 162740.0000, 0, 0, 0.0000, 0, '', 1, 4, 'NGN', 1.00000000, '154.118.10.109', '', 'Mozilla/5.0 (Windows NT 10.0; Win64; x64) AppleWebKit/537.36 (KHTML, like Gecko) Chrome/54.0.2840.99 Safari/537.36', 'en-GB,en-US;q=0.8,en;q=0.6', '2016-12-01 08:07:52', '2016-12-01 08:07:52', '7741105205827106'),
(78, 0, 'INV-2015-00', 0, 'Gravity &amp; Lifestyle', 'http://www.gravity-lifestyle.com/', 1, 1, 'Toby', 'Moore', 'tbennymoore@yahoo.com', '08023000000', '', 'b:0;', 'Toby', 'Moore', '', '58th Close', '', 'Lagos', '00000', 'Nigeria', 156, 'Lagos', 2412, '', 'b:0;', 'Zenith GlobalPay (Interswitch, Verve, MasterCard, VISA)', 'zglobalpay', 'Toby', 'Moore', '', '58th Close', '', 'Lagos', '00000', 'Nigeria', 156, 'Lagos', 2412, '', 'b:0;', 'Standard Shipping (South West)', 'weight_volume_based.weight_volume_based_0', '', 21400.0000, 0, 0, 0.0000, 0, '', 1, 4, 'NGN', 1.00000000, '154.118.10.109', '', 'Mozilla/5.0 (Windows NT 10.0; Win64; x64) AppleWebKit/537.36 (KHTML, like Gecko) Chrome/54.0.2840.99 Safari/537.36', 'en-GB,en-US;q=0.8,en;q=0.6', '2016-12-01 08:44:34', '2016-12-01 08:44:34', '7832411045088146'),
(79, 0, 'INV-2015-00', 0, 'Gravity &amp; Lifestyle', 'http://www.gravity-lifestyle.com/', 1, 1, 'Toby', 'Moore', 'tbennymoore@yahoo.com', '08023000000', '', 'b:0;', 'Toby', 'Moore', '', '58th Close', '', 'Lagos', '00000', 'Nigeria', 156, 'Lagos', 2412, '', 'b:0;', 'Zenith GlobalPay (Interswitch, Verve, MasterCard, VISA)', 'zglobalpay', 'Toby', 'Moore', '', '58th Close', '', 'Lagos', '00000', 'Nigeria', 156, 'Lagos', 2412, '', 'b:0;', 'Standard Shipping (South West)', 'weight_volume_based.weight_volume_based_0', '', 21400.0000, 0, 0, 0.0000, 0, '', 1, 4, 'NGN', 1.00000000, '154.118.10.109', '', 'Mozilla/5.0 (Windows NT 10.0; Win64; x64) AppleWebKit/537.36 (KHTML, like Gecko) Chrome/54.0.2840.99 Safari/537.36', 'en-GB,en-US;q=0.8,en;q=0.6', '2016-12-01 08:46:57', '2016-12-01 08:46:57', '7948016186571320'),
(80, 0, 'INV-2015-00', 0, 'Gravity &amp; Lifestyle', 'http://www.gravity-lifestyle.com/', 27, 1, 'Barine', 'Kobani', 'mbwika2001@yahoo.co.uk', '+2348033095006', '', 'b:0;', 'Barine', 'Kobani', '', 'Ocean Bay Estate,Lekki-Epe Expressway', '', 'Lagos', '', 'Nigeria', 156, 'Lagos', 2412, '', 'b:0;', 'Bank Transfer', 'bank_transfer', '', '', '', '', '', '', '', '', 0, '', 0, '', 'a:0:{}', '', '', '', 10000.0000, 1, 0, 0.0000, 0, '', 1, 4, 'NGN', 1.00000000, '41.220.68.234', '', 'Mozilla/5.0 (Linux; Android 5.1.1; SM-G925F Build/LMY47X) AppleWebKit/537.36 (KHTML, like Gecko) Chrome/52.0.2743.98 Mobile Safari/537.36', 'en-GB,en-US;q=0.8,en;q=0.6', '2016-12-05 15:43:55', '2016-12-05 15:44:39', ''),
(81, 0, 'INV-2015-00', 0, 'Gravity &amp; Lifestyle', 'http://www.gravity-lifestyle.com/', 31, 1, 'Stella-', 'Menegbo', 'sogboru@yahoo.com', '08178592499', '', 'b:0;', 'Stella-', 'Menegbo', '', 'Road 18 nos 9b woji estate', '', 'Port Harcourt', '', 'Nigeria', 156, 'Rivers', 2420, '', 'b:0;', 'Bank Transfer', 'bank_transfer', '', '', '', '', '', '', '', '', 0, '', 0, '', 'a:0:{}', '', '', '', 20000.0000, 1, 0, 0.0000, 0, '', 1, 4, 'NGN', 1.00000000, '41.190.3.192', '', 'Mozilla/5.0 (Mobile; Windows Phone 8.1; Android 4.0; ARM; Trident/7.0; Touch; rv:11.0; IEMobile/11.0; NOKIA; Lumia 830) like iPhone OS 7_0_3 Mac OS X AppleWebKit/537 (KHTML, like Gecko) Mobile Safari/537', 'en-GB,en;q=0.5', '2016-12-31 07:41:07', '2016-12-31 08:14:04', ''),
(82, 0, 'INV-2015-00', 0, 'Gravity &amp; Lifestyle', 'http://www.gravity-lifestyle.com/', 14, 1, 'Ugochi ', 'Amah', 'yugoamah@yahoo.com', '08023013328', '', 'b:0;', 'Ugochi ', 'Amah', '', '23A Marigold Street, Emerald Estate. Lekki Scheme 2, Ilaje. ', '', 'Lagos ', '', 'Nigeria', 156, 'Lagos', 2412, '', 'b:0;', 'Bank Transfer', 'bank_transfer', '', '', '', '', '', '', '', '', 0, '', 0, '', 'a:0:{}', '', '', '', 10000.0000, 1, 0, 0.0000, 0, '', 1, 4, 'NGN', 1.00000000, '105.112.42.2', '', 'Mozilla/5.0 (Linux; Android 6.0.1; SAMSUNG SM-G925F Build/MMB29K) AppleWebKit/537.36 (KHTML, like Gecko) SamsungBrowser/4.0 Chrome/44.0.2403.133 Mobile Safari/537.36', 'en-GB,en;q=0.8,en-US;q=0.6,en;q=0.4', '2017-01-02 03:40:08', '2017-01-02 03:45:39', ''),
(83, 0, 'INV-2015-00', 0, 'Gravity &amp; Lifestyle', 'http://www.gravity-lifestyle.com/', 31, 1, 'Stella-', 'Menegbo', 'sogboru@yahoo.com', '08178592499', '', 'b:0;', 'Stella-', 'Menegbo', '', 'Road 18 nos 9b woji estate', '', 'Port Harcourt', '', 'Nigeria', 156, 'Rivers', 2420, '', 'b:0;', 'Cash On Delivery', 'cod', 'Stella-', 'Menegbo', '', 'Road 18 nos 9b woji estate', '', 'Port Harcourt', '', 'Nigeria', 156, 'Rivers', 2420, '', 'b:0;', 'Standard Shipping (Intracity - within Port Harcourt)', 'weight_volume_based.weight_volume_based_0', '', 3400.0000, 0, 0, 0.0000, 0, '', 1, 4, 'NGN', 1.00000000, '41.190.3.213', '', 'Mozilla/5.0 (Windows NT 6.1; WOW64) AppleWebKit/537.36 (KHTML, like Gecko) Chrome/55.0.2883.87 Safari/537.36', 'en-US,en;q=0.8', '2017-01-04 07:07:20', '2017-01-04 07:07:20', ''),
(84, 0, 'INV-2015-00', 0, 'Gravity &amp; Lifestyle', 'http://www.gravity-lifestyle.com/', 27, 1, 'Barine', 'Kobani', 'mbwika2001@yahoo.co.uk', '+2348033095006', '', 'b:0;', 'Barine', 'Kobani', '', 'Ocean Bay Estate,Lekki-Epe Expressway', '', 'Lagos', '', 'Nigeria', 156, 'Lagos', 2412, '', 'b:0;', 'Bank Transfer', 'bank_transfer', '', '', '', '', '', '', '', '', 0, '', 0, '', 'a:0:{}', '', '', '', 20000.0000, 1, 0, 0.0000, 0, '', 1, 4, 'NGN', 1.00000000, '41.58.156.183', '', 'Mozilla/5.0 (Linux; Android 5.1.1; SM-G925F Build/LMY47X) AppleWebKit/537.36 (KHTML, like Gecko) Chrome/55.0.2883.91 Mobile Safari/537.36', 'en-GB,en-US;q=0.8,en;q=0.6', '2017-01-05 07:50:38', '2017-01-05 07:53:57', ''),
(85, 0, 'INV-2015-00', 0, 'Gravity &amp; Lifestyle', 'http://www.gravity-lifestyle.com/', 33, 1, 'Barbara', 'Patrick-Isicheli', 'b.patrickisicheli@gmail.com', '+2348037553357', '8037553357', 'b:0;', 'Barbara', 'Patrick-Isicheli', '', 'Total E &amp; P Nig. Ltd', 'Plot 1415E Adetokunbo Ademola Street', 'Victoria Island ', '000000', 'Nigeria', 156, 'Lagos', 2412, '', 'b:0;', 'Bank Transfer', 'bank_transfer', '', '', '', '', '', '', '', '', 0, '', 0, '', 'a:0:{}', '', '', '', 3000.0000, 1, 0, 0.0000, 0, '', 1, 4, 'NGN', 1.00000000, '154.118.8.27', '', 'Mozilla/5.0 (Linux; Android 6.0.1; SM-G935F Build/MMB29K) AppleWebKit/537.36 (KHTML, like Gecko) Chrome/55.0.2883.91 Mobile Safari/537.36', 'en-US,en;q=0.8', '2017-01-10 03:36:29', '2017-01-10 03:40:02', ''),
(86, 0, 'INV-2015-00', 0, 'Gravity &amp; Lifestyle', 'http://www.gravity-lifestyle.com/', 26, 1, 'Susan', 'Oranye ', 'susan.oranye@gmail.com', '08140395353', '', 'b:0;', 'Susan', 'Oranye ', '', '3rd avenue c Close house 11, festac town, Lagos', '', 'Lagos', '', 'Nigeria', 156, 'Lagos', 2412, '', 'b:0;', 'Bank Transfer', 'bank_transfer', '', '', '', '', '', '', '', '', 0, '', 0, '', 'a:0:{}', '', '', '', 10000.0000, 1, 0, 0.0000, 0, '', 1, 4, 'NGN', 1.00000000, '197.210.28.144', '', 'Mozilla/5.0 (Linux; Android 6.0; TECNO W4 Build/MRA58K) AppleWebKit/537.36 (KHTML, like Gecko) Chrome/52.0.2743.98 Mobile Safari/537.36', 'en-GB,en-US;q=0.8,en;q=0.6', '2017-01-30 15:09:30', '2017-01-30 15:10:06', ''),
(99, 0, 'INV-2015-00', 0, 'Gravity &amp; Lifestyle', 'http://www.gravity-lifestyle.com/', 39, 1, 'Data', 'Akpan', 'datakpan@gmail.com', '08034516311', '', 'b:0;', 'Data', 'Akpan', 'Approved entry.com', '13 Favoured Lane, Clobek Crown Estate', 'Voice of Nigeria Road', 'Abuja', '234', 'Nigeria', 156, 'Abuja Federal Capital Territory', 2389, '', 'b:0;', 'Bank Transfer', 'bank_transfer', 'Data', 'Akpan', 'Approved entry.com', '13 Favoured Lane, Clobek Crown Estate', 'Voice of Nigeria Road', 'Abuja', '234', 'Nigeria', 156, 'Abuja Federal Capital Territory', 2389, '', 'b:0;', 'Standard Shipping (North Central)', 'weight_volume_based.weight_volume_based_0', '', 24300.0000, 1, 0, 0.0000, 0, '', 1, 4, 'NGN', 1.00000000, '154.66.49.21', '', 'Mozilla/5.0 (iPad; CPU OS 10_2_1 like Mac OS X) AppleWebKit/602.4.6 (KHTML, like Gecko) Version/10.0 Mobile/14D27 Safari/602.1', 'en-gb', '2017-04-04 14:15:03', '2017-04-04 14:15:41', ''),
(88, 0, 'INV-2015-00', 0, 'Gravity &amp; Lifestyle', 'http://www.gravity-lifestyle.com/', 35, 1, 'Data', 'Akpan', 'datakpan@gmail.con', '08034516311', '', 'a:0:{}', 'Data', 'Akpan', 'Approvedentry.com', 'VON Road', '', 'Abuja', '234', 'Nigeria', 156, 'Abuja Federal Capital Territory', 2389, '', 'a:0:{}', 'Bank Transfer', 'bank_transfer', '', '', '', '', '', '', '', '', 0, '', 0, '', 'a:0:{}', '', '', '', 3000.0000, 5, 0, 0.0000, 0, '', 1, 4, 'NGN', 1.00000000, '169.159.122.6', '', 'Mozilla/5.0 (iPhone; CPU iPhone OS 10_2_1 like Mac OS X) AppleWebKit/602.4.6 (KHTML, like Gecko) Version/10.0 Mobile/14D27 Safari/602.1', 'en-gb', '2017-02-09 08:49:35', '2017-03-23 08:13:30', ''),
(89, 0, 'INV-2015-00', 0, 'Gravity &amp; Lifestyle', 'http://www.gravity-lifestyle.com/', 28, 1, 'Ufuoma', 'Akpan-Ntem', 'uafomsky@gmail.com', '+2348074090270', '', 'b:0;', 'Ufuoma', 'Akpan-Ntem', '', 'Lagos', '', 'Lagos', '001', 'Nigeria', 156, 'Lagos', 2412, '', 'b:0;', 'Bank Transfer', 'bank_transfer', '', '', '', '', '', '', '', '', 0, '', 0, '', 'a:0:{}', '', '', '', 25200.0000, 0, 0, 0.0000, 0, '', 1, 4, 'NGN', 1.00000000, '69.9.97.7', '', 'Mozilla/5.0 (Macintosh; Intel Mac OS X 10_10_5) AppleWebKit/602.4.8 (KHTML, like Gecko) Version/10.0.3 Safari/602.4.8', 'en-us', '2017-02-13 23:04:47', '2017-02-13 23:04:47', ''),
(90, 0, 'INV-2015-00', 0, 'Gravity &amp; Lifestyle', 'http://www.gravity-lifestyle.com/', 28, 1, 'Ufuoma', 'Akpan-Ntem', 'uafomsky@gmail.com', '+2348074090270', '', 'a:0:{}', 'Ufuoma', 'Akpan-Ntem', '', 'Lagos', '', 'Lagos', '001', 'Nigeria', 156, 'Lagos', 2412, '', 'a:0:{}', 'Bank Transfer', 'bank_transfer', '', '', '', '', '', '', '', '', 0, '', 0, '', 'a:0:{}', '', '', '', 25200.0000, 5, 0, 0.0000, 0, '', 1, 4, 'NGN', 1.00000000, '69.9.97.7', '', 'Mozilla/5.0 (Macintosh; Intel Mac OS X 10_10_5) AppleWebKit/602.4.8 (KHTML, like Gecko) Version/10.0.3 Safari/602.4.8', 'en-us', '2017-02-13 23:06:29', '2017-03-23 08:12:08', ''),
(91, 0, 'INV-2015-00', 0, 'Gravity &amp; Lifestyle', 'http://www.gravity-lifestyle.com/', 36, 1, 'Timma', 'Uwah', 'timman.akpan@yahoo.com', '08023388836', '', 'b:0;', 'Timma', 'Uwah', '', '4 Iwori Gosu lane, off Royal Avenue, off Peter Odili Road', '', 'Port Harcourt ', '', 'Nigeria', 156, 'Rivers', 2420, '', 'b:0;', 'Cash On Delivery', 'cod', 'Timma', 'Uwah', '', '4 Iwori Gosu lane, off Royal Avenue, off Peter Odili Road', '', 'Port Harcourt ', '', 'Nigeria', 156, 'Rivers', 2420, '', 'b:0;', 'Free Shipping', 'free.free', '', 20000.0000, 0, 0, 0.0000, 0, '', 1, 4, 'NGN', 1.00000000, '197.210.44.71', '', 'Mozilla/5.0 (Linux; Android 6.0.1; SAMSUNG SM-A510F Build/MMB29K) AppleWebKit/537.36 (KHTML, like Gecko) SamsungBrowser/4.0 Chrome/44.0.2403.133 Mobile Safari/537.36', 'en-GB,en;q=0.8,en-US;q=0.6,en;q=0.4', '2017-02-14 13:39:37', '2017-02-14 13:39:37', ''),
(92, 0, 'INV-2015-00', 0, 'Gravity &amp; Lifestyle', 'http://www.gravity-lifestyle.com/', 36, 1, 'Timma', 'Uwah', 'timman.akpan@yahoo.com', '08023388836', '', 'b:0;', 'Timma', 'Uwah', '', '4 Iwori Gosu lane, off Royal Avenue, off Peter Odili Road', '', 'Port Harcourt ', '', 'Nigeria', 156, 'Rivers', 2420, '', 'b:0;', 'Cash On Delivery', 'cod', 'Timma', 'Uwah', '', '4 Iwori Gosu lane, off Royal Avenue, off Peter Odili Road', '', 'Port Harcourt ', '', 'Nigeria', 156, 'Rivers', 2420, '', 'b:0;', 'Free Shipping', 'free.free', '', 20000.0000, 0, 0, 0.0000, 0, '', 1, 4, 'NGN', 1.00000000, '197.210.44.71', '', 'Mozilla/5.0 (Linux; Android 6.0.1; SAMSUNG SM-A510F Build/MMB29K) AppleWebKit/537.36 (KHTML, like Gecko) SamsungBrowser/4.0 Chrome/44.0.2403.133 Mobile Safari/537.36', 'en-GB,en;q=0.8,en-US;q=0.6,en;q=0.4', '2017-02-14 14:02:34', '2017-02-14 14:02:34', ''),
(93, 0, 'INV-2015-00', 0, 'Gravity &amp; Lifestyle', 'http://www.gravity-lifestyle.com/', 36, 1, 'Timma', 'Uwah', 'timman.akpan@yahoo.com', '08023388836', '', 'b:0;', 'Timma', 'Uwah', '', '4 Iwori Gosu lane, off Royal Avenue, off Peter Odili Road', '', 'Port Harcourt ', '', 'Nigeria', 156, 'Rivers', 2420, '', 'b:0;', 'Cash On Delivery', 'cod', 'Timma', 'Uwah', '', '4 Iwori Gosu lane, off Royal Avenue, off Peter Odili Road', '', 'Port Harcourt ', '', 'Nigeria', 156, 'Rivers', 2420, '', 'b:0;', 'Free Shipping', 'free.free', '', 20000.0000, 0, 0, 0.0000, 0, '', 1, 4, 'NGN', 1.00000000, '197.210.44.71', '', 'Mozilla/5.0 (Linux; Android 6.0.1; SAMSUNG SM-A510F Build/MMB29K) AppleWebKit/537.36 (KHTML, like Gecko) SamsungBrowser/4.0 Chrome/44.0.2403.133 Mobile Safari/537.36', 'en-GB,en;q=0.8,en-US;q=0.6,en;q=0.4', '2017-02-14 14:05:03', '2017-02-14 14:05:03', ''),
(94, 0, 'INV-2015-00', 0, 'Gravity &amp; Lifestyle', 'http://www.gravity-lifestyle.com/', 37, 1, 'Grace ', 'Sam-Epelle ', 'gracesamepelle@gmail.com', '+2348032002062', '8032002062', 'a:0:{}', 'Grace ', 'Sam-Epelle ', '', '3, Wilfred OtI close', 'Woji', 'Port Harcourt ', '', 'Nigeria', 156, 'Rivers', 2420, '', 'a:0:{}', 'Bank Transfer', 'bank_transfer', '', '', '', '', '', '', '', '', 0, '', 0, '', 'a:0:{}', '', '', '', 10000.0000, 5, 0, 0.0000, 0, '', 1, 4, 'NGN', 1.00000000, '41.190.3.221', '', 'Mozilla/5.0 (Linux; Android 5.0.2; SM-P555 Build/LRX22G) AppleWebKit/537.36 (KHTML, like Gecko) Chrome/55.0.2883.91 Safari/537.36', 'en-US,en;q=0.8', '2017-02-24 09:49:54', '2017-03-23 08:10:22', ''),
(95, 0, 'INV-2015-00', 0, 'Gravity &amp; Lifestyle', 'http://www.gravity-lifestyle.com/', 37, 1, 'Grace ', 'Sam-Epelle ', 'gracesamepelle@gmail.com', '+2348032002062', '8032002062', 'a:0:{}', 'Grace ', 'Sam-Epelle ', '', '3, Wilfred OtI close', 'Woji', 'Port Harcourt ', '', 'Nigeria', 156, 'Rivers', 2420, '', 'a:0:{}', 'Bank Transfer', 'bank_transfer', 'Grace ', 'Sam-Epelle ', '', '3 Wilfred OtI close', 'Woji', 'Port Harcourt', '500102', 'Nigeria', 156, 'Rivers', 2420, '', 'a:0:{}', 'Standard Shipping (Intracity - within Port Harcourt)', 'weight_volume_based.weight_volume_based_0', '', 10400.0000, 5, 0, 0.0000, 0, '', 1, 4, 'NGN', 1.00000000, '197.211.63.113', '', 'Mozilla/5.0 (Linux; Android 6.0.1; SM-J700H Build/MMB29K) AppleWebKit/537.36 (KHTML, like Gecko) Chrome/56.0.2924.87 Mobile Safari/537.36', 'en-US,en;q=0.8', '2017-03-11 00:35:06', '2017-03-23 08:05:06', ''),
(96, 0, 'INV-2015-00', 0, 'Gravity &amp; Lifestyle', 'http://www.gravity-lifestyle.com/', 38, 1, 'Ere', 'Okoluko', 'ereibiama@gmail.com', '8162885520', '08162885520', 'b:0;', 'Ere', 'Okoluko', 'Bourbon interoil nigeria ', 'NLNG JETTY roundabout ', 'Eastern by pass', 'Port harcourt ', '', 'Nigeria', 156, 'Rivers', 2420, '', 'b:0;', 'Cash On Delivery', 'cod', 'Ere', 'Okoluko', 'Bourbon interoil nigeria ', 'NLNG JETTY roundabout ', 'Eastern by pass', 'Port harcourt ', '', 'Nigeria', 156, 'Rivers', 2420, '', 'b:0;', 'Standard Shipping (Intracity - within Port Harcourt)', 'weight_volume_based.weight_volume_based_0', '', 10400.0000, 0, 0, 0.0000, 0, '', 1, 4, 'NGN', 1.00000000, '105.112.32.81', '', 'Mozilla/5.0 (iPhone; CPU iPhone OS 10_2_1 like Mac OS X) AppleWebKit/602.4.6 (KHTML, like Gecko) Version/10.0 Mobile/14D27 Safari/602.1', 'en-gb', '2017-03-21 13:59:46', '2017-03-21 13:59:46', ''),
(97, 0, 'INV-2015-00', 0, 'Gravity &amp; Lifestyle', 'http://www.gravity-lifestyle.com/', 38, 1, 'Ere', 'Okoluko', 'ereibiama@gmail.com', '8162885520', '08162885520', 'b:0;', 'Ere', 'Okoluko', 'Bourbon interoil nigeria ', 'NLNG JETTY roundabout ', 'Eastern by pass', 'Port harcourt ', '', 'Nigeria', 156, 'Rivers', 2420, '', 'b:0;', 'Cash On Delivery', 'cod', 'Ere', 'Okoluko', 'Bourbon interoil nigeria ', 'NLNG JETTY roundabout ', 'Eastern by pass', 'Port harcourt ', '', 'Nigeria', 156, 'Rivers', 2420, '', 'b:0;', 'Standard Shipping (Intracity - within Port Harcourt)', 'weight_volume_based.weight_volume_based_0', '', 10400.0000, 0, 0, 0.0000, 0, '', 1, 4, 'NGN', 1.00000000, '105.112.32.81', '', 'Mozilla/5.0 (iPhone; CPU iPhone OS 10_2_1 like Mac OS X) AppleWebKit/602.4.6 (KHTML, like Gecko) Version/10.0 Mobile/14D27 Safari/602.1', 'en-gb', '2017-03-21 14:00:12', '2017-03-21 14:00:12', ''),
(98, 0, 'INV-2015-00', 0, 'Gravity &amp; Lifestyle', 'http://www.gravity-lifestyle.com/', 38, 1, 'Ere', 'Okoluko', 'ereibiama@gmail.com', '8162885520', '08162885520', 'a:0:{}', 'Ere', 'Okoluko', 'Bourbon interoil nigeria ', 'NLNG JETTY roundabout ', 'Eastern by pass', 'Port harcourt ', '', 'Nigeria', 156, 'Rivers', 2420, '', 'a:0:{}', 'Bank Transfer', 'bank_transfer', 'Ere', 'Okoluko', 'Bourbon interoil nigeria ', 'NLNG JETTY roundabout ', 'Eastern by pass', 'Port harcourt ', '', 'Nigeria', 156, 'Rivers', 2420, '', 'a:0:{}', '', '', '', 10000.0000, 5, 0, 0.0000, 0, '', 1, 4, 'NGN', 1.00000000, '105.112.32.81', '', 'Mozilla/5.0 (iPhone; CPU iPhone OS 10_2_1 like Mac OS X) AppleWebKit/602.4.6 (KHTML, like Gecko) Version/10.0 Mobile/14D27 Safari/602.1', 'en-gb', '2017-03-21 14:00:41', '2017-03-23 07:57:53', ''),
(100, 0, 'INV-2015-00', 0, 'Gravity &amp; Lifestyle', 'http://www.gravity-lifestyle.com/', 40, 1, 'Chinyere', 'Emuchay', 'Upspeaker@yahoo.com', '08050243396', '', 'b:0;', 'Chinyere', 'Emuchay', 'Zenith bank', 'Plot 87 ajose adeogun street', '', 'Victoria island ', '0000', 'Nigeria', 156, 'Lagos', 2412, '', 'b:0;', 'Bank Transfer', 'bank_transfer', 'Chinyere', 'Emuchay', 'Zenith bank', 'Plot 87 ajose adeogun street', '', 'Victoria island ', '0000', 'Nigeria', 156, 'Lagos', 2412, '', 'b:0;', 'Standard Shipping (South West)', 'weight_volume_based.weight_volume_based_0', '', 6350.0000, 1, 0, 0.0000, 0, '', 1, 4, 'NGN', 1.00000000, '192.40.59.41', '', 'Mozilla/5.0 (iPhone; CPU iPhone OS 10_2_1 like Mac OS X) AppleWebKit/602.4.6 (KHTML, like Gecko) Version/10.0 Mobile/14D27 Safari/602.1', 'en-us', '2017-04-09 15:11:45', '2017-04-09 15:12:11', ''),
(101, 0, 'INV-2015-00', 0, 'Gravity &amp; Lifestyle', 'http://www.gravity-lifestyle.com/', 36, 1, 'Timma', 'Uwah', 'timman.akpan@yahoo.com', '08023388836', '', 'b:0;', 'Timma', 'Uwah', '', '4 Iwori Gosu lane, off Royal Avenue, off Peter Odili Road', '', 'Port Harcourt ', '', 'Nigeria', 156, 'Rivers', 2420, '', 'b:0;', 'Bank Transfer', 'bank_transfer', 'Timma', 'Uwah', '', '4 Iwori Gosu lane, off Royal Avenue, off Peter Odili Road', '', 'Port Harcourt ', '', 'Nigeria', 156, 'Rivers', 2420, '', 'b:0;', 'Pickup From Store', 'pickup.pickup', '', 47500.0000, 1, 0, 0.0000, 0, '', 1, 4, 'NGN', 1.00000000, '197.210.24.116', '', 'Mozilla/5.0 (Linux; Android 6.0.1; SAMSUNG SM-A510F Build/MMB29K) AppleWebKit/537.36 (KHTML, like Gecko) SamsungBrowser/4.0 Chrome/44.0.2403.133 Mobile Safari/537.36', 'en-GB,en;q=0.8,en-US;q=0.6,en;q=0.4', '2017-04-20 16:24:15', '2017-04-20 16:26:37', ''),
(102, 0, 'INV-2015-00', 0, 'Gravity &amp; Lifestyle', 'http://www.gravity-lifestyle.com/', 8, 1, 'Stella ', 'Nwala', 'lovesunstella@gmail.com', '07035065710', '', 'b:0;', 'Eregoba', 'Akoh', '', 'Mayfair Gardens Estate, Awoyaya, Close 14 House 341 Lekki-Epe', '', 'Lagos', '', 'Nigeria', 156, 'Lagos', 2412, '', 'b:0;', 'Bank Transfer', 'bank_transfer', 'Eregoba', 'Akoh', '', 'Mayfair Gardens Estate, Awoyaya, Close 14 House 341 Lekki-Epe', '', 'Lagos', '', 'Nigeria', 156, 'Lagos', 2412, '', 'b:0;', 'Standard Shipping (South West)', 'weight_volume_based.weight_volume_based_0', '', 12500.0000, 1, 0, 0.0000, 0, '', 1, 4, 'NGN', 1.00000000, '197.242.101.233', '', 'Mozilla/5.0 (Windows NT 6.2; Win64; x64) AppleWebKit/537.36 (KHTML, like Gecko) Chrome/58.0.3029.81 Safari/537.36', 'en-US,en;q=0.8', '2017-05-02 06:30:33', '2017-05-02 06:31:57', ''),
(103, 0, 'INV-2015-00', 0, 'Gravity &amp; Lifestyle', 'http://www.gravity-lifestyle.com/', 8, 1, 'Stella ', 'Nwala', 'lovesunstella@gmail.com', '07035065710', '', 'b:0;', 'Chinelo', 'Chinelo', '', 'Port Harcourt', '', 'Port Harcourt', '', 'Nigeria', 156, 'Rivers', 2420, '', 'b:0;', 'Bank Transfer', 'bank_transfer', 'Chinelo', 'Chinelo', '', 'Port Harcourt', '', 'Port Harcourt', '23484', 'Nigeria', 156, 'Rivers', 2420, '', 'b:0;', 'Pickup From Store', 'pickup.pickup', '', 37500.0000, 1, 0, 0.0000, 0, '', 1, 4, 'NGN', 1.00000000, '154.118.68.127', '', 'Mozilla/5.0 (Windows NT 6.2; Win64; x64) AppleWebKit/537.36 (KHTML, like Gecko) Chrome/58.0.3029.81 Safari/537.36', 'en-US,en;q=0.8', '2017-05-04 08:13:00', '2017-05-04 08:13:11', ''),
(104, 0, 'INV-2015-00', 0, 'Gravity &amp; Lifestyle', 'http://www.gravity-lifestyle.com/', 8, 1, 'Stella ', 'Nwala', 'lovesunstella@gmail.com', '07035065710', '', 'b:0;', 'karate ', 'Teacher', '', 'Port Harcourt', '', 'Port Harcourt', '', 'Nigeria', 156, 'Rivers', 2420, '', 'b:0;', 'Bank Transfer', 'bank_transfer', 'karate ', 'Teacher', '', 'Port Harcourt', '', 'Port Harcourt', '', 'Nigeria', 156, 'Rivers', 2420, '', 'b:0;', 'Pickup From Store', 'pickup.pickup', '', 15000.0000, 1, 0, 0.0000, 0, '', 1, 4, 'NGN', 1.00000000, '154.118.68.127', '', 'Mozilla/5.0 (Windows NT 6.2; Win64; x64) AppleWebKit/537.36 (KHTML, like Gecko) Chrome/58.0.3029.81 Safari/537.36', 'en-US,en;q=0.8', '2017-05-04 08:20:18', '2017-05-04 08:20:31', ''),
(105, 0, 'INV-2015-00', 0, 'Gravity &amp; Lifestyle', 'http://www.gravity-lifestyle.com/', 41, 1, 'BOLANLE', 'SHOBOWALE', 'bolashobowale@gmail.com', '+2348025017793', '', 'b:0;', 'BOLANLE', 'SHOBOWALE', 'Stanbic IBTC Pensions', 'plot 1678 Olakunle Bakare close off sanusi Fafunwa close', 'victoria island', 'lagos', 'e17 4dz', 'Nigeria', 156, 'Lagos', 2412, '', 'b:0;', 'Bank Transfer', 'bank_transfer', '', '', '', '', '', '', '', '', 0, '', 0, '', 'a:0:{}', '', '', '', 20000.0000, 0, 0, 0.0000, 0, '', 1, 4, 'NGN', 1.00000000, '197.253.4.85', '', 'Mozilla/5.0 (Windows NT 6.1; WOW64; Trident/7.0; rv:11.0) like Gecko', 'en-US', '2017-05-05 09:38:26', '2017-05-05 09:38:26', ''),
(106, 0, 'INV-2015-00', 0, 'Gravity &amp; Lifestyle', 'http://www.gravity-lifestyle.com/', 41, 1, 'BOLANLE', 'SHOBOWALE', 'bolashobowale@gmail.com', '+2348025017793', '', 'b:0;', 'BOLANLE', 'SHOBOWALE', 'Stanbic IBTC Pensions', 'plot 1678 Olakunle Bakare close off sanusi Fafunwa close', 'victoria island', 'lagos', 'e17 4dz', 'Nigeria', 156, 'Lagos', 2412, '', 'b:0;', 'Zenith GlobalPay (Interswitch, Verve, MasterCard, VISA)', 'zglobalpay', '', '', '', '', '', '', '', '', 0, '', 0, '', 'a:0:{}', '', '', '', 20000.0000, 5, 0, 0.0000, 0, '', 1, 4, 'NGN', 1.00000000, '197.253.4.85', '', 'Mozilla/5.0 (Windows NT 6.1; WOW64; Trident/7.0; rv:11.0) like Gecko', 'en-US', '2017-05-05 09:38:47', '2017-05-05 09:41:28', '10657401830056978'),
(107, 0, 'INV-2015-00', 0, 'Gravity &amp; Lifestyle', 'http://www.gravity-lifestyle.com/', 42, 1, 'Ucheychy', 'Opara', 'u.opara@gmail.com', '+447927403863', '', 'b:0;', 'Ucheychy', 'Opara', '', 'Plot 78 Sanni Abacha Link Road', 'GRA Phase 2', 'Port Harcourt', '', 'Nigeria', 156, 'Rivers', 2420, '', 'b:0;', 'Bank Transfer', 'bank_transfer', 'Ucheychy', 'Opara', '', 'Plot 78 Sanni Abacha Link Road', 'GRA Phase 2', 'Port Harcourt', '', 'Nigeria', 156, 'Rivers', 2420, '', 'b:0;', 'Standard Shipping (Intracity - within Port Harcourt)', 'weight_volume_based.weight_volume_based_0', '', 8500.0000, 0, 0, 0.0000, 0, '', 1, 2, 'USD', 0.00300000, '165.225.80.111', '', 'Mozilla/5.0 (Windows NT 6.1; WOW64; Trident/7.0; rv:11.0) like Gecko', 'en-GB', '2017-06-05 09:05:55', '2017-06-05 09:05:55', ''),
(108, 0, 'INV-2015-00', 0, 'Gravity &amp; Lifestyle', 'http://www.gravity-lifestyle.com/', 42, 1, 'Ucheychy', 'Opara', 'u.opara@gmail.com', '+447927403863', '', 'b:0;', 'Ucheychy', 'Opara', '', 'Plot 78 Sanni Abacha Link Road', 'GRA Phase 2', 'Port Harcourt', '', 'Nigeria', 156, 'Rivers', 2420, '', 'b:0;', 'Bank Transfer', 'bank_transfer', 'Ucheychy', 'Opara', '', 'Plot 78 Sanni Abacha Link Road', 'GRA Phase 2', 'Port Harcourt', '', 'Nigeria', 156, 'Rivers', 2420, '', 'b:0;', 'Standard Shipping (Intracity - within Port Harcourt)', 'weight_volume_based.weight_volume_based_0', '', 8500.0000, 0, 0, 0.0000, 0, '', 1, 4, 'NGN', 1.00000000, '165.225.80.111', '', 'Mozilla/5.0 (Windows NT 6.1; WOW64; Trident/7.0; rv:11.0) like Gecko', 'en-GB', '2017-06-05 09:07:11', '2017-06-05 09:07:11', ''),
(109, 0, 'INV-2015-00', 0, 'Gravity &amp; Lifestyle', 'http://www.gravity-lifestyle.com/', 42, 1, 'Ucheychy', 'Opara', 'u.opara@gmail.com', '+447927403863', '', 'b:0;', 'Ucheychy', 'Opara', '', 'Plot 78 Sanni Abacha Link Road', 'GRA Phase 2', 'Port Harcourt', '', 'Nigeria', 156, 'Rivers', 2420, '', 'b:0;', 'Bank Transfer', 'bank_transfer', 'Ucheychy', 'Opara', '', 'Plot 78 Sanni Abacha Link Road', 'GRA Phase 2', 'Port Harcourt', '', 'Nigeria', 156, 'Rivers', 2420, '', 'b:0;', 'Standard Shipping (Intracity - within Port Harcourt)', 'weight_volume_based.weight_volume_based_0', '', 8500.0000, 0, 0, 0.0000, 0, '', 1, 4, 'NGN', 1.00000000, '165.225.80.111', '', 'Mozilla/5.0 (Windows NT 6.1; WOW64; Trident/7.0; rv:11.0) like Gecko', 'en-GB', '2017-06-05 09:07:20', '2017-06-05 09:07:20', ''),
(110, 0, 'INV-2015-00', 0, 'Gravity &amp; Lifestyle', 'http://www.gravity-lifestyle.com/', 42, 1, 'Ucheychy', 'Opara', 'u.opara@gmail.com', '+447927403863', '', 'b:0;', 'Ucheychy', 'Opara', '', 'Plot 78 Sanni Abacha Link Road', 'GRA Phase 2', 'Port Harcourt', '', 'Nigeria', 156, 'Rivers', 2420, '', 'b:0;', 'Bank Transfer', 'bank_transfer', 'Ucheychy', 'Opara', '', 'Plot 78 Sanni Abacha Link Road', 'GRA Phase 2', 'Port Harcourt', '', 'Nigeria', 156, 'Rivers', 2420, '', 'b:0;', 'Standard Shipping (Intracity - within Port Harcourt)', 'weight_volume_based.weight_volume_based_0', 'Transfer to be made by a 3rd party (in the country) on my behalf.', 8500.0000, 1, 0, 0.0000, 0, '', 1, 4, 'NGN', 1.00000000, '165.225.80.111', '', 'Mozilla/5.0 (Windows NT 6.1; WOW64; Trident/7.0; rv:11.0) like Gecko', 'en-GB', '2017-06-05 09:08:38', '2017-06-05 09:13:51', ''),
(111, 0, 'INV-2015-00', 0, 'Gravity &amp; Lifestyle', 'http://www.gravity-lifestyle.com/', 43, 1, 'Janey', 'Ezeoba', 'violetogo@gmail.com', '07031390667', '', 'b:0;', 'Janey', 'Ezeoba', '', 'Trans Amadi Gardens', '', 'Port Harcourt', '00234', 'Nigeria', 156, 'Rivers', 2420, '', 'b:0;', 'Bank Transfer', 'bank_transfer', '', '', '', '', '', '', '', '', 0, '', 0, '', 'a:0:{}', '', '', '', 28500.0000, 0, 0, 0.0000, 0, '', 1, 4, 'NGN', 1.00000000, '169.159.118.10', '', 'Mozilla/5.0 (Macintosh; Intel Mac OS X 10_11_6) AppleWebKit/537.36 (KHTML, like Gecko) Chrome/58.0.3029.110 Safari/537.36', 'en-US,en;q=0.8', '2017-06-17 08:14:31', '2017-06-17 08:14:31', ''),
(112, 0, 'INV-2015-00', 0, 'Gravity &amp; Lifestyle', 'http://www.gravity-lifestyle.com/', 44, 1, 'Mrs', 'Nneka', 'ebymondi@yahoo.com', '08033407128', '', 'b:0;', 'Mrs', 'Nneka', '', '4 Nyokuru Street, Rumuogba Estate', '', 'Port Harcourt', '', 'Nigeria', 156, 'Rivers', 2420, '', 'b:0;', 'Bank Transfer', 'bank_transfer', 'Mrs', 'Nneka', '', '4 Nyokuru Street, Rumuogba Estate', '', 'Port Harcourt', '', 'Nigeria', 156, 'Rivers', 2420, '', 'b:0;', 'Pickup From Store', 'pickup.pickup', '', 19350.0000, 1, 0, 0.0000, 0, '', 1, 4, 'NGN', 1.00000000, '197.210.24.156', '', 'Mozilla/5.0 (Windows NT 10.0; Win64; x64) AppleWebKit/537.36 (KHTML, like Gecko) Chrome/56.0.2924.87 Safari/537.36', 'en-US,en;q=0.8', '2017-06-19 07:13:44', '2017-06-19 07:21:29', ''),
(113, 0, 'INV-2015-00', 0, 'Gravity &amp; Lifestyle', 'http://www.gravity-lifestyle.com/', 39, 1, 'Data', 'Akpan', 'datakpan@gmail.com', '08034516311', '', 'b:0;', 'Data', 'Akpan', 'Approved entry.com', '13 Favoured Lane, Clobek Crown Estate', 'Voice of Nigeria Road', 'Abuja', '234', 'Nigeria', 156, 'Abuja Federal Capital Territory', 2389, '', 'b:0;', 'Bank Transfer', 'bank_transfer', 'Data', 'Akpan', 'Approved entry.com', '13 Favoured Lane, Clobek Crown Estate', 'Voice of Nigeria Road', 'Abuja', '234', 'Nigeria', 156, 'Abuja Federal Capital Territory', 2389, '', 'b:0;', 'Standard Shipping (North Central)', 'weight_volume_based.weight_volume_based_0', '', 20800.0000, 1, 0, 0.0000, 0, '', 1, 4, 'NGN', 1.00000000, '160.152.3.100', '', 'Mozilla/5.0 (iPhone; CPU iPhone OS 10_3_2 like Mac OS X) AppleWebKit/603.2.4 (KHTML, like Gecko) Version/10.0 Mobile/14F89 Safari/602.1', 'en-us', '2017-07-02 10:44:24', '2017-07-02 10:45:14', ''),
(114, 0, 'INV-2015-00', 0, 'Gravity &amp; Lifestyle', 'http://www.gravity-lifestyle.com/', 39, 1, 'Data', 'Akpan', 'datakpan@gmail.com', '08034516311', '', 'b:0;', 'Data', 'Akpan', 'Approved entry.com', '13 Favoured Lane, Clobek Crown Estate', 'Voice of Nigeria Road', 'Abuja', '234', 'Nigeria', 156, 'Abuja Federal Capital Territory', 2389, '', 'b:0;', 'Bank Transfer', 'bank_transfer', '', '', '', '', '', '', '', '', 0, '', 0, '', 'a:0:{}', '', '', '', 10000.0000, 0, 0, 0.0000, 0, '', 1, 4, 'NGN', 1.00000000, '160.152.3.100', '', 'Mozilla/5.0 (iPhone; CPU iPhone OS 10_3_2 like Mac OS X) AppleWebKit/603.2.4 (KHTML, like Gecko) Version/10.0 Mobile/14F89 Safari/602.1', 'en-us', '2017-07-02 12:56:36', '2017-07-02 12:56:36', ''),
(115, 0, 'INV-2015-00', 0, 'Gravity &amp; Lifestyle', 'http://www.gravity-lifestyle.com/', 39, 1, 'Data', 'Akpan', 'datakpan@gmail.com', '08034516311', '', 'b:0;', 'Data', 'Akpan', 'Approved entry.com', '13 Favoured Lane, Clobek Crown Estate', 'Voice of Nigeria Road', 'Abuja', '234', 'Nigeria', 156, 'Abuja Federal Capital Territory', 2389, '', 'b:0;', 'Bank Transfer', 'bank_transfer', '', '', '', '', '', '', '', '', 0, '', 0, '', 'a:0:{}', '', '', '', 10000.0000, 1, 0, 0.0000, 0, '', 1, 4, 'NGN', 1.00000000, '160.152.3.100', '', 'Mozilla/5.0 (iPhone; CPU iPhone OS 10_3_2 like Mac OS X) AppleWebKit/603.2.4 (KHTML, like Gecko) Version/10.0 Mobile/14F89 Safari/602.1', 'en-us', '2017-07-02 12:58:33', '2017-07-02 12:59:02', ''),
(116, 0, 'INV-2015-00', 0, 'Gravity &amp; Lifestyle', 'http://www.gravity-lifestyle.com/', 19, 1, 'Ogogome', 'Ekpecham ', 'Gogo.ekpecham@gmail.com', '08055191929', '', 'b:0;', 'Ogogome', 'Ekpecham ', '', 'Plot 6 Esther Adeleke Street', '', 'Lekki Phase 1', '00000', 'Nigeria', 156, 'Lagos', 2412, '', 'b:0;', 'Bank Transfer', 'bank_transfer', '', '', '', '', '', '', '', '', 0, '', 0, '', 'a:0:{}', '', '', '', 20000.0000, 1, 0, 0.0000, 0, '', 1, 4, 'NGN', 1.00000000, '165.225.76.116', '80.248.10.60', 'Mozilla/5.0 (Windows NT 6.1; WOW64; Trident/7.0; VISION; rv:11.0) like Gecko', 'en-US', '2017-07-07 01:52:41', '2017-07-07 01:53:07', ''),
(117, 0, 'INV-2015-00', 0, 'Gravity &amp; Lifestyle', 'http://www.gravity-lifestyle.com/', 45, 1, 'Bukola', 'Adeyemi', 'bukoladeyemi@yahoo.com', '08187215948', '', 'b:0;', 'Bukola', 'Adeyemi', 'GTBank Plc', 'Trans Amadi Industrial Layout ', '', 'Port Harcourt ', '', 'Nigeria', 156, 'Rivers', 2420, '', 'b:0;', 'Bank Transfer', 'bank_transfer', '', '', '', '', '', '', '', '', 0, '', 0, '', 'a:0:{}', '', '', '', 10000.0000, 0, 0, 0.0000, 0, '', 1, 4, 'NGN', 1.00000000, '154.120.105.214', '', 'Mozilla/5.0 (Linux; Android 6.0.1; SAMSUNG SM-G925F Build/MMB29K) AppleWebKit/537.36 (KHTML, like Gecko) SamsungBrowser/5.4 Chrome/51.0.2704.106 Mobile Safari/537.36', 'en-GB,en-US,en', '2017-07-13 00:02:12', '2017-07-13 00:02:12', ''),
(118, 0, 'INV-2015-00', 0, 'Gravity &amp; Lifestyle', 'http://www.gravity-lifestyle.com/', 39, 1, 'Data', 'Akpan', 'datakpan@gmail.com', '08034516311', '', 'b:0;', 'Data', 'Akpan', 'Approved entry.com', '13 Favoured Lane, Clobek Crown Estate', 'Voice of Nigeria Road', 'Abuja', '234', 'Nigeria', 156, 'Abuja Federal Capital Territory', 2389, '', 'b:0;', 'Bank Transfer', 'bank_transfer', '', '', '', '', '', '', '', '', 0, '', 0, '', 'a:0:{}', '', '', '', 8550.0000, 0, 0, 0.0000, 0, '', 1, 4, 'NGN', 1.00000000, '154.66.29.185', '', 'Mozilla/5.0 (iPhone; CPU iPhone OS 10_3_3 like Mac OS X) AppleWebKit/603.3.8 (KHTML, like Gecko) Version/10.0 Mobile/14G60 Safari/602.1', 'en-gb', '2017-08-07 19:30:41', '2017-08-07 19:30:41', ''),
(119, 0, 'INV-2015-00', 0, 'Gravity &amp; Lifestyle', 'http://www.gravity-lifestyle.com/', 19, 1, 'Ogogome', 'Ekpecham ', 'Gogo.ekpecham@gmail.com', '08055191929', '', 'b:0;', 'Ogogome', 'Ekpecham ', '', 'Plot 6 Esther Adeleke Street', '', 'Lekki Phase 1', '00000', 'Nigeria', 156, 'Lagos', 2412, '', 'b:0;', 'Bank Transfer', 'bank_transfer', '', '', '', '', '', '', '', '', 0, '', 0, '', 'a:0:{}', '', '', '', 20000.0000, 1, 0, 0.0000, 0, '', 1, 4, 'NGN', 1.00000000, '41.58.133.154', '', 'Mozilla/5.0 (iPhone; CPU iPhone OS 10_3_3 like Mac OS X) AppleWebKit/603.3.8 (KHTML, like Gecko) Version/10.0 Mobile/14G60 Safari/602.1', 'en-us', '2017-08-21 06:45:35', '2017-08-21 06:45:45', ''),
(120, 0, 'INV-2015-00', 0, 'Gravity &amp; Lifestyle', 'http://www.gravity-lifestyle.com/', 39, 1, 'Data', 'Akpan', 'datakpan@gmail.com', '08034516311', '', 'b:0;', 'Data', 'Akpan', 'Approved entry.com', '13 Favoured Lane, Clobek Crown Estate', 'Voice of Nigeria Road', 'Abuja', '234', 'Nigeria', 156, 'Abuja Federal Capital Territory', 2389, '', 'b:0;', 'Bank Transfer', 'bank_transfer', 'Data', 'Akpan ', '', '34 Royal Avenue', 'Off Peter Odili Road', 'Port Harcourt ', '234', 'Nigeria', 156, 'Rivers', 2420, '', 'b:0;', 'Pickup From Store', 'pickup.pickup', 'Kindly deliver product today 25th August. Thank you', 6000.0000, 1, 0, 0.0000, 0, '', 1, 4, 'NGN', 1.00000000, '160.152.0.166', '', 'Mozilla/5.0 (iPhone; CPU iPhone OS 10_3_3 like Mac OS X) AppleWebKit/603.3.8 (KHTML, like Gecko) Version/10.0 Mobile/14G60 Safari/602.1', 'en-gb', '2017-08-24 18:43:13', '2017-08-24 18:43:39', ''),
(121, 0, 'INV-2015-00', 0, 'Gravity &amp; Lifestyle', 'http://www.gravity-lifestyle.com/', 48, 1, 'Ebidisemene ', 'Totyen ', 'ebitotyen@gmail.com', '2348035519375', '', 'b:0;', 'Ebidisemene ', 'Totyen ', '', 'Flat 4, Block A, Phase 2 Ekeki Housing Estate, Ekeki ', '', 'Yenagoa ', '234', 'Nigeria', 156, 'Bayelsa', 2394, '', 'b:0;', 'Bank Transfer', 'bank_transfer', 'Ebidisemene ', 'Totyen ', '', 'Flat 4, Block A, Phase 2 Ekeki Housing Estate, Ekeki ', '', 'Yenagoa ', '234', 'Nigeria', 156, 'Bayelsa', 2394, '', 'b:0;', 'Standard Shipping (South South)', 'weight_volume_based.weight_volume_based_0', 'Shipping cost of N2,500', 27099.0000, 1, 0, 0.0000, 0, '', 1, 4, 'NGN', 1.00000000, '185.26.180.115', '197.210.227.187', 'Opera/9.80 (Android; Opera Mini/31.0.2254/73.132; U; en) Presto/2.12.423 Version/12.16', 'en', '2017-11-02 19:55:47', '2017-11-02 19:57:27', ''),
(122, 0, 'INV-2015-00', 0, 'Gravity &amp; Lifestyle', 'http://www.gravity-lifestyle.com/', 52, 1, 'Sandra ', 'Eze', 'adaanyadi@yahoo.com', '08033395555', '', 'b:0;', 'Sandra ', 'Eze', '', '6 PRINCE IBINABO CLOSE,  ROYAL Palm Estate,  Peter odili rd, ', '', 'Port Harcourt', '50001', 'Nigeria', 156, 'Rivers', 2420, '', 'b:0;', 'Cash On Delivery', 'cod', 'Sandra ', 'Eze', '', '6 PRINCE IBINABO CLOSE,  ROYAL Palm Estate,  Peter odili rd, ', '', 'Port Harcourt', '50001', 'Nigeria', 156, 'Rivers', 2420, '', 'b:0;', 'Pickup From Store', 'pickup.pickup', '', 13500.0000, 0, 0, 0.0000, 0, '', 1, 4, 'NGN', 1.00000000, '197.210.46.125', '', 'Mozilla/5.0 (Linux; Android 6.0; M6 Build/MRA58K) AppleWebKit/537.36 (KHTML, like Gecko) Chrome/63.0.3239.111 Mobile Safari/537.36', 'en-US,en;q=0.9', '2018-03-19 16:44:21', '2018-03-19 16:44:21', ''),
(123, 0, 'INV-2015-00', 0, 'Gravity &amp; Lifestyle', 'http://www.gravity-lifestyle.com/', 54, 1, 'Amama', 'Ekwere', 'edidiong.ekwere@gmail.com', '+2348025240205', '', 'b:0;', 'Amama', 'Ekwere', 'Amama Design Atelier Limited', 'Block D5, Flat 108, Crescent D, 1004 Estates, Victoria Island', '1004 Estates, Victoria Island', 'Lagos', '100221', 'Nigeria', 156, 'Lagos', 2412, '', 'b:0;', 'Bank Transfer', 'bank_transfer', '', '', '', '', '', '', '', '', 0, '', 0, '', 'a:0:{}', '', '', '', 40000.0000, 1, 0, 0.0000, 0, '', 1, 4, 'NGN', 1.00000000, '129.56.12.113', '', 'Mozilla/5.0 (Windows NT 10.0; Win64; x64) AppleWebKit/537.36 (KHTML, like Gecko) Chrome/67.0.3396.99 Safari/537.36', 'en-US,en;q=0.9', '2018-06-29 04:15:18', '2018-06-29 04:20:06', ''),
(124, 0, 'INV-2015-00', 0, 'Gravity &amp; Lifestyle', 'http://www.gravity-lifestyle.com/', 55, 1, 'Ibukunoluwa', 'Odutola', 'ferpozi2080@yahoo.co.uk', '08067526089', '', 'b:0;', 'Ibukunoluwa', 'Odutola', '', 'House GT06 RIVTAF Golf Estate', 'Phase 2', 'PORT HARCOURT', '500001', 'Nigeria', 156, 'Rivers', 2420, '', 'b:0;', 'Bank Transfer', 'bank_transfer', '', '', '', '', '', '', '', '', 0, '', 0, '', 'a:0:{}', '', '', '', 10000.0000, 1, 0, 0.0000, 0, '', 1, 4, 'NGN', 1.00000000, '160.152.11.186', '', 'Mozilla/5.0 (Macintosh; Intel Mac OS X 10_13_6) AppleWebKit/537.36 (KHTML, like Gecko) Chrome/68.0.3440.106 Safari/537.36', 'en-US,en;q=0.9', '2018-08-19 00:15:25', '2018-08-19 00:15:48', ''),
(125, 0, 'INV-2015-00', 0, 'Gravity &amp; Lifestyle', 'http://www.gravity-lifestyle.com/', 56, 1, 'Yewand', 'Bassey', 'yewandebassey@yahoo.com', '+447825349161', '', 'b:0;', 'Yewand', 'Bassey', '', '12 Fury Court ', 'Crownhill ', 'Milton Keynes ', 'Mk8 0AP ', 'Nigeria', 156, 'Akwa Ibom', 2391, '', 'b:0;', 'Bank Transfer', 'bank_transfer', '', '', '', '', '', '', '', '', 0, '', 0, '', 'a:0:{}', '', '', '', 10000.0000, 1, 0, 0.0000, 0, '', 1, 4, 'NGN', 1.00000000, '188.29.165.158', '', 'Mozilla/5.0 (iPhone; CPU iPhone OS 11_4_1 like Mac OS X) AppleWebKit/605.1.15 (KHTML, like Gecko) Version/11.0 Mobile/15E148 Safari/604.1', 'en-gb', '2018-11-19 04:26:26', '2018-11-19 04:26:52', ''),
(126, 0, 'INV-2015-00', 0, 'Gravity &amp; Lifestyle', 'http://www.gravity-lifestyle.com/', 14, 1, 'Ugochi ', 'Amah', 'yugoamah@yahoo.com', '08023013328', '', 'b:0;', 'Dr. Wendy', 'Amah', 'Garet Eye Clinic', '61a aba road, beside craft centre bus stop', '', 'Port Harcourt ', '', 'Nigeria', 156, 'Rivers', 2420, '', 'b:0;', 'Bank Transfer', 'bank_transfer', 'Dr. Wendy', 'Amah', 'Garet Eye Clinic', '61a aba road, beside craft centre bus stop', '', 'P.H', '', 'Nigeria', 156, 'Rivers', 2420, '', 'b:0;', 'Pickup From Store', 'pickup.pickup', 'It will be delivered to my sister in law. I will do a bank transfer ', 9799.0000, 1, 0, 0.0000, 0, '', 1, 4, 'NGN', 1.00000000, '168.253.116.196', '', 'Mozilla/5.0 (iPhone; CPU iPhone OS 12_1_2 like Mac OS X) AppleWebKit/605.1.15 (KHTML, like Gecko) Version/12.0 Mobile/15E148 Safari/604.1', 'en-us', '2019-02-05 14:18:50', '2019-02-05 14:19:42', ''),
(127, 0, 'INV-2015-00', 0, 'Gravity &amp; Lifestyle', 'http://www.gravity-lifestyle.com/', 70, 1, 'Lily ', 'Star ', 'saadayre@gmail.com', '09090076550', '', 'b:0;', 'Sarah ', 'Tamunowari ', 'Zenith bank plc ', 'Plot 175 aba Road GRA bus stop phc', '', 'Port Harcourt ', '234', 'Nigeria', 156, 'Rivers', 2420, '', 'b:0;', 'Zenith GlobalPay (Interswitch, Verve, MasterCard, VISA)', 'zglobalpay', '', '', '', '', '', '', '', '', 0, '', 0, '', 'a:0:{}', '', '', '', 20000.0000, 0, 0, 0.0000, 0, '', 1, 4, 'NGN', 1.00000000, '66.249.93.63', '41.190.30.101', 'Mozilla/5.0 (Linux; Android 9; SM-A505F) AppleWebKit/537.36 (KHTML, like Gecko) Chrome/78.0.3904.108 Mobile Safari/537.36', 'en-GB,en-US;q=0.9,en;q=0.8', '2019-12-11 09:25:34', '2019-12-11 09:25:34', '12714293221115515');

-- --------------------------------------------------------

--
-- Table structure for table `oc_order_custom_field`
--

CREATE TABLE `oc_order_custom_field` (
  `order_custom_field_id` int(11) NOT NULL,
  `order_id` int(11) NOT NULL,
  `custom_field_id` int(11) NOT NULL,
  `custom_field_value_id` int(11) NOT NULL,
  `name` varchar(255) NOT NULL,
  `value` text NOT NULL,
  `type` varchar(32) NOT NULL,
  `location` varchar(16) NOT NULL
) ENGINE=MyISAM DEFAULT CHARSET=utf8;

-- --------------------------------------------------------

--
-- Table structure for table `oc_order_history`
--

CREATE TABLE `oc_order_history` (
  `order_history_id` int(11) NOT NULL,
  `order_id` int(11) NOT NULL,
  `order_status_id` int(11) NOT NULL,
  `notify` tinyint(1) NOT NULL DEFAULT 0,
  `comment` text NOT NULL,
  `date_added` datetime NOT NULL
) ENGINE=MyISAM DEFAULT CHARSET=utf8;

--
-- Dumping data for table `oc_order_history`
--

INSERT INTO `oc_order_history` (`order_history_id`, `order_id`, `order_status_id`, `notify`, `comment`, `date_added`) VALUES
(78, 48, 10, 0, 'Thank you for shopping with us. However, the Transaction is <b>PENDING</b>.\n							<br/><br />\n							<b>Name:</b> Stella  Nwala<br/>\n							<b>Order ID:</b> 48<br/>\n							<b>Transaction ID:</b> 4890620015983711<br/>\n							<b>Transaction Amount:</b> N3,000.00<br/>\n							<b>Transaction Status:</b> Pending - Transaction Error<br />\n							<b>Transaction Channel:</b> interswitch', '2016-09-07 09:58:27'),
(77, 47, 10, 0, 'Thank you for shopping with us. However, the Transaction is <b>PENDING</b>.\n							<br/><br />\n							<b>Name:</b> Oluchi Afurobi<br/>\n							<b>Order ID:</b> 47<br/>\n							<b>Transaction ID:</b> 4706531075060529<br/>\n							<b>Transaction Amount:</b> N31,600.00<br/>\n							<b>Transaction Status:</b> Pending - Transaction Error<br />\n							<b>Transaction Channel:</b> interswitch', '2016-09-07 05:58:03'),
(76, 46, 1, 1, 'Bank Transfer Instructions\n\nBANK TRANSFER TO GRAVITY &amp; LIFESTYLE PLUS LIMITED \r\n\r\nBANK: ZENITH BANK PLC\r\nACCOUNT NAME: GRAVITY &amp; LIFESTYLE PLUS LIMITED\r\nACCOUNT NUMBER: 1014347071\r\nACCOUNT TYPE: CORPORATE CURRENT A/C\r\nBRANCH: Rumuibekwe, Port Harcourt, Rivers State, Nigeria\n\nYour order will not ship until we receive payment.', '2016-09-06 05:22:57'),
(75, 45, 5, 0, 'Thank you for shopping with us. Your Transaction was <b>SUCCESSFUL</b>.\n							<br/><br/>\n							<b>Name:</b> Ugochi  Amah<br/>\n							<b>Order ID:</b> 45<br/>\n							<b>Transaction ID:</b> 4560313394805042<br/>\n							<b>Transaction Amount:</b> N11,600.00<br/>\n							<b>Transaction Status:</b> Successful - Approved or completed successfully<br />\n							<b>Transaction Channel:</b> interswitch', '2016-09-05 04:36:14'),
(72, 41, 1, 1, 'Bank Transfer Instructions\n\nBANK TRANSFER TO GRAVITY &amp; LIFESTYLE PLUS LIMITED \r\n\r\nBANK: ZENITH BANK PLC\r\nACCOUNT NAME: GRAVITY &amp; LIFESTYLE PLUS LIMITED\r\nACCOUNT NUMBER: 1014347071\r\nACCOUNT TYPE: CORPORATE CURRENT A/C\r\nBRANCH: Rumuibekwe, Port Harcourt, Rivers State, Nigeria\n\nYour order will not ship until we receive payment.', '2016-09-01 11:55:34'),
(73, 42, 1, 1, 'Bank Transfer Instructions\n\nBANK TRANSFER TO GRAVITY &amp; LIFESTYLE PLUS LIMITED \r\n\r\nBANK: ZENITH BANK PLC\r\nACCOUNT NAME: GRAVITY &amp; LIFESTYLE PLUS LIMITED\r\nACCOUNT NUMBER: 1014347071\r\nACCOUNT TYPE: CORPORATE CURRENT A/C\r\nBRANCH: Rumuibekwe, Port Harcourt, Rivers State, Nigeria\n\nYour order will not ship until we receive payment.', '2016-09-05 03:10:05'),
(74, 44, 1, 1, 'Bank Transfer Instructions\n\nBANK TRANSFER TO GRAVITY &amp; LIFESTYLE PLUS LIMITED \r\n\r\nBANK: ZENITH BANK PLC\r\nACCOUNT NAME: GRAVITY &amp; LIFESTYLE PLUS LIMITED\r\nACCOUNT NUMBER: 1014347071\r\nACCOUNT TYPE: CORPORATE CURRENT A/C\r\nBRANCH: Rumuibekwe, Port Harcourt, Rivers State, Nigeria\n\nYour order will not ship until we receive payment.', '2016-09-05 04:26:39'),
(65, 29, 10, 0, 'Thank you for shopping with us. However, the Transaction is <b>PENDING</b>.\n							<br/><br />\n							<b>Name:</b> Stella  Nwala<br/>\n							<b>Order ID:</b> 29<br/>\n							<b>Transaction ID:</b> 2941615077506180<br/>\n							<b>Transaction Amount:</b> N3,000.00<br/>\n							<b>Transaction Status:</b> Pending - Transaction Error<br />\n							<b>Transaction Channel:</b> interswitch', '2016-05-11 07:26:38'),
(66, 32, 5, 0, 'Thank you for shopping with us. Your Transaction was <b>SUCCESSFUL</b>.\n							<br/><br/>\n							<b>Name:</b> Stella  Nwala<br/>\n							<b>Order ID:</b> 32<br/>\n							<b>Transaction ID:</b> 3221606077215319<br/>\n							<b>Transaction Amount:</b> N3,000.00<br/>\n							<b>Transaction Status:</b> Successful - Approved or completed successfully<br />\n							<b>Transaction Channel:</b> interswitch', '2016-05-11 07:31:22'),
(67, 33, 5, 0, 'Thank you for shopping with us. Your Transaction was <b>SUCCESSFUL</b>.\n							<br/><br/>\n							<b>Name:</b> Lucy Igwenagu<br/>\n							<b>Order ID:</b> 33<br/>\n							<b>Transaction ID:</b> 3331710700596217<br/>\n							<b>Transaction Amount:</b> N3,400.00<br/>\n							<b>Transaction Status:</b> Successful - Approved or completed successfully<br />\n							<b>Transaction Channel:</b> interswitch', '2016-07-19 11:02:13'),
(19, 16, 1, 1, 'Bank Transfer Instructions\n\nBANK TRANSFER TO GRAVITY &amp; LIFESTYLE PLUS LIMITED \r\n\r\nBANK: ZENITH BANK PLC\r\nACCOUNT NAME: GRAVITY &amp; LIFESTYLE PLUS LIMITED\r\nACCOUNT NUMBER: 1014347071\r\nACCOUNT TYPE: CORPORATE CURRENT A/C\r\nBRANCH: Rumuibekwe, Port Harcourt, Rivers State, Nigeria\n\nYour order will not ship until we receive payment.', '2015-11-03 10:24:34'),
(20, 16, 0, 0, '', '2015-11-06 09:31:53'),
(21, 16, 5, 0, '', '2015-11-06 09:31:53'),
(22, 16, 0, 0, '', '2015-11-06 09:32:01'),
(23, 16, 5, 0, '', '2015-11-06 09:32:01'),
(24, 16, 0, 0, '', '2015-11-06 09:32:14'),
(25, 16, 5, 0, '', '2015-11-06 09:32:14'),
(26, 16, 0, 0, '', '2015-11-06 09:32:26'),
(27, 16, 5, 0, '', '2015-11-06 09:32:26'),
(30, 21, 1, 0, '', '2015-12-22 00:30:44'),
(31, 21, 15, 1, 'Thanks for your patronage!', '2015-12-22 05:23:40'),
(32, 21, 15, 1, 'Thanks for your patronage!', '2015-12-22 05:23:49'),
(33, 21, 15, 1, 'Thanks for your patronage!', '2015-12-22 05:24:08'),
(34, 21, 15, 1, 'Thanks for your patronage!', '2015-12-22 05:24:47'),
(64, 29, 10, 0, 'Thank you for shopping with us. However, the Transaction is <b>PENDING</b>.\n							<br/><br />\n							<b>Name:</b> Stella  Nwala<br/>\n							<b>Order ID:</b> 29<br/>\n							<b>Transaction ID:</b> 2941615077506180<br/>\n							<b>Transaction Amount:</b> N3,000.00<br/>\n							<b>Transaction Status:</b> Pending - Transaction Error<br />\n							<b>Transaction Channel:</b> interswitch', '2016-05-11 07:21:42'),
(36, 23, 1, 0, '', '2016-01-15 05:20:27'),
(37, 23, 0, 0, '', '2016-01-15 05:33:46'),
(38, 23, 1, 0, '', '2016-01-15 05:33:46'),
(39, 23, 0, 0, '', '2016-01-15 05:34:29'),
(40, 23, 1, 0, '', '2016-01-15 05:34:29'),
(41, 23, 5, 1, '', '2016-01-15 05:37:17'),
(61, 21, 0, 0, '', '2016-01-23 10:17:31'),
(62, 21, 5, 0, '', '2016-01-23 10:17:31'),
(63, 27, 1, 1, 'Bank Transfer Instructions\n\nBANK TRANSFER TO GRAVITY &amp; LIFESTYLE PLUS LIMITED \r\n\r\nBANK: ZENITH BANK PLC\r\nACCOUNT NAME: GRAVITY &amp; LIFESTYLE PLUS LIMITED\r\nACCOUNT NUMBER: 1014347071\r\nACCOUNT TYPE: CORPORATE CURRENT A/C\r\nBRANCH: Rumuibekwe, Port Harcourt, Rivers State, Nigeria\n\nYour order will not ship until we receive payment.', '2016-04-01 12:48:10'),
(60, 25, 5, 0, '', '2016-01-23 10:13:08'),
(45, 25, 1, 0, '', '2016-01-15 12:23:11'),
(46, 25, 2, 1, '', '2016-01-16 08:10:50'),
(47, 26, 5, 0, 'Thank you for shopping with us. Your Transaction was <b>SUCCESSFUL</b>.\n							<br/><br/>\n							<b>Name:</b> Stella  Nwala<br/>\n							<b>Order ID:</b> 26<br/>\n							<b>Transaction ID:</b> 2663410913006223<br/>\n							<b>Transaction Amount:</b> N4,000.00<br/>\n							<b>Transaction Status:</b> Successful - Approved or completed successfully<br />\n							<b>Transaction Channel:</b> interswitch', '2016-01-20 03:39:49'),
(48, 26, 5, 0, 'Thank you for shopping with us. Your Transaction was <b>SUCCESSFUL</b>.\n							<br/><br/>\n							<b>Name:</b> Stella  Nwala<br/>\n							<b>Order ID:</b> 26<br/>\n							<b>Transaction ID:</b> 2663410913006223<br/>\n							<b>Transaction Amount:</b> N4,000.00<br/>\n							<b>Transaction Status:</b> Successful - Approved or completed successfully<br />\n							<b>Transaction Channel:</b> interswitch', '2016-01-20 03:40:05'),
(59, 25, 0, 0, '', '2016-01-23 10:13:07'),
(79, 49, 5, 0, 'Thank you for shopping with us. Your Transaction was <b>SUCCESSFUL</b>.\n							<br/><br/>\n							<b>Name:</b> Stella  Nwala<br/>\n							<b>Order ID:</b> 49<br/>\n							<b>Transaction ID:</b> 4991202716001158<br/>\n							<b>Transaction Amount:</b> N3,000.00<br/>\n							<b>Transaction Status:</b> Successful - Approved or completed successfully<br />\n							<b>Transaction Channel:</b> interswitch', '2016-09-07 10:56:01'),
(80, 51, 1, 1, 'Bank Transfer Instructions\n\nBANK TRANSFER TO GRAVITY &amp; LIFESTYLE PLUS LIMITED \r\n\r\nBANK: ZENITH BANK PLC\r\nACCOUNT NAME: GRAVITY &amp; LIFESTYLE PLUS LIMITED\r\nACCOUNT NUMBER: 1014347071\r\nACCOUNT TYPE: CORPORATE CURRENT A/C\r\nBRANCH: Rumuibekwe, Port Harcourt, Rivers State, Nigeria\n\nYour order will not ship until we receive payment.', '2016-09-10 01:23:25'),
(81, 57, 10, 0, 'Thank you for shopping with us. However, the Transaction was <b>UNSUCCESSFUL</b>.\n							<br/><br />\n							<b>Name:</b> yetunde sonoiki<br/>\n							<b>Order ID:</b> 57<br/>\n							<b>Transaction ID:</b> 5727169349004814<br/>\n							<b>Transaction Amount:</b> N3,000.00<br/>\n							<b>Transaction Status:</b> Failed - 3D Secure Authentication failed - The card holder was not authorised. This is used in 3-D Secure Authentication.<br />\n							<b>Transaction Channel:</b> mastercard', '2016-09-29 07:56:41'),
(82, 57, 10, 0, 'Thank you for shopping with us. However, the Transaction was <b>UNSUCCESSFUL</b>.\n							<br/><br />\n							<b>Name:</b> yetunde sonoiki<br/>\n							<b>Order ID:</b> 57<br/>\n							<b>Transaction ID:</b> 5727169349004814<br/>\n							<b>Transaction Amount:</b> N3,000.00<br/>\n							<b>Transaction Status:</b> Failed - 3D Secure Authentication failed - The card holder was not authorised. This is used in 3-D Secure Authentication.<br />\n							<b>Transaction Channel:</b> mastercard', '2016-09-29 07:56:56'),
(83, 58, 1, 1, 'Bank Transfer Instructions\n\nBANK TRANSFER TO GRAVITY &amp; LIFESTYLE PLUS LIMITED \r\n\r\nBANK: ZENITH BANK PLC\r\nACCOUNT NAME: GRAVITY &amp; LIFESTYLE PLUS LIMITED\r\nACCOUNT NUMBER: 1014347071\r\nACCOUNT TYPE: CORPORATE CURRENT A/C\r\nBRANCH: Rumuibekwe, Port Harcourt, Rivers State, Nigeria\n\nYour order will not ship until we receive payment.', '2016-09-29 14:42:42'),
(84, 59, 1, 1, 'Bank Transfer Instructions\n\nBANK TRANSFER TO GRAVITY &amp; LIFESTYLE PLUS LIMITED \r\n\r\nBANK: ZENITH BANK PLC\r\nACCOUNT NAME: GRAVITY &amp; LIFESTYLE PLUS LIMITED\r\nACCOUNT NUMBER: 1014347071\r\nACCOUNT TYPE: CORPORATE CURRENT A/C\r\nBRANCH: Rumuibekwe, Port Harcourt, Rivers State, Nigeria\n\nYour order will not ship until we receive payment.', '2016-09-29 16:02:32'),
(85, 61, 1, 1, 'Bank Transfer Instructions\n\nBANK TRANSFER TO GRAVITY &amp; LIFESTYLE PLUS LIMITED \r\n\r\nBANK: ZENITH BANK PLC\r\nACCOUNT NAME: GRAVITY &amp; LIFESTYLE PLUS LIMITED\r\nACCOUNT NUMBER: 1014347071\r\nACCOUNT TYPE: CORPORATE CURRENT A/C\r\nBRANCH: Rumuibekwe, Port Harcourt, Rivers State, Nigeria\n\nYour order will not ship until we receive payment.', '2016-10-11 07:51:27'),
(86, 62, 1, 1, 'Bank Transfer Instructions\n\nBANK TRANSFER TO GRAVITY &amp; LIFESTYLE PLUS LIMITED \r\n\r\nBANK: ZENITH BANK PLC\r\nACCOUNT NAME: GRAVITY &amp; LIFESTYLE PLUS LIMITED\r\nACCOUNT NUMBER: 1014347071\r\nACCOUNT TYPE: CORPORATE CURRENT A/C\r\nBRANCH: Rumuibekwe, Port Harcourt, Rivers State, Nigeria\n\nYour order will not ship until we receive payment.', '2016-10-14 22:26:22'),
(87, 63, 1, 1, 'Bank Transfer Instructions\n\nBANK TRANSFER TO GRAVITY &amp; LIFESTYLE PLUS LIMITED \r\n\r\nBANK: ZENITH BANK PLC\r\nACCOUNT NAME: GRAVITY &amp; LIFESTYLE PLUS LIMITED\r\nACCOUNT NUMBER: 1014347071\r\nACCOUNT TYPE: CORPORATE CURRENT A/C\r\nBRANCH: Rumuibekwe, Port Harcourt, Rivers State, Nigeria\n\nYour order will not ship until we receive payment.', '2016-10-18 00:17:46'),
(88, 68, 1, 1, 'Bank Transfer Instructions\n\nBANK TRANSFER TO GRAVITY &amp; LIFESTYLE PLUS LIMITED \r\n\r\nBANK: ZENITH BANK PLC\r\nACCOUNT NAME: GRAVITY &amp; LIFESTYLE PLUS LIMITED\r\nACCOUNT NUMBER: 1014347071\r\nACCOUNT TYPE: CORPORATE CURRENT A/C\r\nBRANCH: Rumuibekwe, Port Harcourt, Rivers State, Nigeria\n\nYour order will not ship until we receive payment.', '2016-11-02 06:32:19'),
(89, 71, 1, 1, 'Bank Transfer Instructions\n\nBANK TRANSFER TO GRAVITY &amp; LIFESTYLE PLUS LIMITED \r\n\r\nBANK: ZENITH BANK PLC\r\nACCOUNT NAME: GRAVITY &amp; LIFESTYLE PLUS LIMITED\r\nACCOUNT NUMBER: 1014347071\r\nACCOUNT TYPE: CORPORATE CURRENT A/C\r\nBRANCH: Rumuibekwe, Port Harcourt, Rivers State, Nigeria\n\nYour order will not ship until we receive payment.', '2016-11-14 13:57:11'),
(90, 72, 5, 0, 'Thank you for shopping with us. Your Transaction was <b>SUCCESSFUL</b>.\n							<br/><br/>\n							<b>Name:</b> Susan Oranye <br/>\n							<b>Order ID:</b> 72<br/>\n							<b>Transaction ID:</b> 7241124191193226<br/>\n							<b>Transaction Amount:</b> N20,000.00<br/>\n							<b>Transaction Status:</b> Successful - Approved Successful<br />\n							<b>Transaction Channel:</b> interswitch', '2016-11-23 11:55:22'),
(91, 72, 5, 0, 'Thank you for shopping with us. Your Transaction was <b>SUCCESSFUL</b>.\n							<br/><br/>\n							<b>Name:</b> Susan Oranye <br/>\n							<b>Order ID:</b> 72<br/>\n							<b>Transaction ID:</b> 7241124191193226<br/>\n							<b>Transaction Amount:</b> N20,000.00<br/>\n							<b>Transaction Status:</b> Successful - Approved Successful<br />\n							<b>Transaction Channel:</b> interswitch', '2016-11-23 11:56:45'),
(92, 73, 1, 1, 'Bank Transfer Instructions\n\nBANK TRANSFER TO GRAVITY &amp; LIFESTYLE PLUS LIMITED \r\n\r\nBANK: ZENITH BANK PLC\r\nACCOUNT NAME: GRAVITY &amp; LIFESTYLE PLUS LIMITED\r\nACCOUNT NUMBER: 1014347071\r\nACCOUNT TYPE: CORPORATE CURRENT A/C\r\nBRANCH: Rumuibekwe, Port Harcourt, Rivers State, Nigeria\n\nYour order will not ship until we receive payment.', '2016-11-25 23:57:06'),
(93, 76, 1, 1, 'Bank Transfer Instructions\n\nBANK TRANSFER TO GRAVITY &amp; LIFESTYLE PLUS LIMITED \r\n\r\nBANK: ZENITH BANK PLC\r\nACCOUNT NAME: GRAVITY &amp; LIFESTYLE PLUS LIMITED\r\nACCOUNT NUMBER: 1014347071\r\nACCOUNT TYPE: CORPORATE CURRENT A/C\r\nBRANCH: Rumuibekwe, Port Harcourt, Rivers State, Nigeria\n\nYour order will not ship until we receive payment.', '2016-11-28 03:22:57'),
(94, 80, 1, 1, 'Bank Transfer Instructions\n\nBANK TRANSFER TO GRAVITY &amp; LIFESTYLE PLUS LIMITED \r\n\r\nBANK: ZENITH BANK PLC\r\nACCOUNT NAME: GRAVITY &amp; LIFESTYLE PLUS LIMITED\r\nACCOUNT NUMBER: 1014347071\r\nACCOUNT TYPE: CORPORATE CURRENT A/C\r\nBRANCH: Rumuibekwe, Port Harcourt, Rivers State, Nigeria\n\nYour order will not ship until we receive payment.', '2016-12-05 15:44:39'),
(95, 81, 1, 1, 'Bank Transfer Instructions\n\nBANK TRANSFER TO GRAVITY &amp; LIFESTYLE PLUS LIMITED \r\n\r\nBANK: ZENITH BANK PLC\r\nACCOUNT NAME: GRAVITY &amp; LIFESTYLE PLUS LIMITED\r\nACCOUNT NUMBER: 1014347071\r\nACCOUNT TYPE: CORPORATE CURRENT A/C\r\nBRANCH: Rumuibekwe, Port Harcourt, Rivers State, Nigeria\n\nYour order will not ship until we receive payment.', '2016-12-31 08:14:04'),
(96, 82, 1, 1, 'Bank Transfer Instructions\n\nBANK TRANSFER TO GRAVITY &amp; LIFESTYLE PLUS LIMITED \r\n\r\nBANK: ZENITH BANK PLC\r\nACCOUNT NAME: GRAVITY &amp; LIFESTYLE PLUS LIMITED\r\nACCOUNT NUMBER: 1014347071\r\nACCOUNT TYPE: CORPORATE CURRENT A/C\r\nBRANCH: Rumuibekwe, Port Harcourt, Rivers State, Nigeria\n\nYour order will not ship until we receive payment.', '2017-01-02 03:45:39'),
(97, 84, 1, 1, 'Bank Transfer Instructions\n\nBANK TRANSFER TO GRAVITY &amp; LIFESTYLE PLUS LIMITED \r\n\r\nBANK: ZENITH BANK PLC\r\nACCOUNT NAME: GRAVITY &amp; LIFESTYLE PLUS LIMITED\r\nACCOUNT NUMBER: 1014347071\r\nACCOUNT TYPE: CORPORATE CURRENT A/C\r\nBRANCH: Rumuibekwe, Port Harcourt, Rivers State, Nigeria\n\nYour order will not ship until we receive payment.', '2017-01-05 07:53:57'),
(98, 85, 1, 1, 'Bank Transfer Instructions\n\nBANK TRANSFER TO GRAVITY &amp; LIFESTYLE PLUS LIMITED \r\n\r\nBANK: ZENITH BANK PLC\r\nACCOUNT NAME: GRAVITY &amp; LIFESTYLE PLUS LIMITED\r\nACCOUNT NUMBER: 1014347071\r\nACCOUNT TYPE: CORPORATE CURRENT A/C\r\nBRANCH: Rumuibekwe, Port Harcourt, Rivers State, Nigeria\n\nYour order will not ship until we receive payment.', '2017-01-10 03:40:02'),
(99, 86, 1, 1, 'Bank Transfer Instructions\n\nBANK TRANSFER TO GRAVITY &amp; LIFESTYLE PLUS LIMITED \r\n\r\nBANK: ZENITH BANK PLC\r\nACCOUNT NAME: GRAVITY &amp; LIFESTYLE PLUS LIMITED\r\nACCOUNT NUMBER: 1014347071\r\nACCOUNT TYPE: CORPORATE CURRENT A/C\r\nBRANCH: Rumuibekwe, Port Harcourt, Rivers State, Nigeria\n\nYour order will not ship until we receive payment.', '2017-01-30 15:10:06'),
(101, 88, 1, 1, 'Bank Transfer Instructions\n\nBANK TRANSFER TO GRAVITY &amp; LIFESTYLE PLUS LIMITED \r\n\r\nBANK: ZENITH BANK PLC\r\nACCOUNT NAME: GRAVITY &amp; LIFESTYLE PLUS LIMITED\r\nACCOUNT NUMBER: 1014347071\r\nACCOUNT TYPE: CORPORATE CURRENT A/C\r\nBRANCH: Rumuibekwe, Port Harcourt, Rivers State, Nigeria\n\nYour order will not ship until we receive payment.', '2017-02-09 08:50:36'),
(102, 90, 1, 1, 'Bank Transfer Instructions\n\nBANK TRANSFER TO GRAVITY &amp; LIFESTYLE PLUS LIMITED \r\n\r\nBANK: ZENITH BANK PLC\r\nACCOUNT NAME: GRAVITY &amp; LIFESTYLE PLUS LIMITED\r\nACCOUNT NUMBER: 1014347071\r\nACCOUNT TYPE: CORPORATE CURRENT A/C\r\nBRANCH: Rumuibekwe, Port Harcourt, Rivers State, Nigeria\n\nYour order will not ship until we receive payment.', '2017-02-13 23:06:36'),
(103, 94, 1, 1, 'Bank Transfer Instructions\n\nBANK TRANSFER TO GRAVITY &amp; LIFESTYLE PLUS LIMITED \r\n\r\nBANK: ZENITH BANK PLC\r\nACCOUNT NAME: GRAVITY &amp; LIFESTYLE PLUS LIMITED\r\nACCOUNT NUMBER: 1014347071\r\nACCOUNT TYPE: CORPORATE CURRENT A/C\r\nBRANCH: Rumuibekwe, Port Harcourt, Rivers State, Nigeria\n\nYour order will not ship until we receive payment.', '2017-02-24 09:51:16'),
(104, 95, 1, 1, 'Bank Transfer Instructions\n\nBANK TRANSFER TO GRAVITY &amp; LIFESTYLE PLUS LIMITED \r\n\r\nBANK: ZENITH BANK PLC\r\nACCOUNT NAME: GRAVITY &amp; LIFESTYLE PLUS LIMITED\r\nACCOUNT NUMBER: 1014347071\r\nACCOUNT TYPE: CORPORATE CURRENT A/C\r\nBRANCH: Rumuibekwe, Port Harcourt, Rivers State, Nigeria\n\nYour order will not ship until we receive payment.', '2017-03-11 00:36:25'),
(105, 98, 1, 1, 'Bank Transfer Instructions\n\nBANK TRANSFER TO GRAVITY &amp; LIFESTYLE PLUS LIMITED \r\n\r\nBANK: ZENITH BANK PLC\r\nACCOUNT NAME: GRAVITY &amp; LIFESTYLE PLUS LIMITED\r\nACCOUNT NUMBER: 1014347071\r\nACCOUNT TYPE: CORPORATE CURRENT A/C\r\nBRANCH: Rumuibekwe, Port Harcourt, Rivers State, Nigeria\n\nYour order will not ship until we receive payment.', '2017-03-21 14:01:33'),
(106, 98, 0, 0, '', '2017-03-23 07:56:57'),
(107, 98, 5, 0, '', '2017-03-23 07:56:57'),
(108, 98, 0, 0, '', '2017-03-23 07:57:27'),
(109, 98, 5, 0, '', '2017-03-23 07:57:27'),
(110, 98, 0, 0, '', '2017-03-23 07:57:53'),
(111, 98, 5, 0, '', '2017-03-23 07:57:53'),
(112, 95, 0, 0, '', '2017-03-23 08:05:06'),
(113, 95, 5, 0, '', '2017-03-23 08:05:06'),
(114, 94, 0, 0, '', '2017-03-23 08:10:22'),
(115, 94, 5, 0, '', '2017-03-23 08:10:22'),
(116, 90, 0, 0, '', '2017-03-23 08:12:08'),
(117, 90, 5, 0, '', '2017-03-23 08:12:08'),
(118, 88, 0, 0, '', '2017-03-23 08:13:30'),
(119, 88, 5, 0, '', '2017-03-23 08:13:30'),
(121, 99, 1, 1, 'Bank Transfer Instructions\n\nBANK TRANSFER TO GRAVITY &amp; LIFESTYLE PLUS LIMITED \r\n\r\nBANK: ZENITH BANK PLC\r\nACCOUNT NAME: GRAVITY &amp; LIFESTYLE PLUS LIMITED\r\nACCOUNT NUMBER: 1014347071\r\nACCOUNT TYPE: CORPORATE CURRENT A/C\r\nBRANCH: Rumuibekwe, Port Harcourt, Rivers State, Nigeria\n\nYour order will not ship until we receive payment.', '2017-04-04 14:15:41'),
(122, 100, 1, 1, 'Bank Transfer Instructions\n\nBANK TRANSFER TO GRAVITY &amp; LIFESTYLE PLUS LIMITED \r\n\r\nBANK: ZENITH BANK PLC\r\nACCOUNT NAME: GRAVITY &amp; LIFESTYLE PLUS LIMITED\r\nACCOUNT NUMBER: 1014347071\r\nACCOUNT TYPE: CORPORATE CURRENT A/C\r\nBRANCH: Rumuibekwe, Port Harcourt, Rivers State, Nigeria\n\nYour order will not ship until we receive payment.', '2017-04-09 15:12:11'),
(123, 101, 1, 1, 'Bank Transfer Instructions\n\nBANK TRANSFER TO GRAVITY &amp; LIFESTYLE PLUS LIMITED \r\n\r\nBANK: ZENITH BANK PLC\r\nACCOUNT NAME: GRAVITY &amp; LIFESTYLE PLUS LIMITED\r\nACCOUNT NUMBER: 1014347071\r\nACCOUNT TYPE: CORPORATE CURRENT A/C\r\nBRANCH: Rumuibekwe, Port Harcourt, Rivers State, Nigeria\n\nYour order will not ship until we receive payment.', '2017-04-20 16:26:37'),
(124, 102, 1, 1, 'Bank Transfer Instructions\n\nBANK TRANSFER TO GRAVITY &amp; LIFESTYLE PLUS LIMITED \r\n\r\nBANK: ZENITH BANK PLC\r\nACCOUNT NAME: GRAVITY &amp; LIFESTYLE PLUS LIMITED\r\nACCOUNT NUMBER: 1014347071\r\nACCOUNT TYPE: CORPORATE CURRENT A/C\r\nBRANCH: Rumuibekwe, Port Harcourt, Rivers State, Nigeria\n\nYour order will not ship until we receive payment.', '2017-05-02 06:31:57'),
(125, 103, 1, 1, 'Bank Transfer Instructions\n\nBANK TRANSFER TO GRAVITY &amp; LIFESTYLE PLUS LIMITED \r\n\r\nBANK: ZENITH BANK PLC\r\nACCOUNT NAME: GRAVITY &amp; LIFESTYLE PLUS LIMITED\r\nACCOUNT NUMBER: 1014347071\r\nACCOUNT TYPE: CORPORATE CURRENT A/C\r\nBRANCH: Rumuibekwe, Port Harcourt, Rivers State, Nigeria\n\nYour order will not ship until we receive payment.', '2017-05-04 08:13:11'),
(126, 104, 1, 1, 'Bank Transfer Instructions\n\nBANK TRANSFER TO GRAVITY &amp; LIFESTYLE PLUS LIMITED \r\n\r\nBANK: ZENITH BANK PLC\r\nACCOUNT NAME: GRAVITY &amp; LIFESTYLE PLUS LIMITED\r\nACCOUNT NUMBER: 1014347071\r\nACCOUNT TYPE: CORPORATE CURRENT A/C\r\nBRANCH: Rumuibekwe, Port Harcourt, Rivers State, Nigeria\n\nYour order will not ship until we receive payment.', '2017-05-04 08:20:31'),
(127, 106, 5, 0, 'Thank you for shopping with us. Your Transaction was <b>SUCCESSFUL</b>.\n							<br/><br/>\n							<b>Name:</b> BOLANLE SHOBOWALE<br/>\n							<b>Order ID:</b> 106<br/>\n							<b>Transaction ID:</b> 10657401830056978<br/>\n							<b>Transaction Amount:</b> N20,000.00<br/>\n							<b>Transaction Status:</b> Successful - Approved Successful<br />\n							<b>Transaction Channel:</b> interswitch', '2017-05-05 09:41:28'),
(128, 110, 1, 1, 'Bank Transfer Instructions\n\nBANK TRANSFER TO GRAVITY &amp; LIFESTYLE PLUS LIMITED \r\n\r\nBANK: GUARANTEE TRUST BANK\r\nACCOUNT NAME: GRAVITY &amp; LIFESTYLE PLUS LIMITED\r\nACCOUNT NUMBER: 0232677747\r\nACCOUNT TYPE: CORPORATE CURRENT A/C\r\n\n\nYour order will not ship until we receive payment.', '2017-06-05 09:13:52'),
(129, 112, 1, 1, 'Bank Transfer Instructions\n\nBANK TRANSFER TO GRAVITY &amp; LIFESTYLE PLUS LIMITED \r\n\r\nBANK: GUARANTEE TRUST BANK\r\nACCOUNT NAME: GRAVITY &amp; LIFESTYLE PLUS LIMITED\r\nACCOUNT NUMBER: 0232677747\r\nACCOUNT TYPE: CORPORATE CURRENT A/C\r\n\n\nYour order will not ship until we receive payment.', '2017-06-19 07:21:29'),
(130, 113, 1, 1, 'Bank Transfer Instructions\n\nBANK TRANSFER TO GRAVITY &amp; LIFESTYLE PLUS LIMITED \r\n\r\nBANK: GUARANTEE TRUST BANK\r\nACCOUNT NAME: GRAVITY &amp; LIFESTYLE PLUS LIMITED\r\nACCOUNT NUMBER: 0232677747\r\nACCOUNT TYPE: CORPORATE CURRENT A/C\r\n\n\nYour order will not ship until we receive payment.', '2017-07-02 10:45:14'),
(131, 115, 1, 1, 'Bank Transfer Instructions\n\nBANK TRANSFER TO GRAVITY &amp; LIFESTYLE PLUS LIMITED \r\n\r\nBANK: GUARANTEE TRUST BANK\r\nACCOUNT NAME: GRAVITY &amp; LIFESTYLE PLUS LIMITED\r\nACCOUNT NUMBER: 0232677747\r\nACCOUNT TYPE: CORPORATE CURRENT A/C\r\n\n\nYour order will not ship until we receive payment.', '2017-07-02 12:59:02'),
(132, 116, 1, 1, 'Bank Transfer Instructions\n\nBANK TRANSFER TO GRAVITY &amp; LIFESTYLE PLUS LIMITED \r\n\r\nBANK: GUARANTEE TRUST BANK\r\nACCOUNT NAME: GRAVITY &amp; LIFESTYLE PLUS LIMITED\r\nACCOUNT NUMBER: 0232677747\r\nACCOUNT TYPE: CORPORATE CURRENT A/C\r\n\n\nYour order will not ship until we receive payment.', '2017-07-07 01:53:07'),
(133, 119, 1, 1, 'Bank Transfer Instructions\n\nBANK TRANSFER TO GRAVITY &amp; LIFESTYLE PLUS LIMITED \r\n\r\nBANK: GUARANTEE TRUST BANK\r\nACCOUNT NAME: GRAVITY &amp; LIFESTYLE PLUS LIMITED\r\nACCOUNT NUMBER: 0232677747\r\nACCOUNT TYPE: CORPORATE CURRENT A/C\r\n\n\nYour order will not ship until we receive payment.', '2017-08-21 06:45:45'),
(134, 120, 1, 1, 'Bank Transfer Instructions\n\nBANK TRANSFER TO GRAVITY &amp; LIFESTYLE PLUS LIMITED \r\n\r\nBANK: GUARANTEE TRUST BANK\r\nACCOUNT NAME: GRAVITY &amp; LIFESTYLE PLUS LIMITED\r\nACCOUNT NUMBER: 0232677747\r\nACCOUNT TYPE: CORPORATE CURRENT A/C\r\n\n\nYour order will not ship until we receive payment.', '2017-08-24 18:43:39'),
(135, 121, 1, 1, 'Bank Transfer Instructions\n\nBANK TRANSFER TO GRAVITY &amp; LIFESTYLE PLUS LIMITED \r\n\r\nBANK: GUARANTEE TRUST BANK\r\nACCOUNT NAME: GRAVITY &amp; LIFESTYLE PLUS LIMITED\r\nACCOUNT NUMBER: 0232677747\r\nACCOUNT TYPE: CORPORATE CURRENT A/C\r\n\n\nYour order will not ship until we receive payment.', '2017-11-02 19:57:27'),
(136, 123, 1, 1, 'Bank Transfer Instructions\n\nBANK TRANSFER TO GRAVITY &amp; LIFESTYLE PLUS LIMITED \r\n\r\nBANK: GUARANTEE TRUST BANK\r\nACCOUNT NAME: GRAVITY &amp; LIFESTYLE PLUS LIMITED\r\nACCOUNT NUMBER: 0232677747\r\nACCOUNT TYPE: CORPORATE CURRENT A/C\r\n\n\nYour order will not ship until we receive payment.', '2018-06-29 04:20:06'),
(137, 124, 1, 1, 'Bank Transfer Instructions\n\nBANK TRANSFER TO GRAVITY &amp; LIFESTYLE PLUS LIMITED \r\n\r\nBANK: GUARANTEE TRUST BANK\r\nACCOUNT NAME: GRAVITY &amp; LIFESTYLE PLUS LIMITED\r\nACCOUNT NUMBER: 0232677747\r\nACCOUNT TYPE: CORPORATE CURRENT A/C\r\n\n\nYour order will not ship until we receive payment.', '2018-08-19 00:15:48'),
(138, 125, 1, 1, 'Bank Transfer Instructions\n\nBANK TRANSFER TO GRAVITY &amp; LIFESTYLE PLUS LIMITED \r\n\r\nBANK: GUARANTEE TRUST BANK\r\nACCOUNT NAME: GRAVITY &amp; LIFESTYLE PLUS LIMITED\r\nACCOUNT NUMBER: 0232677747\r\nACCOUNT TYPE: CORPORATE CURRENT A/C\r\n\n\nYour order will not ship until we receive payment.', '2018-11-19 04:26:52'),
(139, 126, 1, 1, 'Bank Transfer Instructions\n\nBANK TRANSFER TO GRAVITY &amp; LIFESTYLE PLUS LIMITED \r\n\r\nBANK: GUARANTEE TRUST BANK\r\nACCOUNT NAME: GRAVITY &amp; LIFESTYLE PLUS LIMITED\r\nACCOUNT NUMBER: 0232677747\r\nACCOUNT TYPE: CORPORATE CURRENT A/C\r\n\n\nYour order will not ship until we receive payment.', '2019-02-05 14:19:42');

-- --------------------------------------------------------

--
-- Table structure for table `oc_order_option`
--

CREATE TABLE `oc_order_option` (
  `order_option_id` int(11) NOT NULL,
  `order_id` int(11) NOT NULL,
  `order_product_id` int(11) NOT NULL,
  `product_option_id` int(11) NOT NULL,
  `product_option_value_id` int(11) NOT NULL DEFAULT 0,
  `name` varchar(255) NOT NULL,
  `value` text NOT NULL,
  `type` varchar(32) NOT NULL
) ENGINE=MyISAM DEFAULT CHARSET=utf8;

--
-- Dumping data for table `oc_order_option`
--

INSERT INTO `oc_order_option` (`order_option_id`, `order_id`, `order_product_id`, `product_option_id`, `product_option_value_id`, `name`, `value`, `type`) VALUES
(1, 17, 33, 235, 42, 'Size', 'Medium', 'radio'),
(2, 18, 34, 231, 30, 'Size', 'Medium', 'radio'),
(3, 19, 35, 231, 29, 'Size', 'Small', 'radio'),
(4, 19, 36, 234, 38, 'Size', 'Small', 'radio'),
(5, 19, 37, 230, 26, 'Size', 'Small', 'radio'),
(6, 19, 38, 228, 20, 'Size', 'Small', 'radio'),
(7, 19, 39, 229, 23, 'Size', 'Small', 'radio'),
(8, 19, 40, 236, 44, 'Size', 'Small', 'radio'),
(9, 19, 41, 227, 17, 'Size', 'Small', 'radio'),
(10, 19, 42, 232, 32, 'Size', 'Small', 'radio'),
(11, 19, 43, 235, 41, 'Size', 'Small', 'radio'),
(12, 19, 44, 233, 35, 'Size', 'Small', 'radio'),
(13, 20, 45, 231, 29, 'Size', 'Small', 'radio'),
(14, 20, 46, 234, 38, 'Size', 'Small', 'radio'),
(15, 20, 47, 230, 26, 'Size', 'Small', 'radio'),
(16, 20, 48, 228, 20, 'Size', 'Small', 'radio'),
(17, 20, 49, 229, 23, 'Size', 'Small', 'radio'),
(18, 20, 50, 236, 44, 'Size', 'Small', 'radio'),
(19, 20, 51, 227, 17, 'Size', 'Small', 'radio'),
(20, 20, 52, 232, 32, 'Size', 'Small', 'radio'),
(21, 20, 53, 235, 41, 'Size', 'Small', 'radio'),
(22, 20, 54, 233, 35, 'Size', 'Small', 'radio'),
(62, 21, 94, 233, 35, 'Size', 'Small', 'radio'),
(61, 21, 93, 235, 41, 'Size', 'Small', 'radio'),
(60, 21, 92, 232, 32, 'Size', 'Small', 'radio'),
(59, 21, 91, 227, 17, 'Size', 'Small', 'radio'),
(58, 21, 90, 236, 44, 'Size', 'Small', 'radio'),
(57, 21, 89, 229, 23, 'Size', 'Small', 'radio'),
(56, 21, 88, 228, 20, 'Size', 'Small', 'radio'),
(55, 21, 87, 230, 26, 'Size', 'Small', 'radio'),
(53, 21, 85, 231, 29, 'Size', 'Small', 'radio'),
(54, 21, 86, 234, 38, 'Size', 'Small', 'radio'),
(45, 23, 77, 227, 17, 'Size', 'Small', 'radio'),
(44, 23, 76, 235, 41, 'Size', 'Small', 'radio'),
(43, 23, 75, 236, 44, 'Size', 'Small', 'radio'),
(42, 23, 74, 232, 32, 'Size', 'Small', 'radio'),
(64, 27, 96, 229, 25, 'Size', 'Large', 'radio'),
(63, 27, 95, 236, 46, 'Size', 'Large', 'radio'),
(52, 25, 84, 229, 24, 'Size', 'Medium', 'radio'),
(51, 25, 83, 235, 42, 'Size', 'Medium', 'radio'),
(50, 26, 82, 235, 41, 'Size', 'Small', 'radio'),
(65, 27, 97, 234, 40, 'Size', 'Large', 'radio'),
(66, 27, 98, 231, 31, 'Size', 'Large', 'radio'),
(67, 27, 99, 228, 22, 'Size', 'Large', 'radio'),
(68, 27, 100, 230, 28, 'Size', 'Large', 'radio'),
(69, 28, 101, 235, 43, 'Size', 'Large', 'radio'),
(70, 29, 102, 234, 39, 'Size', 'Medium', 'radio'),
(71, 30, 103, 234, 39, 'Size', 'Medium', 'radio'),
(72, 31, 104, 234, 39, 'Size', 'Medium', 'radio'),
(73, 32, 105, 234, 39, 'Size', 'Medium', 'radio'),
(74, 33, 106, 230, 26, 'Size', 'Small', 'radio'),
(76, 38, 112, 247, 0, 'Colour', 'black', 'text'),
(77, 39, 113, 247, 0, 'Colour', 'black', 'text'),
(78, 40, 114, 247, 0, 'Colour', 'black', 'text'),
(79, 41, 115, 247, 0, 'Colour', 'Blue', 'text'),
(80, 42, 116, 229, 23, 'Size', 'Small', 'radio'),
(81, 43, 117, 247, 0, 'Colour', 'Black ', 'text'),
(82, 44, 118, 247, 0, 'Colour', 'Black ', 'text'),
(83, 45, 119, 247, 0, 'Colour', 'Black ', 'text'),
(84, 46, 120, 230, 27, 'Size', 'Medium', 'radio'),
(85, 46, 121, 244, 57, 'Size', 'Large', 'radio'),
(86, 46, 122, 236, 46, 'Size', 'Large', 'radio'),
(87, 47, 126, 247, 0, 'Colour', 'Black ', 'text'),
(88, 48, 127, 230, 26, 'Size', 'Small', 'radio'),
(89, 49, 128, 230, 26, 'Size', 'Small', 'radio'),
(90, 60, 140, 247, 0, 'Colour', 'Black', 'text'),
(91, 63, 144, 247, 0, 'Colour', 'Black', 'text'),
(92, 69, 152, 247, 0, 'Colour', 'black', 'text'),
(93, 69, 153, 234, 38, 'Size', 'Small', 'radio'),
(94, 70, 155, 247, 0, 'Colour', 'pink', 'text'),
(95, 71, 157, 247, 0, 'Colour', 'pink', 'text'),
(96, 77, 163, 233, 36, 'Size', 'Medium', 'radio'),
(97, 77, 164, 230, 27, 'Size', 'Medium', 'radio'),
(98, 77, 165, 244, 57, 'Size', 'Large', 'radio'),
(99, 77, 166, 236, 46, 'Size', 'Large', 'radio'),
(100, 78, 170, 233, 36, 'Size', 'Medium', 'radio'),
(101, 78, 171, 230, 27, 'Size', 'Medium', 'radio'),
(102, 78, 172, 244, 57, 'Size', 'Large', 'radio'),
(103, 78, 173, 236, 46, 'Size', 'Large', 'radio'),
(104, 79, 175, 233, 36, 'Size', 'Medium', 'radio'),
(105, 79, 176, 230, 27, 'Size', 'Medium', 'radio'),
(106, 79, 177, 244, 57, 'Size', 'Large', 'radio'),
(107, 79, 178, 236, 46, 'Size', 'Large', 'radio'),
(108, 81, 181, 250, 67, 'Subscriptions', 'Monthly', 'select'),
(109, 82, 182, 249, 63, 'Subscriptions', 'Monthly', 'select'),
(110, 83, 183, 230, 27, 'Size', 'Medium', 'radio'),
(111, 84, 184, 250, 67, 'Subscriptions', 'Monthly', 'select'),
(112, 85, 185, 248, 59, 'Subscriptions', 'Monthly', 'select'),
(113, 86, 186, 249, 63, 'Subscriptions', 'Monthly', 'select'),
(136, 99, 211, 250, 67, 'Subscriptions', 'Monthly', 'select'),
(135, 88, 209, 248, 59, 'Subscriptions', 'Monthly', 'select'),
(116, 89, 189, 248, 62, 'Subscriptions', 'Annually', 'select'),
(134, 90, 208, 248, 62, 'Subscriptions', 'Annually', 'select'),
(118, 91, 192, 249, 63, 'Subscriptions', 'Monthly', 'select'),
(119, 91, 193, 247, 0, 'Colour', 'Black', 'text'),
(120, 92, 194, 249, 63, 'Subscriptions', 'Monthly', 'select'),
(121, 92, 195, 247, 0, 'Colour', 'Black', 'text'),
(122, 93, 196, 249, 63, 'Subscriptions', 'Monthly', 'select'),
(123, 93, 197, 247, 0, 'Colour', 'Black', 'text'),
(133, 94, 207, 249, 63, 'Subscriptions', 'Monthly', 'select'),
(132, 95, 206, 247, 0, 'Colour', 'Black', 'text'),
(126, 96, 200, 247, 0, 'Colour', 'Black', 'text'),
(127, 97, 201, 247, 0, 'Colour', 'Black', 'text'),
(131, 98, 205, 247, 0, 'Colour', 'Black', 'text'),
(137, 100, 212, 266, 106, 'Size', 'Medium', 'radio'),
(138, 101, 213, 263, 97, 'Size', 'Medium', 'radio'),
(139, 101, 214, 251, 73, 'Size', 'Large', 'radio'),
(140, 101, 215, 249, 64, 'Subscriptions', 'Quarterly', 'select'),
(141, 102, 216, 247, 0, 'Colour', 'Blue', 'textarea'),
(142, 103, 217, 251, 73, 'Size', 'Large', 'radio'),
(143, 104, 218, 278, 0, 'Age', '6', 'textarea'),
(144, 104, 219, 278, 0, 'Age', '8', 'textarea'),
(145, 105, 220, 250, 67, 'Subscriptions', 'Monthly', 'select'),
(146, 106, 221, 250, 67, 'Subscriptions', 'Monthly', 'select'),
(147, 107, 222, 235, 41, 'Size', 'Small', 'radio'),
(148, 107, 223, 234, 38, 'Size', 'Small', 'radio'),
(149, 108, 224, 235, 41, 'Size', 'Small', 'radio'),
(150, 108, 225, 234, 38, 'Size', 'Small', 'radio'),
(151, 109, 226, 235, 41, 'Size', 'Small', 'radio'),
(152, 109, 227, 234, 38, 'Size', 'Small', 'radio'),
(153, 110, 228, 235, 41, 'Size', 'Small', 'radio'),
(154, 110, 229, 234, 38, 'Size', 'Small', 'radio'),
(155, 111, 230, 249, 64, 'Subscriptions', 'Quarterly', 'select'),
(156, 112, 231, 260, 88, 'Size', 'Medium', 'radio'),
(157, 112, 232, 263, 98, 'Size', 'Large', 'radio'),
(158, 112, 233, 268, 111, 'Size', 'Medium', 'radio'),
(159, 113, 234, 231, 30, 'Size', 'Medium', 'radio'),
(160, 113, 235, 232, 33, 'Size', 'Medium', 'radio'),
(161, 113, 236, 269, 114, 'Size', 'Medium', 'radio'),
(162, 113, 237, 254, 79, 'Size', 'Medium', 'radio'),
(163, 114, 238, 249, 63, 'Subscriptions', 'Monthly', 'select'),
(164, 115, 239, 249, 63, 'Subscriptions', 'Monthly', 'select'),
(165, 116, 240, 250, 67, 'Subscriptions', 'Monthly', 'select'),
(166, 117, 241, 249, 63, 'Subscriptions', 'Monthly', 'select'),
(167, 118, 242, 248, 60, 'Subscriptions', 'Quarterly', 'select'),
(168, 119, 243, 250, 67, 'Subscriptions', 'Monthly', 'select'),
(169, 121, 245, 247, 0, 'Colour', 'Orange or pink', 'textarea'),
(170, 121, 247, 269, 113, 'Size', 'Small', 'radio'),
(171, 121, 248, 228, 20, 'Size', 'Small', 'radio'),
(172, 122, 249, 247, 0, 'Colour', 'Black', 'textarea'),
(173, 122, 250, 230, 28, 'Size', 'Large', 'radio'),
(174, 123, 251, 250, 67, 'Subscriptions', 'Monthly', 'select'),
(175, 124, 252, 248, 59, 'Subscriptions', 'Monthly', 'select'),
(176, 125, 253, 248, 59, 'Subscriptions', 'Monthly', 'select'),
(177, 126, 254, 269, 113, 'Size', 'Small', 'radio'),
(178, 127, 256, 249, 63, 'Subscriptions', 'Monthly', 'select');

-- --------------------------------------------------------

--
-- Table structure for table `oc_order_product`
--

CREATE TABLE `oc_order_product` (
  `order_product_id` int(11) NOT NULL,
  `order_id` int(11) NOT NULL,
  `product_id` int(11) NOT NULL,
  `name` varchar(255) NOT NULL,
  `model` varchar(64) NOT NULL,
  `quantity` int(4) NOT NULL,
  `price` decimal(15,4) NOT NULL DEFAULT 0.0000,
  `total` decimal(15,4) NOT NULL DEFAULT 0.0000,
  `tax` decimal(15,4) NOT NULL DEFAULT 0.0000,
  `reward` int(8) NOT NULL
) ENGINE=MyISAM DEFAULT CHARSET=utf8;

--
-- Dumping data for table `oc_order_product`
--

INSERT INTO `oc_order_product` (`order_product_id`, `order_id`, `product_id`, `name`, `model`, `quantity`, `price`, `total`, `tax`, `reward`) VALUES
(114, 40, 67, 'Gravity V5S  - Smart Fitness Tracker', 'GRAVITY ', 1, 10000.0000, 10000.0000, 0.0000, 0),
(109, 36, 67, 'Gravity V5S  - Smart Fitness Tracker', 'GRAVITY ', 1, 0.0000, 0.0000, 0.0000, 0),
(105, 32, 57, 'Sophie Bra Top (Black)', 'Fitness Fever Collection', 1, 3000.0000, 3000.0000, 0.0000, 2),
(104, 31, 57, 'Sophie Bra Top (Black)', 'Fitness Fever Collection', 1, 3000.0000, 3000.0000, 0.0000, 2),
(103, 30, 57, 'Sophie Bra Top (Black)', 'Fitness Fever Collection', 1, 3000.0000, 3000.0000, 0.0000, 2),
(102, 29, 57, 'Sophie Bra Top (Black)', 'Fitness Fever Collection', 1, 3000.0000, 3000.0000, 0.0000, 2),
(7, 5, 59, 'Taunte Crossed-back Tank (Pink &amp; Black)', 'Fitness Fever Collection', 1, 3600.0000, 3600.0000, 0.0000, 0),
(101, 28, 58, 'Stellar Leggings (Full length) Black', 'Fitness Fever Collection', 1, 4000.0000, 4000.0000, 0.0000, 2),
(9, 7, 54, 'Princess Bra Top (Turquoise)', 'Fitness Fever Collection', 1, 2900.0000, 2900.0000, 0.0000, 0),
(10, 8, 54, 'Princess Bra Top (Turquoise)', 'Fitness Fever Collection', 1, 2900.0000, 2900.0000, 0.0000, 0),
(11, 9, 54, 'Princess Bra Top (Turquoise)', 'Fitness Fever Collection', 1, 2900.0000, 2900.0000, 0.0000, 0),
(12, 10, 54, 'Princess Bra Top (Turquoise)', 'Fitness Fever Collection', 1, 2900.0000, 2900.0000, 0.0000, 0),
(13, 11, 54, 'Princess Bra Top (Turquoise)', 'Fitness Fever Collection', 1, 2900.0000, 2900.0000, 0.0000, 0),
(107, 34, 65, 'Personalized Diet Plan and Support', 'Personalized Diet Plan and Support', 1, 3000.0000, 3000.0000, 0.0000, 0),
(106, 33, 53, 'Precious Bra Top (Black &amp; White)', 'Fitness Fever Collection', 1, 3000.0000, 3000.0000, 0.0000, 2),
(17, 13, 54, 'Princess Bra Top (Turquoise)', 'Fitness Fever Collection', 20, 2900.0000, 58000.0000, 0.0000, 40),
(18, 13, 50, 'Glitz Leggings (¾ length) Grey &amp; Blue', 'Fitness Fever Collection', 20, 3900.0000, 78000.0000, 0.0000, 40),
(99, 27, 51, 'Gracie V-neck Tank (Turquoise &amp; Black)', 'Fitness Fever Collection', 1, 3800.0000, 3800.0000, 0.0000, 2),
(98, 27, 54, 'Princess Bra Top (Turquoise)', 'Fitness Fever Collection', 1, 3000.0000, 3000.0000, 0.0000, 2),
(96, 27, 52, 'Leela Tank (Black &amp; White)', 'Fitness Fever Collection', 1, 3800.0000, 3800.0000, 0.0000, 2),
(97, 27, 57, 'Sophie Bra Top (Black)', 'Fitness Fever Collection', 1, 3000.0000, 3000.0000, 0.0000, 2),
(28, 16, 56, 'Sarah Short-sleeved Top (Pink &amp; White)', 'Fitness Fever Collection', 1, 3600.0000, 3600.0000, 0.0000, 2),
(100, 27, 53, 'Precious Bra Top (Black &amp; White)', 'Fitness Fever Collection', 1, 3000.0000, 3000.0000, 0.0000, 2),
(33, 17, 58, 'Stellar Leggings (Full length) Black', 'Fitness Fever Collection', 1, 3900.0000, 3900.0000, 0.0000, 2),
(34, 18, 54, 'Princess Bra Top (Turquoise)', 'Fitness Fever Collection', 1, 2900.0000, 2900.0000, 0.0000, 2),
(35, 19, 54, 'Princess Bra Top (Turquoise)', 'Fitness Fever Collection', 1, 2900.0000, 2900.0000, 0.0000, 2),
(36, 19, 57, 'Sophie Bra Top (Black)', 'Fitness Fever Collection', 1, 2900.0000, 2900.0000, 0.0000, 2),
(37, 19, 53, 'Precious Bra Top (Black &amp; White)', 'Fitness Fever Collection', 1, 2900.0000, 2900.0000, 0.0000, 2),
(38, 19, 51, 'Gracie V-neck Tank (Turquoise &amp; Black)', 'Fitness Fever Collection', 1, 3600.0000, 3600.0000, 0.0000, 2),
(39, 19, 52, 'Leela Tank (Black &amp; White)', 'Fitness Fever Collection', 1, 3600.0000, 3600.0000, 0.0000, 2),
(40, 19, 59, 'Taunte Crossed-back Tank (Pink &amp; Black)', 'Fitness Fever Collection', 1, 3600.0000, 3600.0000, 0.0000, 2),
(41, 19, 50, 'Glitz Leggings (¾ length) Grey &amp; Blue', 'Fitness Fever Collection', 1, 3900.0000, 3900.0000, 0.0000, 2),
(42, 19, 55, 'Princewill Leggings (¾ length) Multicoloured', 'Fitness Fever Collection', 1, 3900.0000, 3900.0000, 0.0000, 2),
(43, 19, 58, 'Stellar Leggings (Full length) Black', 'Fitness Fever Collection', 1, 3900.0000, 3900.0000, 0.0000, 2),
(44, 19, 56, 'Sarah Short-sleeved Top (Pink &amp; White)', 'Fitness Fever Collection', 1, 3600.0000, 3600.0000, 0.0000, 2),
(45, 20, 54, 'Princess Bra Top (Turquoise)', 'Fitness Fever Collection', 1, 2900.0000, 2900.0000, 0.0000, 2),
(46, 20, 57, 'Sophie Bra Top (Black)', 'Fitness Fever Collection', 1, 2900.0000, 2900.0000, 0.0000, 2),
(47, 20, 53, 'Precious Bra Top (Black &amp; White)', 'Fitness Fever Collection', 1, 2900.0000, 2900.0000, 0.0000, 2),
(48, 20, 51, 'Gracie V-neck Tank (Turquoise &amp; Black)', 'Fitness Fever Collection', 1, 3600.0000, 3600.0000, 0.0000, 2),
(49, 20, 52, 'Leela Tank (Black &amp; White)', 'Fitness Fever Collection', 1, 3600.0000, 3600.0000, 0.0000, 2),
(50, 20, 59, 'Taunte Crossed-back Tank (Pink &amp; Black)', 'Fitness Fever Collection', 1, 3600.0000, 3600.0000, 0.0000, 2),
(51, 20, 50, 'Glitz Leggings (¾ length) Grey &amp; Blue', 'Fitness Fever Collection', 1, 3900.0000, 3900.0000, 0.0000, 2),
(52, 20, 55, 'Princewill Leggings (¾ length) Multicoloured', 'Fitness Fever Collection', 1, 3900.0000, 3900.0000, 0.0000, 2),
(53, 20, 58, 'Stellar Leggings (Full length) Black', 'Fitness Fever Collection', 1, 3900.0000, 3900.0000, 0.0000, 2),
(54, 20, 56, 'Sarah Short-sleeved Top (Pink &amp; White)', 'Fitness Fever Collection', 1, 3600.0000, 3600.0000, 0.0000, 2),
(94, 21, 56, 'Sarah Short-sleeved Top (Pink &amp; White)', 'Fitness Fever Collection', 1, 3800.0000, 3800.0000, 0.0000, 2),
(93, 21, 58, 'Stellar Leggings (Full length) Black', 'Fitness Fever Collection', 1, 4000.0000, 4000.0000, 0.0000, 2),
(92, 21, 55, 'Princewill Leggings (¾ length) Multicoloured', 'Fitness Fever Collection', 1, 4000.0000, 4000.0000, 0.0000, 2),
(91, 21, 50, 'Glitz Leggings (¾ length) Grey &amp; Blue', 'Fitness Fever Collection', 1, 4000.0000, 4000.0000, 0.0000, 2),
(90, 21, 59, 'Taunte Crossed-back Tank (Pink &amp; Black)', 'Fitness Fever Collection', 1, 3800.0000, 3800.0000, 0.0000, 2),
(89, 21, 52, 'Leela Tank (Black &amp; White)', 'Fitness Fever Collection', 1, 3800.0000, 3800.0000, 0.0000, 2),
(88, 21, 51, 'Gracie V-neck Tank (Turquoise &amp; Black)', 'Fitness Fever Collection', 1, 3800.0000, 3800.0000, 0.0000, 2),
(87, 21, 53, 'Precious Bra Top (Black &amp; White)', 'Fitness Fever Collection', 1, 3000.0000, 3000.0000, 0.0000, 2),
(85, 21, 54, 'Princess Bra Top (Turquoise)', 'Fitness Fever Collection', 1, 3000.0000, 3000.0000, 0.0000, 2),
(86, 21, 57, 'Sophie Bra Top (Black)', 'Fitness Fever Collection', 1, 3000.0000, 3000.0000, 0.0000, 2),
(77, 23, 50, 'Glitz Leggings (¾ length) Grey &amp; Blue', 'Fitness Fever Collection', 1, 4000.0000, 4000.0000, 0.0000, 2),
(76, 23, 58, 'Stellar Leggings (Full length) Black', 'Fitness Fever Collection', 1, 4000.0000, 4000.0000, 0.0000, 2),
(74, 23, 55, 'Princewill Leggings (¾ length) Multicoloured', 'Fitness Fever Collection', 1, 4000.0000, 4000.0000, 0.0000, 2),
(75, 23, 59, 'Taunte Crossed-back Tank (Pink &amp; Black)', 'Fitness Fever Collection', 1, 3800.0000, 3800.0000, 0.0000, 2),
(95, 27, 59, 'Taunte Crossed-back Tank (Pink &amp; Black)', 'Fitness Fever Collection', 1, 3800.0000, 3800.0000, 0.0000, 2),
(84, 25, 52, 'Leela Tank (Black &amp; White)', 'Fitness Fever Collection', 1, 3800.0000, 3800.0000, 0.0000, 2),
(83, 25, 58, 'Stellar Leggings (Full length) Black', 'Fitness Fever Collection', 1, 4000.0000, 4000.0000, 0.0000, 2),
(82, 26, 58, 'Stellar Leggings (Full length) Black', 'Fitness Fever Collection', 1, 4000.0000, 4000.0000, 0.0000, 2),
(113, 39, 67, 'Gravity V5S  - Smart Fitness Tracker', 'GRAVITY ', 1, 10000.0000, 10000.0000, 0.0000, 0),
(112, 38, 67, 'Gravity V5S  - Smart Fitness Tracker', 'GRAVITY ', 1, 10000.0000, 10000.0000, 0.0000, 0),
(115, 41, 67, 'Gravity V5S  - Smart Fitness Tracker', 'GRAVITY ', 1, 10000.0000, 10000.0000, 0.0000, 0),
(116, 42, 52, 'Leela Tank (Black &amp; White)', 'Fitness Fever Collection', 1, 3800.0000, 3800.0000, 0.0000, 2),
(117, 43, 67, 'Gravity V5S  - Smart Fitness Tracker', 'GRAVITY ', 1, 10000.0000, 10000.0000, 0.0000, 0),
(118, 44, 67, 'Gravity V5S  - Smart Fitness Tracker', 'GRAVITY ', 1, 10000.0000, 10000.0000, 0.0000, 0),
(119, 45, 67, 'Gravity V5S  - Smart Fitness Tracker', 'GRAVITY ', 1, 10000.0000, 10000.0000, 0.0000, 0),
(120, 46, 53, 'Precious Bra Top (Black &amp; White)', 'Fitness Fever Collection', 1, 3000.0000, 3000.0000, 0.0000, 2),
(121, 46, 64, 'Custom Active Wear', 'Custom Polo', 1, 5000.0000, 5000.0000, 0.0000, 0),
(122, 46, 59, 'Taunte Crossed-back Tank (Pink &amp; Black)', 'Fitness Fever Collection', 1, 3800.0000, 3800.0000, 0.0000, 2),
(123, 46, 53, 'Precious Bra Top (Black &amp; White)', 'Fitness Fever Collection', 1, 3000.0000, 3000.0000, 0.0000, 2),
(124, 46, 54, 'Princess Bra Top (Turquoise)', 'Fitness Fever Collection', 20, 3000.0000, 60000.0000, 0.0000, 40),
(125, 46, 50, 'Glitz Leggings (¾ length) Grey &amp; Blue', 'Fitness Fever Collection', 20, 4000.0000, 80000.0000, 0.0000, 40),
(126, 47, 67, 'Gravity V5S  - Smart Fitness Tracker', 'GRAVITY ', 3, 10000.0000, 30000.0000, 0.0000, 0),
(127, 48, 53, 'Precious Bra Top (Black &amp; White)', 'Fitness Fever Collection', 1, 3000.0000, 3000.0000, 0.0000, 2),
(128, 49, 53, 'Precious Bra Top (Black &amp; White)', 'Fitness Fever Collection', 1, 3000.0000, 3000.0000, 0.0000, 2),
(129, 50, 65, 'Personalized Diet Plan and Support', 'Personalized Diet Plan and Support', 1, 3000.0000, 3000.0000, 0.0000, 0),
(130, 51, 65, 'Personalized Diet Plan and Support', 'Personalized Diet Plan and Support', 1, 3000.0000, 3000.0000, 0.0000, 0),
(131, 52, 65, 'Personalized Diet Plan and Support', 'Personalized Diet Plan and Support', 2, 3000.0000, 6000.0000, 0.0000, 0),
(132, 53, 65, 'Gravity Virtual Fitness Basic', ' Virtual Fitness ', 1, 3000.0000, 3000.0000, 0.0000, 0),
(133, 54, 65, 'Gravity Virtual Fitness Basic', ' Virtual Fitness ', 1, 3000.0000, 3000.0000, 0.0000, 0),
(134, 55, 65, 'Gravity Virtual Fitness Basic', ' Virtual Fitness ', 1, 3000.0000, 3000.0000, 0.0000, 0),
(135, 56, 65, 'Gravity Virtual Fitness Basic', ' Virtual Fitness ', 1, 3000.0000, 3000.0000, 0.0000, 0),
(136, 57, 65, 'Gravity Virtual Fitness Basic', ' Virtual Fitness ', 1, 3000.0000, 3000.0000, 0.0000, 0),
(137, 58, 66, 'Gravity Virtual Fitness Plus', 'Virtual Fitness ', 1, 10000.0000, 10000.0000, 0.0000, 0),
(138, 58, 65, 'Gravity Virtual Fitness Basic', ' Virtual Fitness ', 1, 3000.0000, 3000.0000, 0.0000, 0),
(139, 59, 68, 'Waist Trainer - Corset', 'GRAVITY', 1, 12500.0000, 12500.0000, 0.0000, 0),
(140, 60, 67, 'Gravity V5S  - Smart Bracelet', 'GRAVITY ', 1, 10000.0000, 10000.0000, 0.0000, 0),
(141, 61, 70, 'Gravity Virtual Fitness Pro', 'Virtual Fitness ', 1, 20000.0000, 20000.0000, 0.0000, 0),
(142, 62, 65, 'Gravity Virtual Fitness Basic', ' Virtual Fitness ', 1, 3000.0000, 3000.0000, 0.0000, 0),
(143, 63, 65, 'Gravity Virtual Fitness Basic', ' Virtual Fitness ', 1, 3000.0000, 3000.0000, 0.0000, 0),
(144, 63, 67, 'Gravity V5S  - Smart Bracelet', 'GRAVITY ', 1, 10000.0000, 10000.0000, 0.0000, 0),
(145, 64, 65, 'Gravity Virtual Fitness Basic', ' Virtual Fitness ', 1, 3000.0000, 3000.0000, 0.0000, 0),
(146, 65, 65, 'Gravity Virtual Fitness Basic', ' Virtual Fitness ', 1, 3000.0000, 3000.0000, 0.0000, 0),
(147, 66, 66, 'Gravity Virtual Fitness Plus', 'Virtual Fitness ', 1, 10000.0000, 10000.0000, 0.0000, 0),
(148, 66, 65, 'Gravity Virtual Fitness Basic', ' Virtual Fitness ', 1, 3000.0000, 3000.0000, 0.0000, 0),
(149, 67, 66, 'Gravity Virtual Fitness Plus', 'Virtual Fitness ', 1, 10000.0000, 10000.0000, 0.0000, 0),
(150, 67, 70, 'Gravity Virtual Fitness Pro', 'Virtual Fitness ', 1, 20000.0000, 20000.0000, 0.0000, 0),
(151, 68, 70, 'Gravity Virtual Fitness Pro', 'Virtual Fitness ', 1, 20000.0000, 20000.0000, 0.0000, 0),
(152, 69, 67, 'Gravity V5S  - Smart Bracelet', 'GRAVITY ', 1, 10000.0000, 10000.0000, 0.0000, 0),
(153, 69, 57, 'Sophie Bra Top (Black)', 'Fitness Fever Collection', 1, 3000.0000, 3000.0000, 0.0000, 2),
(154, 70, 65, 'Gravity Virtual Fitness Basic', ' Virtual Fitness ', 1, 3000.0000, 3000.0000, 0.0000, 0),
(155, 70, 67, 'Gravity V5S  - Smart Bracelet', 'GRAVITY ', 1, 10000.0000, 10000.0000, 0.0000, 0),
(156, 71, 65, 'Gravity Virtual Fitness Basic', ' Virtual Fitness ', 1, 3000.0000, 3000.0000, 0.0000, 0),
(157, 71, 67, 'Gravity V5S  - Smart Bracelet', 'GRAVITY ', 1, 10000.0000, 10000.0000, 0.0000, 0),
(158, 72, 70, 'Gravity Virtual Fitness Pro', 'Virtual Fitness ', 1, 20000.0000, 20000.0000, 0.0000, 0),
(159, 73, 70, 'Gravity Virtual Fitness Pro', 'Virtual Fitness ', 1, 20000.0000, 20000.0000, 0.0000, 0),
(160, 74, 66, 'Gravity Virtual Fitness Plus', 'Virtual Fitness ', 1, 10000.0000, 10000.0000, 0.0000, 0),
(161, 75, 66, 'Gravity Virtual Fitness Plus', 'Virtual Fitness ', 1, 10000.0000, 10000.0000, 0.0000, 0),
(162, 76, 66, 'Gravity Virtual Fitness Plus', 'Virtual Fitness ', 1, 10000.0000, 10000.0000, 0.0000, 0),
(163, 77, 56, 'Sarah Short-sleeved Top (Pink &amp; White)', 'Fitness Fever Collection', 1, 3800.0000, 3800.0000, 0.0000, 2),
(164, 77, 53, 'Precious Bra Top (Black &amp; White)', 'Fitness Fever Collection', 1, 3000.0000, 3000.0000, 0.0000, 2),
(165, 77, 64, 'Custom Active Wear', 'Gravity Custom', 1, 5000.0000, 5000.0000, 0.0000, 0),
(166, 77, 59, 'Taunte Crossed-back Tank (Pink &amp; Black)', 'Fitness Fever Collection', 1, 3800.0000, 3800.0000, 0.0000, 2),
(167, 77, 53, 'Precious Bra Top (Black &amp; White)', 'Fitness Fever Collection', 1, 3000.0000, 3000.0000, 0.0000, 2),
(168, 77, 54, 'Princess Bra Top (Turquoise)', 'Fitness Fever Collection', 20, 3000.0000, 60000.0000, 0.0000, 40),
(169, 77, 50, 'Glitz Leggings (¾ length) Grey &amp; Blue', 'Fitness Fever Collection', 20, 4000.0000, 80000.0000, 0.0000, 40),
(170, 78, 56, 'Sarah Short-sleeved Top (Pink &amp; White)', 'Fitness Fever Collection', 1, 3800.0000, 3800.0000, 0.0000, 2),
(171, 78, 53, 'Precious Bra Top (Black &amp; White)', 'Fitness Fever Collection', 1, 3000.0000, 3000.0000, 0.0000, 2),
(172, 78, 64, 'Custom Active Wear', 'Gravity Custom', 1, 5000.0000, 5000.0000, 0.0000, 0),
(173, 78, 59, 'Taunte Crossed-back Tank (Pink &amp; Black)', 'Fitness Fever Collection', 1, 3800.0000, 3800.0000, 0.0000, 2),
(174, 78, 53, 'Precious Bra Top (Black &amp; White)', 'Fitness Fever Collection', 1, 3000.0000, 3000.0000, 0.0000, 2),
(175, 79, 56, 'Sarah Short-sleeved Top (Pink &amp; White)', 'Fitness Fever Collection', 1, 3800.0000, 3800.0000, 0.0000, 2),
(176, 79, 53, 'Precious Bra Top (Black &amp; White)', 'Fitness Fever Collection', 1, 3000.0000, 3000.0000, 0.0000, 2),
(177, 79, 64, 'Custom Active Wear', 'Gravity Custom', 1, 5000.0000, 5000.0000, 0.0000, 0),
(178, 79, 59, 'Taunte Crossed-back Tank (Pink &amp; Black)', 'Fitness Fever Collection', 1, 3800.0000, 3800.0000, 0.0000, 2),
(179, 79, 53, 'Precious Bra Top (Black &amp; White)', 'Fitness Fever Collection', 1, 3000.0000, 3000.0000, 0.0000, 2),
(180, 80, 66, 'Gravity Virtual Fitness Plus', 'Virtual Fitness ', 1, 10000.0000, 10000.0000, 0.0000, 0),
(181, 81, 70, 'Gravity Virtual Fitness Pro', 'Virtual Fitness ', 1, 20000.0000, 20000.0000, 0.0000, 0),
(182, 82, 66, 'Gravity Virtual Fitness Plus', 'Virtual Fitness ', 1, 10000.0000, 10000.0000, 0.0000, 0),
(183, 83, 53, 'Precious Bra Top (Black &amp; White)', 'Fitness Fever Collection', 1, 3000.0000, 3000.0000, 0.0000, 2),
(184, 84, 70, 'Gravity Virtual Fitness Pro', 'Virtual Fitness ', 1, 20000.0000, 20000.0000, 0.0000, 0),
(185, 85, 65, 'Gravity Virtual Fitness Basic', ' Virtual Fitness ', 1, 3000.0000, 3000.0000, 0.0000, 0),
(186, 86, 66, 'Gravity Virtual Fitness Plus', 'Virtual Fitness ', 1, 10000.0000, 10000.0000, 0.0000, 0),
(210, 99, 69, 'Jump Rope', 'GRAVITY', 1, 2500.0000, 2500.0000, 0.0000, 0),
(209, 88, 65, 'Gravity Virtual Fitness Basic', ' Virtual Fitness ', 1, 3000.0000, 3000.0000, 0.0000, 0),
(189, 89, 65, 'Gravity Virtual Fitness Basic', ' Virtual Fitness ', 1, 25200.0000, 25200.0000, 0.0000, 0),
(190, 89, 70, 'Gravity Virtual Fitness Pro', 'Virtual Fitness ', 1, 0.0000, 0.0000, 0.0000, 0),
(208, 90, 65, 'Gravity Virtual Fitness Basic', ' Virtual Fitness ', 1, 25200.0000, 25200.0000, 0.0000, 0),
(192, 91, 66, 'Gravity Virtual Fitness Plus', 'Virtual Fitness ', 1, 10000.0000, 10000.0000, 0.0000, 0),
(193, 91, 67, 'Gravity V5S  - Smart Bracelet', 'GRAVITY ', 1, 10000.0000, 10000.0000, 0.0000, 0),
(194, 92, 66, 'Gravity Virtual Fitness Plus', 'Virtual Fitness ', 1, 10000.0000, 10000.0000, 0.0000, 0),
(195, 92, 67, 'Gravity V5S  - Smart Bracelet', 'GRAVITY ', 1, 10000.0000, 10000.0000, 0.0000, 0),
(196, 93, 66, 'Gravity Virtual Fitness Plus', 'Virtual Fitness ', 1, 10000.0000, 10000.0000, 0.0000, 0),
(197, 93, 67, 'Gravity V5S  - Smart Bracelet', 'GRAVITY ', 1, 10000.0000, 10000.0000, 0.0000, 0),
(207, 94, 66, 'Gravity Virtual Fitness Plus', 'Virtual Fitness ', 1, 10000.0000, 10000.0000, 0.0000, 0),
(206, 95, 67, 'Gravity V5S  - Smart Bracelet', 'GRAVITY ', 1, 10000.0000, 10000.0000, 0.0000, 0),
(200, 96, 67, 'Gravity V5S  - Smart Bracelet', 'GRAVITY ', 1, 10000.0000, 10000.0000, 0.0000, 0),
(201, 97, 67, 'Gravity V5S  - Smart Bracelet', 'GRAVITY ', 1, 10000.0000, 10000.0000, 0.0000, 0),
(205, 98, 67, 'Gravity V5S  - Smart Bracelet', 'GRAVITY ', 1, 10000.0000, 10000.0000, 0.0000, 0),
(211, 99, 70, 'Gravity Virtual Fitness Pro', 'Virtual Fitness ', 1, 20000.0000, 20000.0000, 0.0000, 0),
(212, 100, 79, 'Tolzy Bra Top- Black', 'Workout to Hangout Collection', 1, 3850.0000, 3850.0000, 0.0000, 0),
(213, 101, 75, 'Tyme Unisex Hoodie- Black', 'Workout to Hangout Collection', 1, 6500.0000, 6500.0000, 0.0000, 0),
(214, 101, 68, 'Waist Trainer - Corset', 'GRAVITY', 1, 12500.0000, 12500.0000, 0.0000, 0),
(215, 101, 66, 'Gravity Virtual Fitness Plus', 'Virtual Fitness ', 1, 28500.0000, 28500.0000, 0.0000, 0),
(216, 102, 67, 'Gravity V5S  - Smart Bracelet', 'GRAVITY ', 1, 10000.0000, 10000.0000, 0.0000, 0),
(217, 103, 68, 'Waist Trainer - Corset', 'GRAVITY', 3, 12500.0000, 37500.0000, 0.0000, 0),
(218, 104, 96, 'Lika\'s Karate Gear', 'GRAVITY', 1, 7500.0000, 7500.0000, 0.0000, 0),
(219, 104, 96, 'Lika\'s Karate Gear', 'GRAVITY', 1, 7500.0000, 7500.0000, 0.0000, 0),
(220, 105, 70, 'Gravity Virtual Fitness Pro', 'Virtual Fitness ', 1, 20000.0000, 20000.0000, 0.0000, 0),
(221, 106, 70, 'Gravity Virtual Fitness Pro', 'Virtual Fitness ', 1, 20000.0000, 20000.0000, 0.0000, 0),
(222, 107, 58, 'Stellar Leggings (Full length) Black', 'Fitness Fever Collection', 1, 4500.0000, 4500.0000, 0.0000, 2),
(223, 107, 57, 'Sophie Bra Top (Black)', 'Fitness Fever Collection', 1, 3500.0000, 3500.0000, 0.0000, 2),
(224, 108, 58, 'Stellar Leggings (Full length) Black', 'Fitness Fever Collection', 1, 4500.0000, 4500.0000, 0.0000, 2),
(225, 108, 57, 'Sophie Bra Top (Black)', 'Fitness Fever Collection', 1, 3500.0000, 3500.0000, 0.0000, 2),
(226, 109, 58, 'Stellar Leggings (Full length) Black', 'Fitness Fever Collection', 1, 4500.0000, 4500.0000, 0.0000, 2),
(227, 109, 57, 'Sophie Bra Top (Black)', 'Fitness Fever Collection', 1, 3500.0000, 3500.0000, 0.0000, 2),
(228, 110, 58, 'Stellar Leggings (Full length) Black', 'Fitness Fever Collection', 1, 4500.0000, 4500.0000, 0.0000, 2),
(229, 110, 57, 'Sophie Bra Top (Black)', 'Fitness Fever Collection', 1, 3500.0000, 3500.0000, 0.0000, 2),
(230, 111, 66, 'Gravity Virtual Fitness Plus', 'Virtual Fitness ', 1, 28500.0000, 28500.0000, 0.0000, 0),
(231, 112, 71, 'Beauty Jacket- Grey', 'Workout to Hangout Collection', 1, 7500.0000, 7500.0000, 0.0000, 0),
(232, 112, 75, 'Tyme Unisex Hoodie- Black', 'Workout to Hangout Collection', 1, 6500.0000, 6500.0000, 0.0000, 0),
(233, 112, 80, 'Verry Berry X-Top- Black', 'Workout to Hangout Collection', 1, 5350.0000, 5350.0000, 0.0000, 0),
(234, 113, 54, 'Princess Bra Top (Turquoise)', 'Fitness Fever Collection', 1, 3500.0000, 3500.0000, 0.0000, 2),
(235, 113, 55, 'Princewill Leggings (¾ length) Multicoloured', 'Fitness Fever Collection', 1, 4500.0000, 4500.0000, 0.0000, 2),
(236, 113, 82, 'Double-Jay Crossed Back Tank- Pink', 'Workout to Hangout Collection', 1, 4800.0000, 4800.0000, 0.0000, 0),
(237, 113, 91, 'Data-Combo Shirt- Green', 'Workout to Hangout Collection', 1, 5500.0000, 5500.0000, 0.0000, 0),
(238, 114, 66, 'Gravity Virtual Fitness Plus', 'Virtual Fitness ', 1, 10000.0000, 10000.0000, 0.0000, 0),
(239, 115, 66, 'Gravity Virtual Fitness Plus', 'Virtual Fitness ', 1, 10000.0000, 10000.0000, 0.0000, 0),
(240, 116, 70, 'Gravity Virtual Fitness Pro', 'Virtual Fitness ', 1, 20000.0000, 20000.0000, 0.0000, 0),
(241, 117, 66, 'Gravity Virtual Fitness Plus', 'Virtual Fitness ', 1, 10000.0000, 10000.0000, 0.0000, 0),
(242, 118, 65, 'Gravity Virtual Fitness Basic', ' Virtual Fitness ', 1, 8550.0000, 8550.0000, 0.0000, 0),
(243, 119, 70, 'Gravity Virtual Fitness Pro', 'Virtual Fitness ', 1, 20000.0000, 20000.0000, 0.0000, 0),
(244, 120, 107, 'Truvia Calorie-free Sweetener (80 count)', 'Food', 1, 6000.0000, 6000.0000, 0.0000, 0),
(245, 121, 67, 'Gravity V5S  - Smart Bracelet', 'GRAVITY ', 1, 10000.0000, 10000.0000, 0.0000, 0),
(246, 121, 95, 'Debbie High waisted Pants', 'Workout To Hangout Collection', 1, 4999.0000, 4999.0000, 0.0000, 0),
(247, 121, 82, 'Double-Jay Crossed Back Tank- Pink', 'Workout to Hangout Collection', 1, 4800.0000, 4800.0000, 0.0000, 0),
(248, 121, 51, 'Gracie V-neck Tank (Turquoise &amp; Black)', 'Fitness Fever Collection', 1, 4300.0000, 4300.0000, 0.0000, 2),
(249, 122, 67, 'Gravity V5S  - Smart Bracelet', 'GRAVITY ', 1, 10000.0000, 10000.0000, 0.0000, 0),
(250, 122, 53, 'Precious Bra Top (Black &amp; White)', 'Fitness Fever Collection', 1, 3500.0000, 3500.0000, 0.0000, 2),
(251, 123, 70, 'GRAVITY Virtual Fitness PRO+', 'Virtual Fitness ', 1, 40000.0000, 40000.0000, 0.0000, 0),
(252, 124, 65, 'GRAVITY Virtual Fitness Basic', ' Virtual Fitness ', 1, 10000.0000, 10000.0000, 0.0000, 0),
(253, 125, 65, 'GRAVITY Virtual Fitness Basic', ' Virtual Fitness ', 1, 10000.0000, 10000.0000, 0.0000, 0),
(254, 126, 82, 'Double-Jay Crossed Back Tank- Pink', 'Workout to Hangout Collection', 1, 4800.0000, 4800.0000, 0.0000, 0),
(255, 126, 95, 'Debbie High waisted Pants', 'Workout To Hangout Collection', 1, 4999.0000, 4999.0000, 0.0000, 0),
(256, 127, 66, 'GRAVITY Virtual Fitness PRO', 'Virtual Fitness ', 1, 20000.0000, 20000.0000, 0.0000, 0);

-- --------------------------------------------------------

--
-- Table structure for table `oc_order_recurring`
--

CREATE TABLE `oc_order_recurring` (
  `order_recurring_id` int(11) NOT NULL,
  `order_id` int(11) NOT NULL,
  `reference` varchar(255) NOT NULL,
  `product_id` int(11) NOT NULL,
  `product_name` varchar(255) NOT NULL,
  `product_quantity` int(11) NOT NULL,
  `recurring_id` int(11) NOT NULL,
  `recurring_name` varchar(255) NOT NULL,
  `recurring_description` varchar(255) NOT NULL,
  `recurring_frequency` varchar(25) NOT NULL,
  `recurring_cycle` smallint(6) NOT NULL,
  `recurring_duration` smallint(6) NOT NULL,
  `recurring_price` decimal(10,4) NOT NULL,
  `trial` tinyint(1) NOT NULL,
  `trial_frequency` varchar(25) NOT NULL,
  `trial_cycle` smallint(6) NOT NULL,
  `trial_duration` smallint(6) NOT NULL,
  `trial_price` decimal(10,4) NOT NULL,
  `status` tinyint(4) NOT NULL,
  `date_added` datetime NOT NULL
) ENGINE=MyISAM DEFAULT CHARSET=utf8;

-- --------------------------------------------------------

--
-- Table structure for table `oc_order_recurring_transaction`
--

CREATE TABLE `oc_order_recurring_transaction` (
  `order_recurring_transaction_id` int(11) NOT NULL,
  `order_recurring_id` int(11) NOT NULL,
  `reference` varchar(255) NOT NULL,
  `type` varchar(255) NOT NULL,
  `amount` decimal(10,4) NOT NULL,
  `date_added` datetime NOT NULL
) ENGINE=MyISAM DEFAULT CHARSET=utf8;

-- --------------------------------------------------------

--
-- Table structure for table `oc_order_status`
--

CREATE TABLE `oc_order_status` (
  `order_status_id` int(11) NOT NULL,
  `language_id` int(11) NOT NULL,
  `name` varchar(32) NOT NULL
) ENGINE=MyISAM DEFAULT CHARSET=utf8;

--
-- Dumping data for table `oc_order_status`
--

INSERT INTO `oc_order_status` (`order_status_id`, `language_id`, `name`) VALUES
(2, 1, 'Processing'),
(3, 1, 'Shipped'),
(7, 1, 'Canceled'),
(5, 1, 'Complete'),
(8, 1, 'Denied'),
(9, 1, 'Canceled Reversal'),
(10, 1, 'Failed'),
(11, 1, 'Refunded'),
(12, 1, 'Reversed'),
(13, 1, 'Chargeback'),
(1, 1, 'Pending'),
(16, 1, 'Voided'),
(15, 1, 'Processed'),
(14, 1, 'Expired');

-- --------------------------------------------------------

--
-- Table structure for table `oc_order_total`
--

CREATE TABLE `oc_order_total` (
  `order_total_id` int(10) NOT NULL,
  `order_id` int(11) NOT NULL,
  `code` varchar(32) NOT NULL,
  `title` varchar(255) NOT NULL,
  `value` decimal(15,4) NOT NULL DEFAULT 0.0000,
  `sort_order` int(3) NOT NULL
) ENGINE=MyISAM DEFAULT CHARSET=utf8;

--
-- Dumping data for table `oc_order_total`
--

INSERT INTO `oc_order_total` (`order_total_id`, `order_id`, `code`, `title`, `value`, `sort_order`) VALUES
(129, 34, 'total', 'Total', 3000.0000, 9),
(128, 34, 'sub_total', 'Sub-Total', 3000.0000, 1),
(125, 33, 'sub_total', 'Sub-Total', 3000.0000, 1),
(124, 32, 'total', 'Total', 3000.0000, 9),
(123, 32, 'shipping', 'Pickup From Store', 0.0000, 3),
(122, 32, 'sub_total', 'Sub-Total', 3000.0000, 1),
(121, 31, 'total', 'Total', 4500.0000, 9),
(13, 5, 'sub_total', 'Sub-Total', 3600.0000, 1),
(14, 5, 'shipping', 'Standard Shipping - South West', 1600.0000, 3),
(15, 5, 'total', 'Total', 5200.0000, 9),
(120, 31, 'shipping', 'Standard Shipping (Outside Port Harcourt)', 1500.0000, 3),
(119, 31, 'sub_total', 'Sub-Total', 3000.0000, 1),
(19, 7, 'xfee1', 'COD fee', 500.0000, 0),
(20, 7, 'sub_total', 'Sub-Total', 2900.0000, 1),
(21, 7, 'shipping', 'Standard Shipping - South West', 1600.0000, 3),
(22, 7, 'total', 'Total', 5000.0000, 9),
(23, 8, 'xfee1', 'COD fee', 500.0000, 0),
(24, 8, 'sub_total', 'Sub-Total', 2900.0000, 1),
(25, 8, 'shipping', 'Standard Shipping - South West', 1600.0000, 3),
(26, 8, 'total', 'Total', 5000.0000, 9),
(27, 9, 'sub_total', 'Sub-Total', 2900.0000, 1),
(28, 9, 'shipping', 'Standard Shipping - South West', 1600.0000, 3),
(29, 9, 'xfee1', 'Cash on Delivery Fee', 500.0000, 4),
(30, 9, 'total', 'Total', 5000.0000, 9),
(31, 10, 'sub_total', 'Sub-Total', 2900.0000, 1),
(32, 10, 'shipping', 'Standard Shipping - South West', 1600.0000, 3),
(33, 10, 'total', 'Total', 4500.0000, 9),
(34, 11, 'sub_total', 'Sub-Total', 2900.0000, 1),
(35, 11, 'shipping', 'Standard Shipping - North West', 1800.0000, 3),
(36, 11, 'total', 'Total', 4700.0000, 9),
(127, 33, 'total', 'Total', 3400.0000, 9),
(126, 33, 'shipping', 'Standard Shipping (Intracity - within Port Harcourt)', 400.0000, 3),
(40, 13, 'sub_total', 'Sub-Total', 136000.0000, 1),
(41, 13, 'shipping', 'Standard Shipping (South West)', 3600.0000, 3),
(42, 13, 'total', 'Total', 139600.0000, 9),
(114, 29, 'shipping', 'Pickup From Store', 0.0000, 3),
(115, 29, 'total', 'Total', 3000.0000, 9),
(116, 30, 'sub_total', 'Sub-Total', 3000.0000, 1),
(117, 30, 'shipping', 'Pickup From Store', 0.0000, 3),
(63, 16, 'total', 'Total', 3600.0000, 9),
(62, 16, 'shipping', 'Pickup From Store', 0.0000, 3),
(61, 16, 'sub_total', 'Sub-Total', 3600.0000, 1),
(118, 30, 'total', 'Total', 3000.0000, 9),
(113, 29, 'sub_total', 'Sub-Total', 3000.0000, 1),
(67, 17, 'sub_total', 'Sub-Total', 3900.0000, 1),
(68, 17, 'shipping', 'Standard Shipping (North Central)', 1800.0000, 3),
(69, 17, 'total', 'Total', 5700.0000, 9),
(70, 18, 'sub_total', 'Sub-Total', 2900.0000, 1),
(71, 18, 'shipping', 'Standard Shipping (North East)', 1800.0000, 3),
(72, 18, 'total', 'Total', 4700.0000, 9),
(73, 19, 'sub_total', 'Sub-Total', 34800.0000, 1),
(74, 19, 'shipping', 'Free Shipping', 0.0000, 3),
(75, 19, 'total', 'Total', 34800.0000, 9),
(76, 20, 'sub_total', 'Sub-Total', 34800.0000, 1),
(77, 20, 'shipping', 'Standard Shipping (Intracity - within Port Harcourt)', 1463.0000, 3),
(78, 20, 'total', 'Total', 36263.0000, 9),
(107, 27, 'sub_total', 'Sub-Total', 20400.0000, 1),
(106, 21, 'total', 'Total', 36200.0000, 9),
(105, 21, 'sub_total', 'Sub-Total', 36200.0000, 1),
(112, 28, 'total', 'Total', 4000.0000, 9),
(111, 28, 'shipping', 'Pickup From Store', 0.0000, 3),
(93, 23, 'total', 'Total', 15800.0000, 9),
(92, 23, 'shipping', 'Pickup From Store', 0.0000, 3),
(91, 23, 'sub_total', 'Sub-Total', 15800.0000, 1),
(109, 27, 'total', 'Total', 20400.0000, 9),
(110, 28, 'sub_total', 'Sub-Total', 4000.0000, 1),
(108, 27, 'shipping', 'Pickup From Store', 0.0000, 3),
(104, 25, 'total', 'Total', 7800.0000, 9),
(103, 25, 'sub_total', 'Sub-Total', 7800.0000, 1),
(100, 26, 'sub_total', 'Sub-Total', 4000.0000, 1),
(101, 26, 'shipping', 'Pickup From Store', 0.0000, 3),
(102, 26, 'total', 'Total', 4000.0000, 9),
(140, 38, 'total', 'Total', 10400.0000, 9),
(132, 36, 'sub_total', 'Sub-Total', 0.0000, 1),
(133, 36, 'shipping', 'Standard Shipping (South West)', 1600.0000, 3),
(134, 36, 'total', 'Total', 1600.0000, 9),
(139, 38, 'shipping', 'Standard Shipping (Intracity - within Port Harcourt)', 400.0000, 3),
(138, 38, 'sub_total', 'Sub-Total', 10000.0000, 1),
(141, 39, 'sub_total', 'Sub-Total', 10000.0000, 1),
(142, 39, 'shipping', 'Pickup From Store', 0.0000, 3),
(143, 39, 'total', 'Total', 10000.0000, 9),
(144, 40, 'sub_total', 'Sub-Total', 10000.0000, 1),
(145, 40, 'shipping', 'Pickup From Store', 0.0000, 3),
(146, 40, 'total', 'Total', 10000.0000, 9),
(147, 41, 'sub_total', 'Sub-Total', 10000.0000, 1),
(148, 41, 'shipping', 'Standard Shipping (South West)', 1600.0000, 3),
(149, 41, 'total', 'Total', 11600.0000, 9),
(150, 42, 'sub_total', 'Sub-Total', 3800.0000, 1),
(151, 42, 'shipping', 'Pickup From Store', 0.0000, 3),
(152, 42, 'total', 'Total', 3800.0000, 9),
(153, 43, 'sub_total', 'Sub-Total', 10000.0000, 1),
(154, 43, 'shipping', 'Standard Shipping (South West)', 1600.0000, 3),
(155, 43, 'total', 'Total', 11600.0000, 9),
(156, 44, 'sub_total', 'Sub-Total', 10000.0000, 1),
(157, 44, 'shipping', 'Standard Shipping (South West)', 1600.0000, 3),
(158, 44, 'total', 'Total', 11600.0000, 9),
(159, 45, 'sub_total', 'Sub-Total', 10000.0000, 1),
(160, 45, 'shipping', 'Standard Shipping (South West)', 1600.0000, 3),
(161, 45, 'total', 'Total', 11600.0000, 9),
(162, 46, 'sub_total', 'Sub-Total', 154800.0000, 1),
(163, 46, 'shipping', 'Standard Shipping (South West)', 3960.0000, 3),
(164, 46, 'total', 'Total', 158760.0000, 9),
(165, 47, 'sub_total', 'Sub-Total', 30000.0000, 1),
(166, 47, 'shipping', 'Standard Shipping (South West)', 1600.0000, 3),
(167, 47, 'total', 'Total', 31600.0000, 9),
(168, 48, 'sub_total', 'Sub-Total', 3000.0000, 1),
(169, 48, 'shipping', 'Pickup From Store', 0.0000, 3),
(170, 48, 'total', 'Total', 3000.0000, 9),
(171, 49, 'sub_total', 'Sub-Total', 3000.0000, 1),
(172, 49, 'shipping', 'Pickup From Store', 0.0000, 3),
(173, 49, 'total', 'Total', 3000.0000, 9),
(174, 50, 'sub_total', 'Sub-Total', 3000.0000, 1),
(175, 50, 'total', 'Total', 3000.0000, 9),
(176, 51, 'sub_total', 'Sub-Total', 3000.0000, 1),
(177, 51, 'total', 'Total', 3000.0000, 9),
(178, 52, 'sub_total', 'Sub-Total', 6000.0000, 1),
(179, 52, 'total', 'Total', 6000.0000, 9),
(180, 53, 'sub_total', 'Sub-Total', 3000.0000, 1),
(181, 53, 'total', 'Total', 3000.0000, 9),
(182, 54, 'sub_total', 'Sub-Total', 3000.0000, 1),
(183, 54, 'total', 'Total', 3000.0000, 9),
(184, 55, 'sub_total', 'Sub-Total', 3000.0000, 1),
(185, 55, 'total', 'Total', 3000.0000, 9),
(186, 56, 'sub_total', 'Sub-Total', 3000.0000, 1),
(187, 56, 'total', 'Total', 3000.0000, 9),
(188, 57, 'sub_total', 'Sub-Total', 3000.0000, 1),
(189, 57, 'total', 'Total', 3000.0000, 9),
(190, 58, 'sub_total', 'Sub-Total', 13000.0000, 1),
(191, 58, 'total', 'Total', 13000.0000, 9),
(192, 59, 'sub_total', 'Sub-Total', 12500.0000, 1),
(193, 59, 'shipping', 'Standard Shipping (South West)', 1600.0000, 3),
(194, 59, 'total', 'Total', 14100.0000, 9),
(195, 60, 'sub_total', 'Sub-Total', 10000.0000, 1),
(196, 60, 'shipping', 'Pickup From Store', 0.0000, 3),
(197, 60, 'total', 'Total', 10000.0000, 9),
(198, 61, 'sub_total', 'Sub-Total', 20000.0000, 1),
(199, 61, 'total', 'Total', 20000.0000, 9),
(200, 62, 'sub_total', 'Sub-Total', 3000.0000, 1),
(201, 62, 'total', 'Total', 3000.0000, 9),
(202, 63, 'sub_total', 'Sub-Total', 13000.0000, 1),
(203, 63, 'shipping', 'Standard Shipping (North Central)', 1800.0000, 3),
(204, 63, 'total', 'Total', 14800.0000, 9),
(205, 64, 'sub_total', 'Sub-Total', 3000.0000, 1),
(206, 64, 'total', 'Total', 3000.0000, 9),
(207, 65, 'sub_total', 'Sub-Total', 3000.0000, 1),
(208, 65, 'total', 'Total', 3000.0000, 9),
(209, 66, 'sub_total', 'Sub-Total', 13000.0000, 1),
(210, 66, 'total', 'Total', 13000.0000, 9),
(211, 67, 'sub_total', 'Sub-Total', 30000.0000, 1),
(212, 67, 'total', 'Total', 30000.0000, 9),
(213, 68, 'sub_total', 'Sub-Total', 20000.0000, 1),
(214, 68, 'total', 'Total', 20000.0000, 9),
(215, 69, 'sub_total', 'Sub-Total', 13000.0000, 1),
(216, 69, 'shipping', 'Pickup From Store', 0.0000, 3),
(217, 69, 'total', 'Total', 13000.0000, 9),
(218, 70, 'sub_total', 'Sub-Total', 13000.0000, 1),
(219, 70, 'shipping', 'Standard Shipping (North Central)', 1800.0000, 3),
(220, 70, 'total', 'Total', 14800.0000, 9),
(221, 71, 'sub_total', 'Sub-Total', 13000.0000, 1),
(222, 71, 'shipping', 'Standard Shipping (North Central)', 1800.0000, 3),
(223, 71, 'total', 'Total', 14800.0000, 9),
(224, 72, 'sub_total', 'Sub-Total', 20000.0000, 1),
(225, 72, 'total', 'Total', 20000.0000, 9),
(226, 73, 'sub_total', 'Sub-Total', 20000.0000, 1),
(227, 73, 'total', 'Total', 20000.0000, 9),
(228, 74, 'sub_total', 'Sub-Total', 10000.0000, 1),
(229, 74, 'total', 'Total', 10000.0000, 9),
(230, 75, 'sub_total', 'Sub-Total', 10000.0000, 1),
(231, 75, 'total', 'Total', 10000.0000, 9),
(232, 76, 'sub_total', 'Sub-Total', 10000.0000, 1),
(233, 76, 'total', 'Total', 10000.0000, 9),
(234, 77, 'sub_total', 'Sub-Total', 158600.0000, 1),
(235, 77, 'shipping', 'Standard Shipping (South West)', 4140.0000, 3),
(236, 77, 'total', 'Total', 162740.0000, 9),
(237, 78, 'sub_total', 'Sub-Total', 18600.0000, 1),
(238, 78, 'shipping', 'Standard Shipping (South West)', 2800.0000, 3),
(239, 78, 'total', 'Total', 21400.0000, 9),
(240, 79, 'sub_total', 'Sub-Total', 18600.0000, 1),
(241, 79, 'shipping', 'Standard Shipping (South West)', 2800.0000, 3),
(242, 79, 'total', 'Total', 21400.0000, 9),
(243, 80, 'sub_total', 'Sub-Total', 10000.0000, 1),
(244, 80, 'total', 'Total', 10000.0000, 9),
(245, 81, 'sub_total', 'Sub-Total', 20000.0000, 1),
(246, 81, 'total', 'Total', 20000.0000, 9),
(247, 82, 'sub_total', 'Sub-Total', 10000.0000, 1),
(248, 82, 'total', 'Total', 10000.0000, 9),
(249, 83, 'sub_total', 'Sub-Total', 3000.0000, 1),
(250, 83, 'shipping', 'Standard Shipping (Intracity - within Port Harcourt)', 400.0000, 3),
(251, 83, 'total', 'Total', 3400.0000, 9),
(252, 84, 'sub_total', 'Sub-Total', 20000.0000, 1),
(253, 84, 'total', 'Total', 20000.0000, 9),
(254, 85, 'sub_total', 'Sub-Total', 3000.0000, 1),
(255, 85, 'total', 'Total', 3000.0000, 9),
(256, 86, 'sub_total', 'Sub-Total', 10000.0000, 1),
(257, 86, 'total', 'Total', 10000.0000, 9),
(304, 99, 'sub_total', 'Sub-Total', 22500.0000, 1),
(302, 88, 'sub_total', 'Sub-Total', 3000.0000, 1),
(262, 89, 'sub_total', 'Sub-Total', 25200.0000, 1),
(263, 89, 'total', 'Total', 25200.0000, 9),
(300, 90, 'sub_total', 'Sub-Total', 25200.0000, 1),
(266, 91, 'sub_total', 'Sub-Total', 20000.0000, 1),
(267, 91, 'shipping', 'Free Shipping', 0.0000, 3),
(268, 91, 'total', 'Total', 20000.0000, 9),
(269, 92, 'sub_total', 'Sub-Total', 20000.0000, 1),
(270, 92, 'shipping', 'Free Shipping', 0.0000, 3),
(271, 92, 'total', 'Total', 20000.0000, 9),
(272, 93, 'sub_total', 'Sub-Total', 20000.0000, 1),
(273, 93, 'shipping', 'Free Shipping', 0.0000, 3),
(274, 93, 'total', 'Total', 20000.0000, 9),
(298, 94, 'sub_total', 'Sub-Total', 10000.0000, 1),
(296, 95, 'shipping', 'Standard Shipping (Intracity - within Port Harcourt)', 400.0000, 3),
(295, 95, 'sub_total', 'Sub-Total', 10000.0000, 1),
(280, 96, 'sub_total', 'Sub-Total', 10000.0000, 1),
(281, 96, 'shipping', 'Standard Shipping (Intracity - within Port Harcourt)', 400.0000, 3),
(282, 96, 'total', 'Total', 10400.0000, 9),
(283, 97, 'sub_total', 'Sub-Total', 10000.0000, 1),
(284, 97, 'shipping', 'Standard Shipping (Intracity - within Port Harcourt)', 400.0000, 3),
(285, 97, 'total', 'Total', 10400.0000, 9),
(294, 98, 'total', 'Total', 10000.0000, 9),
(293, 98, 'sub_total', 'Sub-Total', 10000.0000, 1),
(297, 95, 'total', 'Total', 10400.0000, 9),
(299, 94, 'total', 'Total', 10000.0000, 9),
(301, 90, 'total', 'Total', 25200.0000, 9),
(303, 88, 'total', 'Total', 3000.0000, 9),
(305, 99, 'shipping', 'Standard Shipping (North Central)', 1800.0000, 3),
(306, 99, 'total', 'Total', 24300.0000, 9),
(307, 100, 'sub_total', 'Sub-Total', 3850.0000, 1),
(308, 100, 'shipping', 'Standard Shipping (South West)', 2500.0000, 3),
(309, 100, 'total', 'Total', 6350.0000, 9),
(310, 101, 'sub_total', 'Sub-Total', 47500.0000, 1),
(311, 101, 'shipping', 'Pickup From Store', 0.0000, 3),
(312, 101, 'total', 'Total', 47500.0000, 9),
(313, 102, 'sub_total', 'Sub-Total', 10000.0000, 1),
(314, 102, 'shipping', 'Standard Shipping (South West)', 2500.0000, 3),
(315, 102, 'total', 'Total', 12500.0000, 9),
(316, 103, 'sub_total', 'Sub-Total', 37500.0000, 1),
(317, 103, 'shipping', 'Pickup From Store', 0.0000, 3),
(318, 103, 'total', 'Total', 37500.0000, 9),
(319, 104, 'sub_total', 'Sub-Total', 15000.0000, 1),
(320, 104, 'shipping', 'Pickup From Store', 0.0000, 3),
(321, 104, 'total', 'Total', 15000.0000, 9),
(322, 105, 'sub_total', 'Sub-Total', 20000.0000, 1),
(323, 105, 'total', 'Total', 20000.0000, 9),
(324, 106, 'sub_total', 'Sub-Total', 20000.0000, 1),
(325, 106, 'total', 'Total', 20000.0000, 9),
(326, 107, 'sub_total', 'Sub-Total', 8000.0000, 1),
(327, 107, 'shipping', 'Standard Shipping (Intracity - within Port Harcourt)', 500.0000, 3),
(328, 107, 'total', 'Total', 8500.0000, 9),
(329, 108, 'sub_total', 'Sub-Total', 8000.0000, 1),
(330, 108, 'shipping', 'Standard Shipping (Intracity - within Port Harcourt)', 500.0000, 3),
(331, 108, 'total', 'Total', 8500.0000, 9),
(332, 109, 'sub_total', 'Sub-Total', 8000.0000, 1),
(333, 109, 'shipping', 'Standard Shipping (Intracity - within Port Harcourt)', 500.0000, 3),
(334, 109, 'total', 'Total', 8500.0000, 9),
(335, 110, 'sub_total', 'Sub-Total', 8000.0000, 1),
(336, 110, 'shipping', 'Standard Shipping (Intracity - within Port Harcourt)', 500.0000, 3),
(337, 110, 'total', 'Total', 8500.0000, 9),
(338, 111, 'sub_total', 'Sub-Total', 28500.0000, 1),
(339, 111, 'total', 'Total', 28500.0000, 9),
(340, 112, 'sub_total', 'Sub-Total', 19350.0000, 1),
(341, 112, 'shipping', 'Pickup From Store', 0.0000, 3),
(342, 112, 'total', 'Total', 19350.0000, 9),
(343, 113, 'sub_total', 'Sub-Total', 18300.0000, 1),
(344, 113, 'shipping', 'Standard Shipping (North Central)', 2500.0000, 3),
(345, 113, 'total', 'Total', 20800.0000, 9),
(346, 114, 'sub_total', 'Sub-Total', 10000.0000, 1),
(347, 114, 'total', 'Total', 10000.0000, 9),
(348, 115, 'sub_total', 'Sub-Total', 10000.0000, 1),
(349, 115, 'total', 'Total', 10000.0000, 9),
(350, 116, 'sub_total', 'Sub-Total', 20000.0000, 1),
(351, 116, 'total', 'Total', 20000.0000, 9),
(352, 117, 'sub_total', 'Sub-Total', 10000.0000, 1),
(353, 117, 'total', 'Total', 10000.0000, 9),
(354, 118, 'sub_total', 'Sub-Total', 8550.0000, 1),
(355, 118, 'total', 'Total', 8550.0000, 9),
(356, 119, 'sub_total', 'Sub-Total', 20000.0000, 1),
(357, 119, 'total', 'Total', 20000.0000, 9),
(358, 120, 'sub_total', 'Sub-Total', 6000.0000, 1),
(359, 120, 'shipping', 'Pickup From Store', 0.0000, 3),
(360, 120, 'total', 'Total', 6000.0000, 9),
(361, 121, 'sub_total', 'Sub-Total', 24099.0000, 1),
(362, 121, 'shipping', 'Standard Shipping (South South)', 3000.0000, 3),
(363, 121, 'total', 'Total', 27099.0000, 9),
(364, 122, 'sub_total', 'Sub-Total', 13500.0000, 1),
(365, 122, 'shipping', 'Pickup From Store', 0.0000, 3),
(366, 122, 'total', 'Total', 13500.0000, 9),
(367, 123, 'sub_total', 'Sub-Total', 40000.0000, 1),
(368, 123, 'total', 'Total', 40000.0000, 9),
(369, 124, 'sub_total', 'Sub-Total', 10000.0000, 1),
(370, 124, 'total', 'Total', 10000.0000, 9),
(371, 125, 'sub_total', 'Sub-Total', 10000.0000, 1),
(372, 125, 'total', 'Total', 10000.0000, 9),
(373, 126, 'sub_total', 'Sub-Total', 9799.0000, 1),
(374, 126, 'shipping', 'Pickup From Store', 0.0000, 3),
(375, 126, 'total', 'Total', 9799.0000, 9),
(376, 127, 'sub_total', 'Sub-Total', 20000.0000, 1),
(377, 127, 'total', 'Total', 20000.0000, 9);

-- --------------------------------------------------------

--
-- Table structure for table `oc_order_voucher`
--

CREATE TABLE `oc_order_voucher` (
  `order_voucher_id` int(11) NOT NULL,
  `order_id` int(11) NOT NULL,
  `voucher_id` int(11) NOT NULL,
  `description` varchar(255) NOT NULL,
  `code` varchar(10) NOT NULL,
  `from_name` varchar(64) NOT NULL,
  `from_email` varchar(96) NOT NULL,
  `to_name` varchar(64) NOT NULL,
  `to_email` varchar(96) NOT NULL,
  `voucher_theme_id` int(11) NOT NULL,
  `message` text NOT NULL,
  `amount` decimal(15,4) NOT NULL
) ENGINE=MyISAM DEFAULT CHARSET=utf8;

-- --------------------------------------------------------

--
-- Table structure for table `oc_paypal_order`
--

CREATE TABLE `oc_paypal_order` (
  `paypal_order_id` int(11) NOT NULL,
  `order_id` int(11) NOT NULL,
  `date_added` datetime NOT NULL,
  `date_modified` datetime NOT NULL,
  `capture_status` enum('Complete','NotComplete') DEFAULT NULL,
  `currency_code` char(3) NOT NULL,
  `authorization_id` varchar(30) NOT NULL,
  `total` decimal(10,2) NOT NULL
) ENGINE=MyISAM DEFAULT CHARSET=utf8;

-- --------------------------------------------------------

--
-- Table structure for table `oc_paypal_order_transaction`
--

CREATE TABLE `oc_paypal_order_transaction` (
  `paypal_order_transaction_id` int(11) NOT NULL,
  `paypal_order_id` int(11) NOT NULL,
  `transaction_id` char(20) NOT NULL,
  `parent_transaction_id` char(20) NOT NULL,
  `date_added` datetime NOT NULL,
  `note` varchar(255) NOT NULL,
  `msgsubid` char(38) NOT NULL,
  `receipt_id` char(20) NOT NULL,
  `payment_type` enum('none','echeck','instant','refund','void') DEFAULT NULL,
  `payment_status` char(20) NOT NULL,
  `pending_reason` char(50) NOT NULL,
  `transaction_entity` char(50) NOT NULL,
  `amount` decimal(10,2) NOT NULL,
  `debug_data` text NOT NULL,
  `call_data` text NOT NULL
) ENGINE=MyISAM DEFAULT CHARSET=utf8;

-- --------------------------------------------------------

--
-- Table structure for table `oc_product`
--

CREATE TABLE `oc_product` (
  `product_id` int(11) NOT NULL,
  `model` varchar(64) NOT NULL,
  `sku` varchar(64) NOT NULL,
  `upc` varchar(12) NOT NULL,
  `ean` varchar(14) NOT NULL,
  `jan` varchar(13) NOT NULL,
  `isbn` varchar(17) NOT NULL,
  `mpn` varchar(64) NOT NULL,
  `location` varchar(128) NOT NULL,
  `quantity` int(4) NOT NULL DEFAULT 0,
  `stock_status_id` int(11) NOT NULL,
  `image` varchar(255) DEFAULT NULL,
  `manufacturer_id` int(11) NOT NULL,
  `shipping` tinyint(1) NOT NULL DEFAULT 1,
  `price` decimal(15,4) NOT NULL DEFAULT 0.0000,
  `points` int(8) NOT NULL DEFAULT 0,
  `tax_class_id` int(11) NOT NULL,
  `date_available` date NOT NULL DEFAULT '0000-00-00',
  `weight` decimal(15,8) NOT NULL DEFAULT 0.00000000,
  `weight_class_id` int(11) NOT NULL DEFAULT 0,
  `length` decimal(15,8) NOT NULL DEFAULT 0.00000000,
  `width` decimal(15,8) NOT NULL DEFAULT 0.00000000,
  `height` decimal(15,8) NOT NULL DEFAULT 0.00000000,
  `length_class_id` int(11) NOT NULL DEFAULT 0,
  `subtract` tinyint(1) NOT NULL DEFAULT 1,
  `minimum` int(11) NOT NULL DEFAULT 1,
  `sort_order` int(11) NOT NULL DEFAULT 0,
  `status` tinyint(1) NOT NULL DEFAULT 0,
  `viewed` int(5) NOT NULL DEFAULT 0,
  `date_added` datetime NOT NULL,
  `date_modified` datetime NOT NULL,
  `cost` decimal(15,4) DEFAULT 0.0000
) ENGINE=MyISAM DEFAULT CHARSET=utf8;

--
-- Dumping data for table `oc_product`
--

INSERT INTO `oc_product` (`product_id`, `model`, `sku`, `upc`, `ean`, `jan`, `isbn`, `mpn`, `location`, `quantity`, `stock_status_id`, `image`, `manufacturer_id`, `shipping`, `price`, `points`, `tax_class_id`, `date_available`, `weight`, `weight_class_id`, `length`, `width`, `height`, `length_class_id`, `subtract`, `minimum`, `sort_order`, `status`, `viewed`, `date_added`, `date_modified`, `cost`) VALUES
(55, 'Fitness Fever Collection', '', '', '', '', '', '', '', 18, 6, 'catalog/products/Princewill-Leggings-1.jpg', 11, 1, 4500.0000, 0, 0, '2015-10-05', 0.50000000, 1, 0.00000000, 0.00000000, 0.00000000, 1, 1, 1, 1, 1, 2855, '2015-10-05 12:06:24', '2017-04-11 06:23:58', 0.0000),
(56, 'Fitness Fever Collection', '', '', '', '', '', '', '', 18, 6, 'catalog/products/Sarah-Short-sleeved-Top-1.jpg', 11, 1, 4300.0000, 0, 0, '2015-10-05', 0.50000000, 1, 0.00000000, 0.00000000, 0.00000000, 1, 1, 1, 1, 1, 3766, '2015-10-05 12:07:27', '2017-04-11 06:14:45', 0.0000),
(57, 'Fitness Fever Collection', '', '', '', '', '', '', '', 14, 6, 'catalog/products/Sophie-Bra-Top-1.jpg', 11, 1, 3500.0000, 0, 0, '2015-10-05', 0.50000000, 1, 0.00000000, 0.00000000, 0.00000000, 1, 1, 1, 1, 1, 6016, '2015-10-05 12:08:19', '2017-04-11 06:16:28', 0.0000),
(58, 'Fitness Fever Collection', '', '', '', '', '', '', '', 12, 6, 'catalog/products/Stellar-Leggings-1.jpg', 11, 1, 4500.0000, 0, 0, '2015-10-05', 0.50000000, 1, 0.00000000, 0.00000000, 0.00000000, 1, 1, 1, 1, 1, 3117, '2015-10-05 12:10:50', '2017-04-11 06:17:06', 0.0000),
(59, 'Fitness Fever Collection', '', '', '', '', '', '', '', 14, 6, 'catalog/products/Taunte-tank-1.jpg', 11, 1, 4300.0000, 0, 0, '2015-10-05', 0.50000000, 1, 0.00000000, 0.00000000, 0.00000000, 1, 1, 1, 1, 1, 3695, '2015-10-05 12:11:54', '2017-04-11 06:17:27', 0.0000),
(50, 'Fitness Fever Collection', '', '', '', '', '', '', '', 21, 6, 'catalog/products/Glitz-Leggings-1.jpg', 11, 1, 4500.0000, 0, 0, '2015-10-05', 0.50000000, 1, 0.00000000, 0.00000000, 0.00000000, 1, 1, 1, 1, 1, 5628, '2015-10-05 11:59:27', '2017-04-11 06:03:54', 0.0000),
(51, 'Fitness Fever Collection', '', '', '', '', '', '', '', 19, 6, 'catalog/products/Gracie-V-Tank-1.jpg', 11, 1, 4300.0000, 0, 0, '2015-10-05', 0.50000000, 1, 0.00000000, 0.00000000, 0.00000000, 1, 1, 1, 1, 1, 2952, '2015-10-05 12:01:10', '2017-04-11 06:04:41', 0.0000),
(52, 'Fitness Fever Collection', '', '', '', '', '', '', '', 17, 6, 'catalog/products/Leela-Tank-3.jpg', 11, 1, 4300.0000, 0, 0, '2015-10-05', 0.50000000, 1, 0.00000000, 0.00000000, 0.00000000, 1, 1, 1, 1, 1, 3054, '2015-10-05 12:02:12', '2017-04-11 06:11:27', 0.0000),
(53, 'Fitness Fever Collection', '', '', '', '', '', '', '', 18, 6, 'catalog/products/Precious-Bra-Top-1.jpg', 11, 1, 3500.0000, 0, 0, '2015-10-05', 0.50000000, 1, 0.00000000, 0.00000000, 0.00000000, 1, 1, 1, 1, 1, 6825, '2015-10-05 12:04:06', '2017-04-11 06:14:04', 0.0000),
(54, 'Fitness Fever Collection', '', '', '', '', '', '', '', 23, 6, 'catalog/products/Princess-Bra-Top-1.jpg', 11, 1, 3500.0000, 0, 0, '2015-10-05', 0.50000000, 1, 0.00000000, 0.00000000, 0.00000000, 1, 1, 1, 1, 1, 5910, '2015-10-05 12:05:05', '2017-04-11 06:13:25', 0.0000),
(63, 'Gravity Custom', '', '', '', '', '', '', '', 10, 6, 'catalog/image1.JPG', 11, 1, 4500.0000, 0, 0, '2016-04-18', 0.50000000, 1, 0.00000000, 0.00000000, 0.00000000, 1, 1, 1, 1, 1, 9705, '2016-04-18 14:41:53', '2017-03-28 05:40:29', 0.0000),
(64, 'Gravity Custom', '', '', '', '', '', '', 'men', 10, 6, 'catalog/image2.JPG', 11, 1, 5000.0000, 0, 0, '2016-04-18', 0.50000000, 1, 0.00000000, 0.00000000, 0.00000000, 1, 1, 1, 1, 1, 9751, '2016-04-18 14:48:00', '2016-09-20 06:06:25', 5000.0000),
(65, ' Virtual Fitness ', '', '', '', '', '', '', '', 9998, 6, 'catalog/Beachbody-blog-which-better-diet-exercise.jpg', 11, 0, 0.0000, 0, 0, '2016-07-15', 0.00000000, 1, 0.00000000, 0.00000000, 0.00000000, 1, 1, 1, 1, 1, 6998, '2016-07-15 05:40:14', '2018-05-17 12:37:00', 0.0000),
(66, 'Virtual Fitness ', '', '', '', '', '', '', '', 9999, 6, 'catalog/Abs.jpg', 11, 0, 0.0000, 0, 0, '2016-07-15', 0.00000000, 1, 0.00000000, 0.00000000, 0.00000000, 1, 1, 0, 1, 1, 7109, '2016-07-15 05:49:03', '2018-05-17 12:26:28', 0.0000),
(70, 'Virtual Fitness ', '', '', '', '', '', '', '', 1998, 6, 'catalog/Image (3).jpg', 11, 0, 0.0000, 0, 0, '2016-08-22', 0.00000000, 1, 0.00000000, 0.00000000, 0.00000000, 1, 1, 1, 1, 1, 10402, '2016-08-22 10:51:25', '2018-05-17 12:37:59', 0.0000),
(67, 'GRAVITY ', '', '', '', '', '', '', 'Gravity Store', 99, 6, 'catalog/IMG_7256.JPG', 11, 1, 10000.0000, 10, 0, '2016-08-18', 0.50000000, 1, 0.00000000, 0.00000000, 0.00000000, 1, 1, 1, 1, 1, 7413, '2016-08-18 10:19:32', '2018-05-17 12:27:23', 10000.0000),
(68, 'GRAVITY', '', '', '', '', '', '', '', 15, 6, 'catalog/IMG_3365.JPG', 11, 1, 12500.0000, 10, 0, '2016-08-18', 0.50000000, 1, 0.00000000, 0.00000000, 0.00000000, 1, 1, 1, 1, 1, 3143, '2016-08-18 10:30:14', '2017-04-11 06:18:06', 0.0000),
(69, 'GRAVITY', '', '', '', '', '', '', '', 42, 6, 'catalog/FullSizeRender (1).jpg', 11, 1, 3500.0000, 0, 0, '2016-08-18', 0.50000000, 1, 0.00000000, 0.00000000, 0.00000000, 1, 1, 1, 1, 1, 2971, '2016-08-18 10:49:12', '2017-10-17 06:32:21', 0.0000),
(71, 'Workout to Hangout Collection', '', '', '', '', '', '', '', 30, 6, 'catalog/IMG_0131.jpg', 0, 1, 7500.0000, 7, 0, '2017-04-01', 0.50000000, 1, 0.00000000, 0.00000000, 0.00000000, 1, 1, 1, 1, 1, 1211, '2017-03-28 06:31:13', '2017-04-02 16:45:31', 0.0000),
(72, 'Workout to Hangout Collection', '', '', '', '', '', '', '', 30, 6, 'catalog/IMG_0080.jpg', 0, 1, 5350.0000, 7, 0, '2017-04-01', 0.50000000, 1, 0.00000000, 0.00000000, 0.00000000, 1, 1, 1, 1, 1, 1203, '2017-03-28 07:31:28', '2017-04-05 08:44:17', 0.0000),
(73, 'Workout to Hangout Collection', '', '', '', '', '', '', '', 30, 6, 'catalog/IMG_0099.jpg', 11, 1, 3850.0000, 0, 0, '2017-04-01', 0.50000000, 1, 0.00000000, 0.00000000, 0.00000000, 1, 1, 1, 1, 1, 1835, '2017-03-29 10:38:50', '2017-04-02 16:20:02', 0.0000),
(74, 'Workout to Hangout Collection', '', '', '', '', '', '', '', 30, 6, 'catalog/IMG_0077.jpg', 11, 1, 5550.0000, 7, 0, '2017-04-01', 0.50000000, 1, 0.00000000, 0.00000000, 0.00000000, 1, 1, 1, 1, 1, 1513, '2017-03-30 06:19:24', '2017-04-02 15:58:09', 0.0000),
(75, 'Workout to Hangout Collection', '', '', '', '', '', '', '', 30, 6, 'catalog/IMG_0185.jpg', 11, 1, 6500.0000, 7, 0, '2017-04-01', 0.50000000, 1, 0.00000000, 0.00000000, 0.00000000, 1, 1, 1, 1, 1, 1832, '2017-03-31 05:32:42', '2017-04-02 16:18:48', 0.0000),
(76, 'Workout to Hangout Collection', '', '', '', '', '', '', '', 30, 6, 'catalog/IMG_0382.jpg', 11, 1, 4999.0000, 0, 0, '2017-04-01', 0.50000000, 1, 0.00000000, 0.00000000, 0.00000000, 1, 1, 1, 1, 1, 1507, '2017-03-31 06:07:45', '2017-04-02 16:12:29', 0.0000),
(77, 'Workout to Hangout Collection', '', '', '', '', '', '', '', 30, 6, 'catalog/IMG_0004.jpg', 11, 1, 4999.0000, 7, 0, '2017-04-01', 0.50000000, 1, 0.00000000, 0.00000000, 0.00000000, 1, 1, 1, 1, 1, 1780, '2017-03-31 06:15:53', '2017-04-02 15:48:02', 0.0000),
(78, 'Workout to Hangout Collection', '', '', '', '', '', '', '', 30, 6, 'catalog/IMG_0049.jpg', 11, 1, 3850.0000, 7, 0, '2017-04-01', 0.50000000, 1, 0.00000000, 0.00000000, 0.00000000, 1, 1, 1, 1, 1, 1348, '2017-03-31 06:22:49', '2017-04-02 15:52:08', 0.0000),
(79, 'Workout to Hangout Collection', '', '', '', '', '', '', '', 30, 6, 'catalog/IMG_0146.jpg', 11, 1, 3850.0000, 7, 0, '2017-04-01', 0.50000000, 1, 0.00000000, 0.00000000, 0.00000000, 1, 1, 1, 1, 1, 1283, '2017-03-31 06:27:19', '2017-04-02 16:18:16', 0.0000),
(80, 'Workout to Hangout Collection', '', '', '', '', '', '', '', 30, 6, 'catalog/IMG_0265.jpg', 11, 1, 5350.0000, 7, 0, '2017-04-01', 0.50000000, 1, 0.00000000, 0.00000000, 0.00000000, 1, 1, 1, 1, 1, 1317, '2017-03-31 06:30:11', '2017-04-02 16:19:32', 0.0000),
(81, 'Workout to Hangout Collection', '', '', '', '', '', '', '', 20, 6, 'catalog/IMG_0057.jpg', 11, 1, 4000.0000, 7, 0, '2017-04-01', 0.50000000, 1, 0.00000000, 0.00000000, 0.00000000, 1, 1, 1, 1, 1, 2145, '2017-03-31 06:33:38', '2017-04-03 14:50:33', 0.0000),
(82, 'Workout to Hangout Collection', '', '', '', '', '', '', '', 30, 6, 'catalog/IMG_0391.jpg', 11, 1, 4800.0000, 7, 0, '2017-03-31', 0.50000000, 1, 0.00000000, 0.00000000, 0.00000000, 1, 1, 1, 1, 1, 1790, '2017-03-31 06:41:06', '2017-04-02 16:13:27', 0.0000),
(83, 'Workout to Hangout Collection', '', '', '', '', '', '', '', 30, 6, 'catalog/IMG_9102.jpg', 11, 1, 5500.0000, 7, 0, '2017-04-01', 0.50000000, 1, 0.00000000, 0.00000000, 0.00000000, 1, 1, 1, 1, 1, 1528, '2017-03-31 06:59:52', '2017-04-02 16:20:31', 0.0000),
(84, 'Workout to Hangout Collection', '', '', '', '', '', '', '', 30, 6, 'catalog/IMG_9176.jpg', 11, 1, 5500.0000, 7, 0, '2017-04-01', 0.50000000, 1, 0.00000000, 0.00000000, 0.00000000, 1, 1, 1, 1, 1, 2026, '2017-03-31 07:02:55', '2017-04-03 14:10:15', 0.0000),
(85, 'Workout to Hangout Collection', '', '', '', '', '', '', '', 30, 6, 'catalog/IMG_9194.jpg', 11, 1, 7500.0000, 7, 0, '2017-04-01', 0.50000000, 1, 0.00000000, 0.00000000, 0.00000000, 1, 1, 1, 1, 1, 1498, '2017-03-31 07:06:49', '2017-04-02 16:15:18', 0.0000),
(86, 'Workout to Hangout Collection', '', '', '', '', '', '', '', 20, 6, 'catalog/IMG_9115.jpg', 11, 1, 4500.0000, 7, 0, '2017-04-01', 0.50000000, 1, 0.00000000, 0.00000000, 0.00000000, 1, 1, 1, 1, 1, 2173, '2017-03-31 07:11:17', '2017-04-02 16:14:18', 0.0000),
(87, 'Workout to Hangout Collection', '', '', '', '', '', '', '', 20, 6, 'catalog/IMG_9181.jpg', 11, 1, 5500.0000, 7, 0, '2017-04-01', 0.50000000, 1, 0.00000000, 0.00000000, 0.00000000, 1, 1, 1, 1, 1, 1460, '2017-03-31 07:14:56', '2017-04-02 15:55:34', 0.0000),
(88, 'Workout to Hangout Collection', '', '', '', '', '', '', '', 30, 6, 'catalog/IMG_9023.jpg', 11, 1, 5500.0000, 7, 0, '2017-04-01', 0.50000000, 1, 0.00000000, 0.00000000, 0.00000000, 1, 1, 1, 1, 1, 1416, '2017-03-31 07:22:15', '2017-04-02 15:58:52', 0.0000),
(89, 'Workout to Hangout Collection', '', '', '', '', '', '', '', 20, 6, 'catalog/IMG_8982.jpg', 11, 1, 5500.0000, 7, 0, '2017-04-01', 0.50000000, 1, 0.00000000, 0.00000000, 0.00000000, 1, 1, 1, 1, 1, 2154, '2017-03-31 07:31:55', '2017-04-02 15:40:06', 0.0000),
(90, 'Workout to Hangout Collection', '', '', '', '', '', '', '', 20, 6, 'catalog/IMG_9206.jpg', 11, 1, 5500.0000, 7, 0, '2017-04-01', 0.50000000, 1, 0.00000000, 0.00000000, 0.00000000, 1, 1, 1, 1, 1, 1309, '2017-03-31 07:37:42', '2017-04-05 09:03:32', 0.0000),
(91, 'Workout to Hangout Collection', '', '', '', '', '', '', '', 20, 6, 'catalog/IMG_9051.jpg', 11, 1, 5500.0000, 7, 0, '2017-04-01', 0.50000000, 1, 0.00000000, 0.00000000, 0.00000000, 1, 1, 1, 1, 1, 1577, '2017-03-31 07:42:38', '2017-04-02 15:37:00', 0.0000),
(94, 'Workout to Hangout Collection', '', '', '', '', '', '', '', 300, 6, 'catalog/IMG_0924.PNG', 11, 1, 26496.0000, 0, 0, '2017-03-31', 0.50000000, 1, 0.00000000, 0.00000000, 0.00000000, 1, 1, 1, 1, 1, 2123, '2017-03-31 08:33:35', '2017-04-02 16:03:22', 0.0000),
(95, 'Workout To Hangout Collection', '', '', '', '', '', '', '', 30, 6, 'catalog/IMG_0133.JPG', 11, 1, 4999.0000, 0, 0, '2017-04-02', 0.50000000, 1, 0.00000000, 0.00000000, 0.00000000, 1, 1, 1, 1, 1, 4029, '2017-04-02 16:33:40', '2017-04-02 16:49:28', 0.0000),
(96, 'GRAVITY', '', '', '', '', '', '', '', 89, 6, 'catalog/images.png', 11, 1, 7500.0000, 0, 0, '2017-04-03', 0.50000000, 1, 0.00000000, 0.00000000, 0.00000000, 1, 1, 1, 1, 1, 2064, '2017-04-03 12:58:55', '2017-04-11 06:12:15', 0.0000),
(97, 'Food', '', '', '', '', '', '', '', 20, 6, 'catalog/IMG-20170529-WA0016.jpg', 0, 1, 3500.0000, 0, 0, '2017-05-29', 0.50000000, 1, 0.00000000, 0.00000000, 0.00000000, 1, 1, 1, 1, 1, 727, '2017-05-29 07:53:47', '2017-06-05 06:39:39', 0.0000),
(98, 'Food', '', '', '', '', '', '', '', 20, 6, 'catalog/IMG-20170525-WA0012.jpg', 0, 1, 7300.0000, 0, 0, '2017-05-29', 0.50000000, 1, 0.00000000, 0.00000000, 0.00000000, 1, 1, 1, 1, 1, 585, '2017-05-29 08:18:22', '2018-12-07 08:40:09', 0.0000),
(99, 'Food', '', '', '', '', '', '', '', 20, 6, 'catalog/IMG-20170529-WA0009.jpg', 0, 1, 4000.0000, 0, 0, '2017-05-29', 0.50000000, 1, 0.00000000, 0.00000000, 0.00000000, 1, 1, 1, 1, 1, 602, '2017-05-29 08:21:29', '2017-06-05 06:41:24', 0.0000),
(100, 'Food', '', '', '', '', '', '', '', 20, 6, 'catalog/IMG-20170529-WA0013.jpg', 0, 1, 3000.0000, 0, 0, '2017-05-29', 0.50000000, 1, 0.00000000, 0.00000000, 0.00000000, 1, 1, 1, 1, 1, 537, '2017-05-29 08:24:35', '2017-06-05 06:36:59', 0.0000),
(101, 'Food', '', '', '', '', '', '', '', 20, 6, 'catalog/IMG-20170525-WA0014.jpg', 0, 1, 9000.0000, 0, 0, '2017-05-29', 0.50000000, 1, 0.00000000, 0.00000000, 0.00000000, 1, 1, 1, 1, 1, 328, '2017-05-29 08:28:00', '2018-12-07 09:44:08', 0.0000),
(102, 'Food', '', '', '', '', '', '', '', 20, 6, 'catalog/IMG-20170529-WA0008.jpg', 0, 1, 7000.0000, 0, 0, '2017-05-29', 0.50000000, 1, 0.00000000, 0.00000000, 0.00000000, 1, 1, 1, 1, 1, 590, '2017-05-29 08:32:50', '2017-06-05 06:38:08', 0.0000),
(103, 'Food', '', '', '', '', '', '', '', 20, 6, 'catalog/IMG-20170529-WA0014.jpg', 0, 1, 3000.0000, 0, 0, '2017-05-29', 0.50000000, 1, 0.00000000, 0.00000000, 0.00000000, 1, 1, 1, 1, 1, 568, '2017-05-29 08:35:18', '2017-06-05 06:37:17', 0.0000),
(104, 'Food', '', '', '', '', '', '', '', 20, 6, 'catalog/IMG-20170529-WA0015.jpg', 0, 1, 6000.0000, 0, 0, '2017-05-29', 0.50000000, 1, 0.00000000, 0.00000000, 0.00000000, 1, 1, 1, 1, 1, 653, '2017-05-29 08:40:59', '2017-06-05 06:38:23', 0.0000),
(105, 'Food', '', '', '', '', '', '', '', 20, 6, 'catalog/IMG-20170529-WA0011.jpg', 0, 1, 8300.0000, 0, 0, '2017-05-29', 0.50000000, 1, 0.00000000, 0.00000000, 0.00000000, 1, 1, 1, 1, 1, 658, '2017-05-29 08:48:14', '2018-12-07 08:33:57', 0.0000),
(106, 'Food', '', '', '', '', '', '', '', 20, 6, 'catalog/IMG-20170529-WA0010.jpg', 0, 1, 3500.0000, 0, 0, '2017-06-02', 0.50000000, 1, 0.00000000, 0.00000000, 0.00000000, 1, 1, 1, 1, 1, 411, '2017-06-02 06:53:45', '2017-06-05 06:36:01', 0.0000),
(107, 'Food', '', '', '', '', '', '', '', 20, 6, 'catalog/IMG-20170525-WA0014.jpg', 0, 1, 6000.0000, 0, 0, '2017-06-02', 0.00000000, 1, 0.00000000, 0.00000000, 0.00000000, 1, 1, 1, 1, 1, 469, '2017-06-02 06:57:53', '2017-06-05 06:36:27', 0.0000),
(108, 'Food', '', '', '', '', '', '', '', 20, 6, 'catalog/image 16.jpeg', 11, 1, 3500.0000, 0, 0, '2017-06-02', 0.00000000, 1, 0.00000000, 0.00000000, 0.00000000, 1, 1, 1, 1, 1, 1235, '2017-06-02 07:03:16', '2017-06-05 05:21:04', 0.0000),
(109, 'Food', '', '', '', '', '', '', '', 20, 6, 'catalog/image 15.jpeg', 0, 1, 3500.0000, 0, 0, '2017-06-02', 0.00000000, 1, 0.00000000, 0.00000000, 0.00000000, 1, 1, 1, 1, 1, 876, '2017-06-02 07:10:35', '2017-06-05 06:21:10', 0.0000),
(110, 'Food', '', '', '', '', '', '', '', 20, 6, 'catalog/image 7.jpeg', 0, 1, 8800.0000, 0, 0, '2017-06-05', 0.50000000, 1, 0.00000000, 0.00000000, 0.00000000, 1, 1, 1, 1, 1, 1246, '2017-06-05 05:29:21', '2018-12-07 08:42:11', 0.0000),
(111, 'Food', '', '', '', '', '', '', '', 20, 6, 'catalog/image 27.jpeg', 0, 1, 3700.0000, 0, 0, '2017-06-05', 0.50000000, 1, 0.00000000, 0.00000000, 0.00000000, 1, 1, 1, 1, 1, 1813, '2017-06-05 06:02:49', '2017-06-05 06:42:44', 0.0000),
(112, 'Food', '', '', '', '', '', '', '', 20, 6, 'catalog/image 26.jpeg', 0, 1, 4000.0000, 0, 0, '2017-06-05', 0.50000000, 1, 0.00000000, 0.00000000, 0.00000000, 1, 1, 1, 1, 1, 934, '2017-06-05 06:05:29', '2017-06-05 06:37:37', 0.0000),
(113, 'Food', '', '', '', '', '', '', '', 20, 6, 'catalog/image 19.jpeg', 0, 1, 6000.0000, 0, 0, '2017-06-05', 0.50000000, 1, 0.00000000, 0.00000000, 0.00000000, 1, 1, 1, 1, 1, 3398, '2017-06-05 06:08:37', '2017-06-05 06:39:10', 0.0000),
(114, 'Food', '', '', '', '', '', '', '', 20, 6, 'catalog/image 29.jpeg', 0, 1, 5500.0000, 0, 0, '2017-06-05', 0.50000000, 1, 0.00000000, 0.00000000, 0.00000000, 1, 1, 1, 1, 1, 3139, '2017-06-05 06:13:30', '2017-06-05 06:40:18', 0.0000),
(115, 'Food', '', '', '', '', '', '', '', 20, 6, 'catalog/image 28.jpeg', 0, 1, 5500.0000, 0, 0, '2017-06-05', 0.50000000, 1, 0.00000000, 0.00000000, 0.00000000, 1, 1, 1, 1, 1, 3223, '2017-06-05 06:17:20', '2017-06-05 06:40:39', 0.0000),
(116, 'GRAVITY', '', '', '', '', '', '', '', 10000000, 6, 'catalog/apple-icon.png', 11, 1, 0.0000, 0, 0, '2018-03-23', 0.00000000, 1, 0.00000000, 0.00000000, 0.00000000, 1, 1, 1, 1, 1, 1841, '2018-03-23 01:04:06', '2018-05-17 12:28:41', 0.0000),
(117, 'GRAVITY', '', '', '', '', '', '', '', 10000000, 6, 'catalog/Meal-Delivery-Services.jpg', 11, 1, 4000.0000, 0, 0, '2018-05-03', 2.00000000, 1, 0.00000000, 0.00000000, 0.00000000, 1, 1, 1, 1, 1, 5490, '2018-05-03 09:06:52', '2018-05-04 06:22:21', 0.0000),
(118, 'GRAVITY', '', '', '', '', '', '', '', 10000000, 6, 'catalog/10-Reasons-to-Eat-an-Apple-a-Day-Weight-Control.png', 11, 0, 3000.0000, 0, 0, '2018-05-17', 0.00000000, 1, 0.00000000, 0.00000000, 0.00000000, 1, 1, 1, 1, 1, 5283, '2018-05-17 12:25:32', '0000-00-00 00:00:00', 0.0000),
(119, 'Food', '', '', '', '', '', '', '', 20, 6, 'catalog/hami.jpeg', 0, 1, 10000.0000, 0, 0, '2018-12-07', 1.00000000, 1, 0.00000000, 0.00000000, 0.00000000, 1, 1, 1, 1, 1, 1830, '2018-12-07 08:57:09', '0000-00-00 00:00:00', 0.0000),
(120, 'Food', '', '', '', '', '', '', '', 20, 6, 'catalog/IMG-20170525-WA0014.jpg', 0, 1, 15000.0000, 0, 0, '2018-12-07', 0.50000000, 1, 0.00000000, 0.00000000, 0.00000000, 1, 1, 1, 1, 1, 1708, '2018-12-07 09:45:14', '0000-00-00 00:00:00', 0.0000);

-- --------------------------------------------------------

--
-- Table structure for table `oc_product_attribute`
--

CREATE TABLE `oc_product_attribute` (
  `product_id` int(11) NOT NULL,
  `attribute_id` int(11) NOT NULL,
  `language_id` int(11) NOT NULL,
  `text` text NOT NULL
) ENGINE=MyISAM DEFAULT CHARSET=utf8;

--
-- Dumping data for table `oc_product_attribute`
--

INSERT INTO `oc_product_attribute` (`product_id`, `attribute_id`, `language_id`, `text`) VALUES
(117, 1, 1, '');

-- --------------------------------------------------------

--
-- Table structure for table `oc_product_description`
--

CREATE TABLE `oc_product_description` (
  `product_id` int(11) NOT NULL,
  `language_id` int(11) NOT NULL,
  `name` varchar(255) NOT NULL,
  `description` text NOT NULL,
  `tag` text NOT NULL,
  `meta_title` varchar(255) NOT NULL,
  `meta_description` varchar(255) NOT NULL,
  `meta_keyword` varchar(255) NOT NULL
) ENGINE=MyISAM DEFAULT CHARSET=utf8;

--
-- Dumping data for table `oc_product_description`
--

INSERT INTO `oc_product_description` (`product_id`, `language_id`, `name`, `description`, `tag`, `meta_title`, `meta_description`, `meta_keyword`) VALUES
(69, 1, 'Jump Rope', '&lt;p style=&quot;margin-bottom: 1.25em; padding: 0px; direction: ltr; font-family: &amp;quot;Helvetica Neue&amp;quot;, &amp;quot;Helvetica Neue&amp;quot;, Helvetica, Helvetica, Arial, sans-serif; font-size: 16px; line-height: 1.6; text-rendering: optimizeLegibility; color: rgb(34, 34, 34);&quot;&gt;Highly customisable and long-lasting, this&amp;nbsp;&lt;span style=&quot;line-height: inherit;&quot;&gt;little miracle rope&lt;/span&gt;&amp;nbsp;is best for&amp;nbsp;&lt;span style=&quot;line-height: inherit;&quot;&gt;&lt;em style=&quot;line-height: inherit;&quot;&gt;Crossfit, boxing, or advanced cardio training.&lt;/em&gt;&lt;/span&gt;&lt;/p&gt;&lt;ul class=&quot;bullets-list-green-check bullets-list&quot; style=&quot;margin-right: 0px; margin-bottom: 1.25em; margin-left: 0px; padding: 0px; direction: ltr; font-size: 16px; line-height: 1.6; list-style-position: outside; font-family: &amp;quot;Helvetica Neue&amp;quot;, &amp;quot;Helvetica Neue&amp;quot;, Helvetica, Helvetica, Arial, sans-serif; color: rgb(34, 34, 34);&quot;&gt;&lt;p style=&quot;margin-bottom: 1.25em; padding: 0px; direction: ltr; font-size: 1em; line-height: 1.6; text-rendering: optimizeLegibility;&quot;&gt;Designed with highly flexible abrasion resistant Thermoplastic Polyurethane (TPU) coated wire&lt;/p&gt;&lt;p style=&quot;margin-bottom: 1.25em; padding: 0px; direction: ltr; font-size: 1em; line-height: 1.6; text-rendering: optimizeLegibility;&quot;&gt;Fast metal dowel makes handles sturdier and allows for smooth spinning&lt;/p&gt;&lt;p style=&quot;margin-bottom: 1.25em; padding: 0px; direction: ltr; font-size: 1em; line-height: 1.6; text-rendering: optimizeLegibility;&quot;&gt;The protective ends cap protect athletes from the ends of the wire&lt;/p&gt;&lt;p style=&quot;margin-bottom: 1.25em; padding: 0px; direction: ltr; font-size: 1em; line-height: 1.6; text-rendering: optimizeLegibility;&quot;&gt;10′ fully adjustable cable: adjusting is critical for best performance&lt;/p&gt;&lt;/ul&gt;&lt;p style=&quot;margin-bottom: 1.25em; padding: 0px; direction: ltr; font-family: &amp;quot;Helvetica Neue&amp;quot;, &amp;quot;Helvetica Neue&amp;quot;, Helvetica, Helvetica, Arial, sans-serif; font-size: 16px; line-height: 1.6; text-rendering: optimizeLegibility; color: rgb(34, 34, 34);&quot;&gt;#1 Choice for Competitive Jump Rope Athletes and Crossfit training&lt;/p&gt;&lt;p style=&quot;margin-bottom: 1.25em; padding: 0px; direction: ltr; font-family: &amp;quot;Helvetica Neue&amp;quot;, &amp;quot;Helvetica Neue&amp;quot;, Helvetica, Helvetica, Arial, sans-serif; font-size: 16px; line-height: 1.6; text-rendering: optimizeLegibility; color: rgb(34, 34, 34);&quot;&gt;&amp;nbsp;&amp;nbsp;&amp;nbsp;&amp;nbsp;&amp;nbsp;&amp;nbsp;&amp;nbsp;&amp;nbsp;&amp;nbsp;&amp;nbsp;&amp;nbsp;&amp;nbsp;&amp;nbsp;&amp;nbsp;&amp;nbsp;&amp;nbsp;&lt;br&gt;&lt;/p&gt;&lt;p style=&quot;margin-bottom: 1.25em; padding: 0px; direction: ltr; font-family: &amp;quot;Helvetica Neue&amp;quot;, &amp;quot;Helvetica Neue&amp;quot;, Helvetica, Helvetica, Arial, sans-serif; font-size: 16px; line-height: 1.6; text-rendering: optimizeLegibility; color: rgb(34, 34, 34);&quot;&gt;&lt;br&gt;&lt;/p&gt;&lt;p style=&quot;margin-bottom: 1.25em; padding: 0px; direction: ltr; font-family: &amp;quot;Helvetica Neue&amp;quot;, &amp;quot;Helvetica Neue&amp;quot;, Helvetica, Helvetica, Arial, sans-serif; font-size: 16px; line-height: 1.6; text-rendering: optimizeLegibility; color: rgb(34, 34, 34);&quot;&gt;&lt;span style=&quot;line-height: inherit;&quot;&gt;NEED MORE REASONS TO GET THIS SPEED ROPE?&lt;/span&gt;&lt;/p&gt;&lt;p style=&quot;margin-bottom: 1.25em; padding: 0px; direction: ltr; font-family: &amp;quot;Helvetica Neue&amp;quot;, &amp;quot;Helvetica Neue&amp;quot;, Helvetica, Helvetica, Arial, sans-serif; font-size: 16px; line-height: 1.6; text-rendering: optimizeLegibility; color: rgb(34, 34, 34);&quot;&gt;Rope jumping improves cardiovascular fitness while improving bone strength at the same time (10 minutes of rope jumping at 120 RPMs is equivalent to 30 minutes of jogging).&amp;nbsp;But that’s not all. Skipping also improves:&lt;/p&gt;&lt;ul class=&quot;bullets-list-green-arrow bullets-list&quot; style=&quot;margin-right: 0px; margin-bottom: 1.25em; margin-left: 0px; padding: 0px; direction: ltr; font-size: 16px; line-height: 1.6; list-style-position: outside; font-family: &amp;quot;Helvetica Neue&amp;quot;, &amp;quot;Helvetica Neue&amp;quot;, Helvetica, Helvetica, Arial, sans-serif; color: rgb(34, 34, 34);&quot;&gt;&lt;p style=&quot;margin-bottom: 1.25em; padding: 0px; direction: ltr; font-size: 1em; line-height: 1.6; text-rendering: optimizeLegibility;&quot;&gt;Dynamic Balance&lt;/p&gt;&lt;p style=&quot;margin-bottom: 1.25em; padding: 0px; direction: ltr; font-size: 1em; line-height: 1.6; text-rendering: optimizeLegibility;&quot;&gt;Coordination&lt;/p&gt;&lt;p style=&quot;margin-bottom: 1.25em; padding: 0px; direction: ltr; font-size: 1em; line-height: 1.6; text-rendering: optimizeLegibility;&quot;&gt;Body and spacial awareness&lt;/p&gt;&lt;/ul&gt;&lt;p style=&quot;margin-bottom: 1.25em; padding: 0px; direction: ltr; font-family: &amp;quot;Helvetica Neue&amp;quot;, &amp;quot;Helvetica Neue&amp;quot;, Helvetica, Helvetica, Arial, sans-serif; font-size: 16px; line-height: 1.6; text-rendering: optimizeLegibility; color: rgb(34, 34, 34);&quot;&gt;&lt;br&gt;&lt;/p&gt;&lt;p style=&quot;margin-bottom: 1.25em; padding: 0px; direction: ltr; font-family: &amp;quot;Helvetica Neue&amp;quot;, &amp;quot;Helvetica Neue&amp;quot;, Helvetica, Helvetica, Arial, sans-serif; font-size: 16px; line-height: 1.6; text-rendering: optimizeLegibility; color: rgb(34, 34, 34);&quot;&gt;&lt;br&gt;&lt;/p&gt;&lt;p style=&quot;margin-bottom: 1.25em; padding: 0px; direction: ltr; font-family: &amp;quot;Helvetica Neue&amp;quot;, &amp;quot;Helvetica Neue&amp;quot;, Helvetica, Helvetica, Arial, sans-serif; font-size: 16px; line-height: 1.6; text-rendering: optimizeLegibility; color: rgb(34, 34, 34);&quot;&gt;&amp;nbsp;&lt;/p&gt;', 'Jump rope, Skipping rope', 'Jump rope, Skipping rope', 'Jump rope, Skipping rope', 'Jump rope, Skipping rope'),
(70, 1, 'GRAVITY Virtual Fitness PRO+', '&lt;p&gt;This brings digitised Fitness, Exercise and Diet support to you via our online platform, Mobile app and other digitised sources. There\'s no need for a gym membership! Each of our 30 minute recommendations brings fitness straight to you wherever you are! It also Includes access to our exclusive mobile platform.&lt;span style=&quot;color: rgb(34, 34, 34); font-family: arial, sans-serif; font-size: 12.8px;&quot;&gt;&lt;br&gt;&lt;/span&gt;&lt;/p&gt;&lt;p&gt;&lt;span style=&quot;color: rgb(34, 34, 34); font-family: arial, sans-serif; font-size: 12.8px;&quot;&gt;Virtualfitness Pro+ provides 4 meal plans, 4 personalized menus,&amp;nbsp; supplement guidance, access to the app and portal support, 4 standard 3D scheduled programmes,&amp;nbsp; customized video recommendations, periodic one-on-one check-in, group support on a monthly basis.&lt;/span&gt;&lt;br&gt;&lt;/p&gt;', 'VDiet plans, Virtual Coaching, Virtual Fitness, Mobile app, Desk top app, Tablet app, online training, online support', 'Gravity Virtual Fitness PRO+', 'Diet plans, Virtual Coaching, Virtual Fitness, Videos, Mobile app, Desk top app, Tablet app, online training, online support', 'Diet plans, Virtual Coaching, Virtual Fitness, Videos, Mobile app, Desk top app, Tablet app, online training, online support'),
(116, 1, 'GRAVITY Virtualfitness PRO-X', '&lt;p&gt;&lt;span style=&quot;color: rgb(34, 34, 34); font-family: arial, sans-serif; font-size: 12.8px;&quot;&gt;Virtualfitness PRO-X&amp;nbsp; provides unlimited meal plans, unlimited personalized menus with specific attention to health challenges ( e.g high BP, Diabetes, other physical challenges),free programme adjustments, supplement guidance, 8 customized video recommendations, unlimited access to the app and portal support, 8 personalized 3D scheduled workouts , optional group support, 24/7 email&amp;nbsp;support,&amp;nbsp; exclusive daily one-on-one-support including phones calls and scheduled real-time consultation, optional group support.&lt;/span&gt;&lt;br&gt;&lt;/p&gt;', 'Virtualfitness PRO-X', 'Virtualfitness PRO-X', 'Exclusive support :  Virtualfitness PRO-X  provides unlimited meal plans, unlimited personalized menus with specific attention to health challenges ( e.g high BP, Diabetes, other physical challenges), 8 customized video recommendations, unlimited access t', 'weightloss, support, meal plan, exercise'),
(117, 1, 'GRAVITY Food Basket', '\r\n\r\n\r\n&lt;!--[if gte mso 9]&gt;&lt;xml&gt;\r\n &lt;o:OfficeDocumentSettings&gt;\r\n  &lt;o:RelyOnVML&gt;&lt;/o:RelyOnVML&gt;\r\n  &lt;o:AllowPNG&gt;&lt;/o:AllowPNG&gt;\r\n &lt;/o:OfficeDocumentSettings&gt;\r\n&lt;/xml&gt;&lt;![endif]--&gt;\r\n\r\n&lt;!--[if gte mso 9]&gt;&lt;xml&gt;\r\n &lt;w:WordDocument&gt;\r\n  &lt;w:View&gt;Normal&lt;/w:View&gt;\r\n  &lt;w:Zoom&gt;0&lt;/w:Zoom&gt;\r\n  &lt;w:TrackMoves&gt;&lt;/w:TrackMoves&gt;\r\n  &lt;w:TrackFormatting&gt;&lt;/w:TrackFormatting&gt;\r\n  &lt;w:PunctuationKerning&gt;&lt;/w:PunctuationKerning&gt;\r\n  &lt;w:ValidateAgainstSchemas&gt;&lt;/w:ValidateAgainstSchemas&gt;\r\n  &lt;w:SaveIfXMLInvalid&gt;false&lt;/w:SaveIfXMLInvalid&gt;\r\n  &lt;w:IgnoreMixedContent&gt;false&lt;/w:IgnoreMixedContent&gt;\r\n  &lt;w:AlwaysShowPlaceholderText&gt;false&lt;/w:AlwaysShowPlaceholderText&gt;\r\n  &lt;w:DoNotPromoteQF&gt;&lt;/w:DoNotPromoteQF&gt;\r\n  &lt;w:LidThemeOther&gt;EN-GB&lt;/w:LidThemeOther&gt;\r\n  &lt;w:LidThemeAsian&gt;JA&lt;/w:LidThemeAsian&gt;\r\n  &lt;w:LidThemeComplexScript&gt;X-NONE&lt;/w:LidThemeComplexScript&gt;\r\n  &lt;w:Compatibility&gt;\r\n   &lt;w:BreakWrappedTables&gt;&lt;/w:BreakWrappedTables&gt;\r\n   &lt;w:SnapToGridInCell&gt;&lt;/w:SnapToGridInCell&gt;\r\n   &lt;w:WrapTextWithPunct&gt;&lt;/w:WrapTextWithPunct&gt;\r\n   &lt;w:UseAsianBreakRules&gt;&lt;/w:UseAsianBreakRules&gt;\r\n   &lt;w:DontGrowAutofit&gt;&lt;/w:DontGrowAutofit&gt;\r\n   &lt;w:SplitPgBreakAndParaMark&gt;&lt;/w:SplitPgBreakAndParaMark&gt;\r\n   &lt;w:EnableOpenTypeKerning&gt;&lt;/w:EnableOpenTypeKerning&gt;\r\n   &lt;w:DontFlipMirrorIndents&gt;&lt;/w:DontFlipMirrorIndents&gt;\r\n   &lt;w:OverrideTableStyleHps&gt;&lt;/w:OverrideTableStyleHps&gt;\r\n  &lt;/w:Compatibility&gt;\r\n  &lt;m:mathPr&gt;\r\n   &lt;m:mathFont m:val=&quot;Cambria Math&quot;&gt;&lt;/m:mathFont&gt;\r\n   &lt;m:brkBin m:val=&quot;before&quot;&gt;&lt;/m:brkBin&gt;\r\n   &lt;m:brkBinSub m:val=&quot;&amp;#45;-&quot;&gt;&lt;/m:brkBinSub&gt;\r\n   &lt;m:smallFrac m:val=&quot;off&quot;&gt;&lt;/m:smallFrac&gt;\r\n   &lt;m:dispDef&gt;&lt;/m:dispDef&gt;\r\n   &lt;m:lMargin m:val=&quot;0&quot;&gt;&lt;/m:lMargin&gt;\r\n   &lt;m:rMargin m:val=&quot;0&quot;&gt;&lt;/m:rMargin&gt;\r\n   &lt;m:defJc m:val=&quot;centerGroup&quot;&gt;&lt;/m:defJc&gt;\r\n   &lt;m:wrapIndent m:val=&quot;1440&quot;&gt;&lt;/m:wrapIndent&gt;\r\n   &lt;m:intLim m:val=&quot;subSup&quot;&gt;&lt;/m:intLim&gt;\r\n   &lt;m:naryLim m:val=&quot;undOvr&quot;&gt;&lt;/m:naryLim&gt;\r\n  &lt;/m:mathPr&gt;&lt;/w:WordDocument&gt;\r\n&lt;/xml&gt;&lt;![endif]--&gt;&lt;!--[if gte mso 9]&gt;&lt;xml&gt;\r\n &lt;w:LatentStyles DefLockedState=&quot;false&quot; DefUnhideWhenUsed=&quot;true&quot;\r\n  DefSemiHidden=&quot;true&quot; DefQFormat=&quot;false&quot; DefPriority=&quot;99&quot;\r\n  LatentStyleCount=&quot;276&quot;&gt;\r\n  &lt;w:LsdException Locked=&quot;false&quot; Priority=&quot;0&quot; SemiHidden=&quot;false&quot;\r\n   UnhideWhenUsed=&quot;false&quot; QFormat=&quot;true&quot; Name=&quot;Normal&quot;&gt;&lt;/w:LsdException&gt;\r\n  &lt;w:LsdException Locked=&quot;false&quot; Priority=&quot;9&quot; SemiHidden=&quot;false&quot;\r\n   UnhideWhenUsed=&quot;false&quot; QFormat=&quot;true&quot; Name=&quot;heading 1&quot;&gt;&lt;/w:LsdException&gt;\r\n  &lt;w:LsdException Locked=&quot;false&quot; Priority=&quot;9&quot; QFormat=&quot;true&quot; Name=&quot;heading 2&quot;&gt;&lt;/w:LsdException&gt;\r\n  &lt;w:LsdException Locked=&quot;false&quot; Priority=&quot;9&quot; QFormat=&quot;true&quot; Name=&quot;heading 3&quot;&gt;&lt;/w:LsdException&gt;\r\n  &lt;w:LsdException Locked=&quot;false&quot; Priority=&quot;9&quot; QFormat=&quot;true&quot; Name=&quot;heading 4&quot;&gt;&lt;/w:LsdException&gt;\r\n  &lt;w:LsdException Locked=&quot;false&quot; Priority=&quot;9&quot; QFormat=&quot;true&quot; Name=&quot;heading 5&quot;&gt;&lt;/w:LsdException&gt;\r\n  &lt;w:LsdException Locked=&quot;false&quot; Priority=&quot;9&quot; QFormat=&quot;true&quot; Name=&quot;heading 6&quot;&gt;&lt;/w:LsdException&gt;\r\n  &lt;w:LsdException Locked=&quot;false&quot; Priority=&quot;9&quot; QFormat=&quot;true&quot; Name=&quot;heading 7&quot;&gt;&lt;/w:LsdException&gt;\r\n  &lt;w:LsdException Locked=&quot;false&quot; Priority=&quot;9&quot; QFormat=&quot;true&quot; Name=&quot;heading 8&quot;&gt;&lt;/w:LsdException&gt;\r\n  &lt;w:LsdException Locked=&quot;false&quot; Priority=&quot;9&quot; QFormat=&quot;true&quot; Name=&quot;heading 9&quot;&gt;&lt;/w:LsdException&gt;\r\n  &lt;w:LsdException Locked=&quot;false&quot; Priority=&quot;39&quot; Name=&quot;toc 1&quot;&gt;&lt;/w:LsdException&gt;\r\n  &lt;w:LsdException Locked=&quot;false&quot; Priority=&quot;39&quot; Name=&quot;toc 2&quot;&gt;&lt;/w:LsdException&gt;\r\n  &lt;w:LsdException Locked=&quot;false&quot; Priority=&quot;39&quot; Name=&quot;toc 3&quot;&gt;&lt;/w:LsdException&gt;\r\n  &lt;w:LsdException Locked=&quot;false&quot; Priority=&quot;39&quot; Name=&quot;toc 4&quot;&gt;&lt;/w:LsdException&gt;\r\n  &lt;w:LsdException Locked=&quot;false&quot; Priority=&quot;39&quot; Name=&quot;toc 5&quot;&gt;&lt;/w:LsdException&gt;\r\n  &lt;w:LsdException Locked=&quot;false&quot; Priority=&quot;39&quot; Name=&quot;toc 6&quot;&gt;&lt;/w:LsdException&gt;\r\n  &lt;w:LsdException Locked=&quot;false&quot; Priority=&quot;39&quot; Name=&quot;toc 7&quot;&gt;&lt;/w:LsdException&gt;\r\n  &lt;w:LsdException Locked=&quot;false&quot; Priority=&quot;39&quot; Name=&quot;toc 8&quot;&gt;&lt;/w:LsdException&gt;\r\n  &lt;w:LsdException Locked=&quot;false&quot; Priority=&quot;39&quot; Name=&quot;toc 9&quot;&gt;&lt;/w:LsdException&gt;\r\n  &lt;w:LsdException Locked=&quot;false&quot; Priority=&quot;35&quot; QFormat=&quot;true&quot; Name=&quot;caption&quot;&gt;&lt;/w:LsdException&gt;\r\n  &lt;w:LsdException Locked=&quot;false&quot; Priority=&quot;10&quot; SemiHidden=&quot;false&quot;\r\n   UnhideWhenUsed=&quot;false&quot; QFormat=&quot;true&quot; Name=&quot;Title&quot;&gt;&lt;/w:LsdException&gt;\r\n  &lt;w:LsdException Locked=&quot;false&quot; Priority=&quot;1&quot; Name=&quot;Default Paragraph Font&quot;&gt;&lt;/w:LsdException&gt;\r\n  &lt;w:LsdException Locked=&quot;false&quot; Priority=&quot;11&quot; SemiHidden=&quot;false&quot;\r\n   UnhideWhenUsed=&quot;false&quot; QFormat=&quot;true&quot; Name=&quot;Subtitle&quot;&gt;&lt;/w:LsdException&gt;\r\n  &lt;w:LsdException Locked=&quot;false&quot; Priority=&quot;22&quot; SemiHidden=&quot;false&quot;\r\n   UnhideWhenUsed=&quot;false&quot; QFormat=&quot;true&quot; Name=&quot;Strong&quot;&gt;&lt;/w:LsdException&gt;\r\n  &lt;w:LsdException Locked=&quot;false&quot; Priority=&quot;20&quot; SemiHidden=&quot;false&quot;\r\n   UnhideWhenUsed=&quot;false&quot; QFormat=&quot;true&quot; Name=&quot;Emphasis&quot;&gt;&lt;/w:LsdException&gt;\r\n  &lt;w:LsdException Locked=&quot;false&quot; Priority=&quot;59&quot; SemiHidden=&quot;false&quot;\r\n   UnhideWhenUsed=&quot;false&quot; Name=&quot;Table Grid&quot;&gt;&lt;/w:LsdException&gt;\r\n  &lt;w:LsdException Locked=&quot;false&quot; UnhideWhenUsed=&quot;false&quot; Name=&quot;Placeholder Text&quot;&gt;&lt;/w:LsdException&gt;\r\n  &lt;w:LsdException Locked=&quot;false&quot; Priority=&quot;1&quot; SemiHidden=&quot;false&quot;\r\n   UnhideWhenUsed=&quot;false&quot; QFormat=&quot;true&quot; Name=&quot;No Spacing&quot;&gt;&lt;/w:LsdException&gt;\r\n  &lt;w:LsdException Locked=&quot;false&quot; Priority=&quot;60&quot; SemiHidden=&quot;false&quot;\r\n   UnhideWhenUsed=&quot;false&quot; Name=&quot;Light Shading&quot;&gt;&lt;/w:LsdException&gt;\r\n  &lt;w:LsdException Locked=&quot;false&quot; Priority=&quot;61&quot; SemiHidden=&quot;false&quot;\r\n   UnhideWhenUsed=&quot;false&quot; Name=&quot;Light List&quot;&gt;&lt;/w:LsdException&gt;\r\n  &lt;w:LsdException Locked=&quot;false&quot; Priority=&quot;62&quot; SemiHidden=&quot;false&quot;\r\n   UnhideWhenUsed=&quot;false&quot; Name=&quot;Light Grid&quot;&gt;&lt;/w:LsdException&gt;\r\n  &lt;w:LsdException Locked=&quot;false&quot; Priority=&quot;63&quot; SemiHidden=&quot;false&quot;\r\n   UnhideWhenUsed=&quot;false&quot; Name=&quot;Medium Shading 1&quot;&gt;&lt;/w:LsdException&gt;\r\n  &lt;w:LsdException Locked=&quot;false&quot; Priority=&quot;64&quot; SemiHidden=&quot;false&quot;\r\n   UnhideWhenUsed=&quot;false&quot; Name=&quot;Medium Shading 2&quot;&gt;&lt;/w:LsdException&gt;\r\n  &lt;w:LsdException Locked=&quot;false&quot; Priority=&quot;65&quot; SemiHidden=&quot;false&quot;\r\n   UnhideWhenUsed=&quot;false&quot; Name=&quot;Medium List 1&quot;&gt;&lt;/w:LsdException&gt;\r\n  &lt;w:LsdException Locked=&quot;false&quot; Priority=&quot;66&quot; SemiHidden=&quot;false&quot;\r\n   UnhideWhenUsed=&quot;false&quot; Name=&quot;Medium List 2&quot;&gt;&lt;/w:LsdException&gt;\r\n  &lt;w:LsdException Locked=&quot;false&quot; Priority=&quot;67&quot; SemiHidden=&quot;false&quot;\r\n   UnhideWhenUsed=&quot;false&quot; Name=&quot;Medium Grid 1&quot;&gt;&lt;/w:LsdException&gt;\r\n  &lt;w:LsdException Locked=&quot;false&quot; Priority=&quot;68&quot; SemiHidden=&quot;false&quot;\r\n   UnhideWhenUsed=&quot;false&quot; Name=&quot;Medium Grid 2&quot;&gt;&lt;/w:LsdException&gt;\r\n  &lt;w:LsdException Locked=&quot;false&quot; Priority=&quot;69&quot; SemiHidden=&quot;false&quot;\r\n   UnhideWhenUsed=&quot;false&quot; Name=&quot;Medium Grid 3&quot;&gt;&lt;/w:LsdException&gt;\r\n  &lt;w:LsdException Locked=&quot;false&quot; Priority=&quot;70&quot; SemiHidden=&quot;false&quot;\r\n   UnhideWhenUsed=&quot;false&quot; Name=&quot;Dark List&quot;&gt;&lt;/w:LsdException&gt;\r\n  &lt;w:LsdException Locked=&quot;false&quot; Priority=&quot;71&quot; SemiHidden=&quot;false&quot;\r\n   UnhideWhenUsed=&quot;false&quot; Name=&quot;Colorful Shading&quot;&gt;&lt;/w:LsdException&gt;\r\n  &lt;w:LsdException Locked=&quot;false&quot; Priority=&quot;72&quot; SemiHidden=&quot;false&quot;\r\n   UnhideWhenUsed=&quot;false&quot; Name=&quot;Colorful List&quot;&gt;&lt;/w:LsdException&gt;\r\n  &lt;w:LsdException Locked=&quot;false&quot; Priority=&quot;73&quot; SemiHidden=&quot;false&quot;\r\n   UnhideWhenUsed=&quot;false&quot; Name=&quot;Colorful Grid&quot;&gt;&lt;/w:LsdException&gt;\r\n  &lt;w:LsdException Locked=&quot;false&quot; Priority=&quot;60&quot; SemiHidden=&quot;false&quot;\r\n   UnhideWhenUsed=&quot;false&quot; Name=&quot;Light Shading Accent 1&quot;&gt;&lt;/w:LsdException&gt;\r\n  &lt;w:LsdException Locked=&quot;false&quot; Priority=&quot;61&quot; SemiHidden=&quot;false&quot;\r\n   UnhideWhenUsed=&quot;false&quot; Name=&quot;Light List Accent 1&quot;&gt;&lt;/w:LsdException&gt;\r\n  &lt;w:LsdException Locked=&quot;false&quot; Priority=&quot;62&quot; SemiHidden=&quot;false&quot;\r\n   UnhideWhenUsed=&quot;false&quot; Name=&quot;Light Grid Accent 1&quot;&gt;&lt;/w:LsdException&gt;\r\n  &lt;w:LsdException Locked=&quot;false&quot; Priority=&quot;63&quot; SemiHidden=&quot;false&quot;\r\n   UnhideWhenUsed=&quot;false&quot; Name=&quot;Medium Shading 1 Accent 1&quot;&gt;&lt;/w:LsdException&gt;\r\n  &lt;w:LsdException Locked=&quot;false&quot; Priority=&quot;64&quot; SemiHidden=&quot;false&quot;\r\n   UnhideWhenUsed=&quot;false&quot; Name=&quot;Medium Shading 2 Accent 1&quot;&gt;&lt;/w:LsdException&gt;\r\n  &lt;w:LsdException Locked=&quot;false&quot; Priority=&quot;65&quot; SemiHidden=&quot;false&quot;\r\n   UnhideWhenUsed=&quot;false&quot; Name=&quot;Medium List 1 Accent 1&quot;&gt;&lt;/w:LsdException&gt;\r\n  &lt;w:LsdException Locked=&quot;false&quot; UnhideWhenUsed=&quot;false&quot; Name=&quot;Revision&quot;&gt;&lt;/w:LsdException&gt;\r\n  &lt;w:LsdException Locked=&quot;false&quot; Priority=&quot;34&quot; SemiHidden=&quot;false&quot;\r\n   UnhideWhenUsed=&quot;false&quot; QFormat=&quot;true&quot; Name=&quot;List Paragraph&quot;&gt;&lt;/w:LsdException&gt;\r\n  &lt;w:LsdException Locked=&quot;false&quot; Priority=&quot;29&quot; SemiHidden=&quot;false&quot;\r\n   UnhideWhenUsed=&quot;false&quot; QFormat=&quot;true&quot; Name=&quot;Quote&quot;&gt;&lt;/w:LsdException&gt;\r\n  &lt;w:LsdException Locked=&quot;false&quot; Priority=&quot;30&quot; SemiHidden=&quot;false&quot;\r\n   UnhideWhenUsed=&quot;false&quot; QFormat=&quot;true&quot; Name=&quot;Intense Quote&quot;&gt;&lt;/w:LsdException&gt;\r\n  &lt;w:LsdException Locked=&quot;false&quot; Priority=&quot;66&quot; SemiHidden=&quot;false&quot;\r\n   UnhideWhenUsed=&quot;false&quot; Name=&quot;Medium List 2 Accent 1&quot;&gt;&lt;/w:LsdException&gt;\r\n  &lt;w:LsdException Locked=&quot;false&quot; Priority=&quot;67&quot; SemiHidden=&quot;false&quot;\r\n   UnhideWhenUsed=&quot;false&quot; Name=&quot;Medium Grid 1 Accent 1&quot;&gt;&lt;/w:LsdException&gt;\r\n  &lt;w:LsdException Locked=&quot;false&quot; Priority=&quot;68&quot; SemiHidden=&quot;false&quot;\r\n   UnhideWhenUsed=&quot;false&quot; Name=&quot;Medium Grid 2 Accent 1&quot;&gt;&lt;/w:LsdException&gt;\r\n  &lt;w:LsdException Locked=&quot;false&quot; Priority=&quot;69&quot; SemiHidden=&quot;false&quot;\r\n   UnhideWhenUsed=&quot;false&quot; Name=&quot;Medium Grid 3 Accent 1&quot;&gt;&lt;/w:LsdException&gt;\r\n  &lt;w:LsdException Locked=&quot;false&quot; Priority=&quot;70&quot; SemiHidden=&quot;false&quot;\r\n   UnhideWhenUsed=&quot;false&quot; Name=&quot;Dark List Accent 1&quot;&gt;&lt;/w:LsdException&gt;\r\n  &lt;w:LsdException Locked=&quot;false&quot; Priority=&quot;71&quot; SemiHidden=&quot;false&quot;\r\n   UnhideWhenUsed=&quot;false&quot; Name=&quot;Colorful Shading Accent 1&quot;&gt;&lt;/w:LsdException&gt;\r\n  &lt;w:LsdException Locked=&quot;false&quot; Priority=&quot;72&quot; SemiHidden=&quot;false&quot;\r\n   UnhideWhenUsed=&quot;false&quot; Name=&quot;Colorful List Accent 1&quot;&gt;&lt;/w:LsdException&gt;\r\n  &lt;w:LsdException Locked=&quot;false&quot; Priority=&quot;73&quot; SemiHidden=&quot;false&quot;\r\n   UnhideWhenUsed=&quot;false&quot; Name=&quot;Colorful Grid Accent 1&quot;&gt;&lt;/w:LsdException&gt;\r\n  &lt;w:LsdException Locked=&quot;false&quot; Priority=&quot;60&quot; SemiHidden=&quot;false&quot;\r\n   UnhideWhenUsed=&quot;false&quot; Name=&quot;Light Shading Accent 2&quot;&gt;&lt;/w:LsdException&gt;\r\n  &lt;w:LsdException Locked=&quot;false&quot; Priority=&quot;61&quot; SemiHidden=&quot;false&quot;\r\n   UnhideWhenUsed=&quot;false&quot; Name=&quot;Light List Accent 2&quot;&gt;&lt;/w:LsdException&gt;\r\n  &lt;w:LsdException Locked=&quot;false&quot; Priority=&quot;62&quot; SemiHidden=&quot;false&quot;\r\n   UnhideWhenUsed=&quot;false&quot; Name=&quot;Light Grid Accent 2&quot;&gt;&lt;/w:LsdException&gt;\r\n  &lt;w:LsdException Locked=&quot;false&quot; Priority=&quot;63&quot; SemiHidden=&quot;false&quot;\r\n   UnhideWhenUsed=&quot;false&quot; Name=&quot;Medium Shading 1 Accent 2&quot;&gt;&lt;/w:LsdException&gt;\r\n  &lt;w:LsdException Locked=&quot;false&quot; Priority=&quot;64&quot; SemiHidden=&quot;false&quot;\r\n   UnhideWhenUsed=&quot;false&quot; Name=&quot;Medium Shading 2 Accent 2&quot;&gt;&lt;/w:LsdException&gt;\r\n  &lt;w:LsdException Locked=&quot;false&quot; Priority=&quot;65&quot; SemiHidden=&quot;false&quot;\r\n   UnhideWhenUsed=&quot;false&quot; Name=&quot;Medium List 1 Accent 2&quot;&gt;&lt;/w:LsdException&gt;\r\n  &lt;w:LsdException Locked=&quot;false&quot; Priority=&quot;66&quot; SemiHidden=&quot;false&quot;\r\n   UnhideWhenUsed=&quot;false&quot; Name=&quot;Medium List 2 Accent 2&quot;&gt;&lt;/w:LsdException&gt;\r\n  &lt;w:LsdException Locked=&quot;false&quot; Priority=&quot;67&quot; SemiHidden=&quot;false&quot;\r\n   UnhideWhenUsed=&quot;false&quot; Name=&quot;Medium Grid 1 Accent 2&quot;&gt;&lt;/w:LsdException&gt;\r\n  &lt;w:LsdException Locked=&quot;false&quot; Priority=&quot;68&quot; SemiHidden=&quot;false&quot;\r\n   UnhideWhenUsed=&quot;false&quot; Name=&quot;Medium Grid 2 Accent 2&quot;&gt;&lt;/w:LsdException&gt;\r\n  &lt;w:LsdException Locked=&quot;false&quot; Priority=&quot;69&quot; SemiHidden=&quot;false&quot;\r\n   UnhideWhenUsed=&quot;false&quot; Name=&quot;Medium Grid 3 Accent 2&quot;&gt;&lt;/w:LsdException&gt;\r\n  &lt;w:LsdException Locked=&quot;false&quot; Priority=&quot;70&quot; SemiHidden=&quot;false&quot;\r\n   UnhideWhenUsed=&quot;false&quot; Name=&quot;Dark List Accent 2&quot;&gt;&lt;/w:LsdException&gt;\r\n  &lt;w:LsdException Locked=&quot;false&quot; Priority=&quot;71&quot; SemiHidden=&quot;false&quot;\r\n   UnhideWhenUsed=&quot;false&quot; Name=&quot;Colorful Shading Accent 2&quot;&gt;&lt;/w:LsdException&gt;\r\n  &lt;w:LsdException Locked=&quot;false&quot; Priority=&quot;72&quot; SemiHidden=&quot;false&quot;\r\n   UnhideWhenUsed=&quot;false&quot; Name=&quot;Colorful List Accent 2&quot;&gt;&lt;/w:LsdException&gt;\r\n  &lt;w:LsdException Locked=&quot;false&quot; Priority=&quot;73&quot; SemiHidden=&quot;false&quot;\r\n   UnhideWhenUsed=&quot;false&quot; Name=&quot;Colorful Grid Accent 2&quot;&gt;&lt;/w:LsdException&gt;\r\n  &lt;w:LsdException Locked=&quot;false&quot; Priority=&quot;60&quot; SemiHidden=&quot;false&quot;\r\n   UnhideWhenUsed=&quot;false&quot; Name=&quot;Light Shading Accent 3&quot;&gt;&lt;/w:LsdException&gt;\r\n  &lt;w:LsdException Locked=&quot;false&quot; Priority=&quot;61&quot; SemiHidden=&quot;false&quot;\r\n   UnhideWhenUsed=&quot;false&quot; Name=&quot;Light List Accent 3&quot;&gt;&lt;/w:LsdException&gt;\r\n  &lt;w:LsdException Locked=&quot;false&quot; Priority=&quot;62&quot; SemiHidden=&quot;false&quot;\r\n   UnhideWhenUsed=&quot;false&quot; Name=&quot;Light Grid Accent 3&quot;&gt;&lt;/w:LsdException&gt;\r\n  &lt;w:LsdException Locked=&quot;false&quot; Priority=&quot;63&quot; SemiHidden=&quot;false&quot;\r\n   UnhideWhenUsed=&quot;false&quot; Name=&quot;Medium Shading 1 Accent 3&quot;&gt;&lt;/w:LsdException&gt;\r\n  &lt;w:LsdException Locked=&quot;false&quot; Priority=&quot;64&quot; SemiHidden=&quot;false&quot;\r\n   UnhideWhenUsed=&quot;false&quot; Name=&quot;Medium Shading 2 Accent 3&quot;&gt;&lt;/w:LsdException&gt;\r\n  &lt;w:LsdException Locked=&quot;false&quot; Priority=&quot;65&quot; SemiHidden=&quot;false&quot;\r\n   UnhideWhenUsed=&quot;false&quot; Name=&quot;Medium List 1 Accent 3&quot;&gt;&lt;/w:LsdException&gt;\r\n  &lt;w:LsdException Locked=&quot;false&quot; Priority=&quot;66&quot; SemiHidden=&quot;false&quot;\r\n   UnhideWhenUsed=&quot;false&quot; Name=&quot;Medium List 2 Accent 3&quot;&gt;&lt;/w:LsdException&gt;\r\n  &lt;w:LsdException Locked=&quot;false&quot; Priority=&quot;67&quot; SemiHidden=&quot;false&quot;\r\n   UnhideWhenUsed=&quot;false&quot; Name=&quot;Medium Grid 1 Accent 3&quot;&gt;&lt;/w:LsdException&gt;\r\n  &lt;w:LsdException Locked=&quot;false&quot; Priority=&quot;68&quot; SemiHidden=&quot;false&quot;\r\n   UnhideWhenUsed=&quot;false&quot; Name=&quot;Medium Grid 2 Accent 3&quot;&gt;&lt;/w:LsdException&gt;\r\n  &lt;w:LsdException Locked=&quot;false&quot; Priority=&quot;69&quot; SemiHidden=&quot;false&quot;\r\n   UnhideWhenUsed=&quot;false&quot; Name=&quot;Medium Grid 3 Accent 3&quot;&gt;&lt;/w:LsdException&gt;\r\n  &lt;w:LsdException Locked=&quot;false&quot; Priority=&quot;70&quot; SemiHidden=&quot;false&quot;\r\n   UnhideWhenUsed=&quot;false&quot; Name=&quot;Dark List Accent 3&quot;&gt;&lt;/w:LsdException&gt;\r\n  &lt;w:LsdException Locked=&quot;false&quot; Priority=&quot;71&quot; SemiHidden=&quot;false&quot;\r\n   UnhideWhenUsed=&quot;false&quot; Name=&quot;Colorful Shading Accent 3&quot;&gt;&lt;/w:LsdException&gt;\r\n  &lt;w:LsdException Locked=&quot;false&quot; Priority=&quot;72&quot; SemiHidden=&quot;false&quot;\r\n   UnhideWhenUsed=&quot;false&quot; Name=&quot;Colorful List Accent 3&quot;&gt;&lt;/w:LsdException&gt;\r\n  &lt;w:LsdException Locked=&quot;false&quot; Priority=&quot;73&quot; SemiHidden=&quot;false&quot;\r\n   UnhideWhenUsed=&quot;false&quot; Name=&quot;Colorful Grid Accent 3&quot;&gt;&lt;/w:LsdException&gt;\r\n  &lt;w:LsdException Locked=&quot;false&quot; Priority=&quot;60&quot; SemiHidden=&quot;false&quot;\r\n   UnhideWhenUsed=&quot;false&quot; Name=&quot;Light Shading Accent 4&quot;&gt;&lt;/w:LsdException&gt;\r\n  &lt;w:LsdException Locked=&quot;false&quot; Priority=&quot;61&quot; SemiHidden=&quot;false&quot;\r\n   UnhideWhenUsed=&quot;false&quot; Name=&quot;Light List Accent 4&quot;&gt;&lt;/w:LsdException&gt;\r\n  &lt;w:LsdException Locked=&quot;false&quot; Priority=&quot;62&quot; SemiHidden=&quot;false&quot;\r\n   UnhideWhenUsed=&quot;false&quot; Name=&quot;Light Grid Accent 4&quot;&gt;&lt;/w:LsdException&gt;\r\n  &lt;w:LsdException Locked=&quot;false&quot; Priority=&quot;63&quot; SemiHidden=&quot;false&quot;\r\n   UnhideWhenUsed=&quot;false&quot; Name=&quot;Medium Shading 1 Accent 4&quot;&gt;&lt;/w:LsdException&gt;\r\n  &lt;w:LsdException Locked=&quot;false&quot; Priority=&quot;64&quot; SemiHidden=&quot;false&quot;\r\n   UnhideWhenUsed=&quot;false&quot; Name=&quot;Medium Shading 2 Accent 4&quot;&gt;&lt;/w:LsdException&gt;\r\n  &lt;w:LsdException Locked=&quot;false&quot; Priority=&quot;65&quot; SemiHidden=&quot;false&quot;\r\n   UnhideWhenUsed=&quot;false&quot; Name=&quot;Medium List 1 Accent 4&quot;&gt;&lt;/w:LsdException&gt;\r\n  &lt;w:LsdException Locked=&quot;false&quot; Priority=&quot;66&quot; SemiHidden=&quot;false&quot;\r\n   UnhideWhenUsed=&quot;false&quot; Name=&quot;Medium List 2 Accent 4&quot;&gt;&lt;/w:LsdException&gt;\r\n  &lt;w:LsdException Locked=&quot;false&quot; Priority=&quot;67&quot; SemiHidden=&quot;false&quot;\r\n   UnhideWhenUsed=&quot;false&quot; Name=&quot;Medium Grid 1 Accent 4&quot;&gt;&lt;/w:LsdException&gt;\r\n  &lt;w:LsdException Locked=&quot;false&quot; Priority=&quot;68&quot; SemiHidden=&quot;false&quot;\r\n   UnhideWhenUsed=&quot;false&quot; Name=&quot;Medium Grid 2 Accent 4&quot;&gt;&lt;/w:LsdException&gt;\r\n  &lt;w:LsdException Locked=&quot;false&quot; Priority=&quot;69&quot; SemiHidden=&quot;false&quot;\r\n   UnhideWhenUsed=&quot;false&quot; Name=&quot;Medium Grid 3 Accent 4&quot;&gt;&lt;/w:LsdException&gt;\r\n  &lt;w:LsdException Locked=&quot;false&quot; Priority=&quot;70&quot; SemiHidden=&quot;false&quot;\r\n   UnhideWhenUsed=&quot;false&quot; Name=&quot;Dark List Accent 4&quot;&gt;&lt;/w:LsdException&gt;\r\n  &lt;w:LsdException Locked=&quot;false&quot; Priority=&quot;71&quot; SemiHidden=&quot;false&quot;\r\n   UnhideWhenUsed=&quot;false&quot; Name=&quot;Colorful Shading Accent 4&quot;&gt;&lt;/w:LsdException&gt;\r\n  &lt;w:LsdException Locked=&quot;false&quot; Priority=&quot;72&quot; SemiHidden=&quot;false&quot;\r\n   UnhideWhenUsed=&quot;false&quot; Name=&quot;Colorful List Accent 4&quot;&gt;&lt;/w:LsdException&gt;\r\n  &lt;w:LsdException Locked=&quot;false&quot; Priority=&quot;73&quot; SemiHidden=&quot;false&quot;\r\n   UnhideWhenUsed=&quot;false&quot; Name=&quot;Colorful Grid Accent 4&quot;&gt;&lt;/w:LsdException&gt;\r\n  &lt;w:LsdException Locked=&quot;false&quot; Priority=&quot;60&quot; SemiHidden=&quot;false&quot;\r\n   UnhideWhenUsed=&quot;false&quot; Name=&quot;Light Shading Accent 5&quot;&gt;&lt;/w:LsdException&gt;\r\n  &lt;w:LsdException Locked=&quot;false&quot; Priority=&quot;61&quot; SemiHidden=&quot;false&quot;\r\n   UnhideWhenUsed=&quot;false&quot; Name=&quot;Light List Accent 5&quot;&gt;&lt;/w:LsdException&gt;\r\n  &lt;w:LsdException Locked=&quot;false&quot; Priority=&quot;62&quot; SemiHidden=&quot;false&quot;\r\n   UnhideWhenUsed=&quot;false&quot; Name=&quot;Light Grid Accent 5&quot;&gt;&lt;/w:LsdException&gt;\r\n  &lt;w:LsdException Locked=&quot;false&quot; Priority=&quot;63&quot; SemiHidden=&quot;false&quot;\r\n   UnhideWhenUsed=&quot;false&quot; Name=&quot;Medium Shading 1 Accent 5&quot;&gt;&lt;/w:LsdException&gt;\r\n  &lt;w:LsdException Locked=&quot;false&quot; Priority=&quot;64&quot; SemiHidden=&quot;false&quot;\r\n   UnhideWhenUsed=&quot;false&quot; Name=&quot;Medium Shading 2 Accent 5&quot;&gt;&lt;/w:LsdException&gt;\r\n  &lt;w:LsdException Locked=&quot;false&quot; Priority=&quot;65&quot; SemiHidden=&quot;false&quot;\r\n   UnhideWhenUsed=&quot;false&quot; Name=&quot;Medium List 1 Accent 5&quot;&gt;&lt;/w:LsdException&gt;\r\n  &lt;w:LsdException Locked=&quot;false&quot; Priority=&quot;66&quot; SemiHidden=&quot;false&quot;\r\n   UnhideWhenUsed=&quot;false&quot; Name=&quot;Medium List 2 Accent 5&quot;&gt;&lt;/w:LsdException&gt;\r\n  &lt;w:LsdException Locked=&quot;false&quot; Priority=&quot;67&quot; SemiHidden=&quot;false&quot;\r\n   UnhideWhenUsed=&quot;false&quot; Name=&quot;Medium Grid 1 Accent 5&quot;&gt;&lt;/w:LsdException&gt;\r\n  &lt;w:LsdException Locked=&quot;false&quot; Priority=&quot;68&quot; SemiHidden=&quot;false&quot;\r\n   UnhideWhenUsed=&quot;false&quot; Name=&quot;Medium Grid 2 Accent 5&quot;&gt;&lt;/w:LsdException&gt;\r\n  &lt;w:LsdException Locked=&quot;false&quot; Priority=&quot;69&quot; SemiHidden=&quot;false&quot;\r\n   UnhideWhenUsed=&quot;false&quot; Name=&quot;Medium Grid 3 Accent 5&quot;&gt;&lt;/w:LsdException&gt;\r\n  &lt;w:LsdException Locked=&quot;false&quot; Priority=&quot;70&quot; SemiHidden=&quot;false&quot;\r\n   UnhideWhenUsed=&quot;false&quot; Name=&quot;Dark List Accent 5&quot;&gt;&lt;/w:LsdException&gt;\r\n  &lt;w:LsdException Locked=&quot;false&quot; Priority=&quot;71&quot; SemiHidden=&quot;false&quot;\r\n   UnhideWhenUsed=&quot;false&quot; Name=&quot;Colorful Shading Accent 5&quot;&gt;&lt;/w:LsdException&gt;\r\n  &lt;w:LsdException Locked=&quot;false&quot; Priority=&quot;72&quot; SemiHidden=&quot;false&quot;\r\n   UnhideWhenUsed=&quot;false&quot; Name=&quot;Colorful List Accent 5&quot;&gt;&lt;/w:LsdException&gt;\r\n  &lt;w:LsdException Locked=&quot;false&quot; Priority=&quot;73&quot; SemiHidden=&quot;false&quot;\r\n   UnhideWhenUsed=&quot;false&quot; Name=&quot;Colorful Grid Accent 5&quot;&gt;&lt;/w:LsdException&gt;\r\n  &lt;w:LsdException Locked=&quot;false&quot; Priority=&quot;60&quot; SemiHidden=&quot;false&quot;\r\n   UnhideWhenUsed=&quot;false&quot; Name=&quot;Light Shading Accent 6&quot;&gt;&lt;/w:LsdException&gt;\r\n  &lt;w:LsdException Locked=&quot;false&quot; Priority=&quot;61&quot; SemiHidden=&quot;false&quot;\r\n   UnhideWhenUsed=&quot;false&quot; Name=&quot;Light List Accent 6&quot;&gt;&lt;/w:LsdException&gt;\r\n  &lt;w:LsdException Locked=&quot;false&quot; Priority=&quot;62&quot; SemiHidden=&quot;false&quot;\r\n   UnhideWhenUsed=&quot;false&quot; Name=&quot;Light Grid Accent 6&quot;&gt;&lt;/w:LsdException&gt;\r\n  &lt;w:LsdException Locked=&quot;false&quot; Priority=&quot;63&quot; SemiHidden=&quot;false&quot;\r\n   UnhideWhenUsed=&quot;false&quot; Name=&quot;Medium Shading 1 Accent 6&quot;&gt;&lt;/w:LsdException&gt;\r\n  &lt;w:LsdException Locked=&quot;false&quot; Priority=&quot;64&quot; SemiHidden=&quot;false&quot;\r\n   UnhideWhenUsed=&quot;false&quot; Name=&quot;Medium Shading 2 Accent 6&quot;&gt;&lt;/w:LsdException&gt;\r\n  &lt;w:LsdException Locked=&quot;false&quot; Priority=&quot;65&quot; SemiHidden=&quot;false&quot;\r\n   UnhideWhenUsed=&quot;false&quot; Name=&quot;Medium List 1 Accent 6&quot;&gt;&lt;/w:LsdException&gt;\r\n  &lt;w:LsdException Locked=&quot;false&quot; Priority=&quot;66&quot; SemiHidden=&quot;false&quot;\r\n   UnhideWhenUsed=&quot;false&quot; Name=&quot;Medium List 2 Accent 6&quot;&gt;&lt;/w:LsdException&gt;\r\n  &lt;w:LsdException Locked=&quot;false&quot; Priority=&quot;67&quot; SemiHidden=&quot;false&quot;\r\n   UnhideWhenUsed=&quot;false&quot; Name=&quot;Medium Grid 1 Accent 6&quot;&gt;&lt;/w:LsdException&gt;\r\n  &lt;w:LsdException Locked=&quot;false&quot; Priority=&quot;68&quot; SemiHidden=&quot;false&quot;\r\n   UnhideWhenUsed=&quot;false&quot; Name=&quot;Medium Grid 2 Accent 6&quot;&gt;&lt;/w:LsdException&gt;\r\n  &lt;w:LsdException Locked=&quot;false&quot; Priority=&quot;69&quot; SemiHidden=&quot;false&quot;\r\n   UnhideWhenUsed=&quot;false&quot; Name=&quot;Medium Grid 3 Accent 6&quot;&gt;&lt;/w:LsdException&gt;\r\n  &lt;w:LsdException Locked=&quot;false&quot; Priority=&quot;70&quot; SemiHidden=&quot;false&quot;\r\n   UnhideWhenUsed=&quot;false&quot; Name=&quot;Dark List Accent 6&quot;&gt;&lt;/w:LsdException&gt;\r\n  &lt;w:LsdException Locked=&quot;false&quot; Priority=&quot;71&quot; SemiHidden=&quot;false&quot;\r\n   UnhideWhenUsed=&quot;false&quot; Name=&quot;Colorful Shading Accent 6&quot;&gt;&lt;/w:LsdException&gt;\r\n  &lt;w:LsdException Locked=&quot;false&quot; Priority=&quot;72&quot; SemiHidden=&quot;false&quot;\r\n   UnhideWhenUsed=&quot;false&quot; Name=&quot;Colorful List Accent 6&quot;&gt;&lt;/w:LsdException&gt;\r\n  &lt;w:LsdException Locked=&quot;false&quot; Priority=&quot;73&quot; SemiHidden=&quot;false&quot;\r\n   UnhideWhenUsed=&quot;false&quot; Name=&quot;Colorful Grid Accent 6&quot;&gt;&lt;/w:LsdException&gt;\r\n  &lt;w:LsdException Locked=&quot;false&quot; Priority=&quot;19&quot; SemiHidden=&quot;false&quot;\r\n   UnhideWhenUsed=&quot;false&quot; QFormat=&quot;true&quot; Name=&quot;Subtle Emphasis&quot;&gt;&lt;/w:LsdException&gt;\r\n  &lt;w:LsdException Locked=&quot;false&quot; Priority=&quot;21&quot; SemiHidden=&quot;false&quot;\r\n   UnhideWhenUsed=&quot;false&quot; QFormat=&quot;true&quot; Name=&quot;Intense Emphasis&quot;&gt;&lt;/w:LsdException&gt;\r\n  &lt;w:LsdException Locked=&quot;false&quot; Priority=&quot;31&quot; SemiHidden=&quot;false&quot;\r\n   UnhideWhenUsed=&quot;false&quot; QFormat=&quot;true&quot; Name=&quot;Subtle Reference&quot;&gt;&lt;/w:LsdException&gt;\r\n  &lt;w:LsdException Locked=&quot;false&quot; Priority=&quot;32&quot; SemiHidden=&quot;false&quot;\r\n   UnhideWhenUsed=&quot;false&quot; QFormat=&quot;true&quot; Name=&quot;Intense Reference&quot;&gt;&lt;/w:LsdException&gt;\r\n  &lt;w:LsdException Locked=&quot;false&quot; Priority=&quot;33&quot; SemiHidden=&quot;false&quot;\r\n   UnhideWhenUsed=&quot;false&quot; QFormat=&quot;true&quot; Name=&quot;Book Title&quot;&gt;&lt;/w:LsdException&gt;\r\n  &lt;w:LsdException Locked=&quot;false&quot; Priority=&quot;37&quot; Name=&quot;Bibliography&quot;&gt;&lt;/w:LsdException&gt;\r\n  &lt;w:LsdException Locked=&quot;false&quot; Priority=&quot;39&quot; QFormat=&quot;true&quot; Name=&quot;TOC Heading&quot;&gt;&lt;/w:LsdException&gt;\r\n &lt;/w:LatentStyles&gt;\r\n&lt;/xml&gt;&lt;![endif]--&gt;\r\n&lt;style&gt;\r\n&lt;!--\r\n /* Font Definitions */\r\n@font-face\r\n	{font-family:Arial;\r\n	panose-1:2 11 6 4 2 2 2 2 2 4;\r\n	mso-font-charset:0;\r\n	mso-generic-font-family:auto;\r\n	mso-font-pitch:variable;\r\n	mso-font-signature:-536859905 -1073711037 9 0 511 0;}\r\n@font-face\r\n	{font-family:Times;\r\n	panose-1:2 0 5 0 0 0 0 0 0 0;\r\n	mso-font-charset:0;\r\n	mso-generic-font-family:auto;\r\n	mso-font-pitch:variable;\r\n	mso-font-signature:3 0 0 0 1 0;}\r\n@font-face\r\n	{font-family:Times;\r\n	panose-1:2 0 5 0 0 0 0 0 0 0;\r\n	mso-font-charset:0;\r\n	mso-generic-font-family:auto;\r\n	mso-font-pitch:variable;\r\n	mso-font-signature:3 0 0 0 1 0;}\r\n@font-face\r\n	{font-family:Calibri;\r\n	panose-1:2 15 5 2 2 2 4 3 2 4;\r\n	mso-font-charset:0;\r\n	mso-generic-font-family:auto;\r\n	mso-font-pitch:variable;\r\n	mso-font-signature:-520092929 1073786111 9 0 415 0;}\r\n /* Style Definitions */\r\np.MsoNormal, li.MsoNormal, div.MsoNormal\r\n	{mso-style-unhide:no;\r\n	mso-style-qformat:yes;\r\n	mso-style-parent:&quot;&quot;;\r\n	margin-top:0cm;\r\n	margin-right:0cm;\r\n	margin-bottom:8.0pt;\r\n	margin-left:0cm;\r\n	line-height:107%;\r\n	mso-pagination:widow-orphan;\r\n	font-size:11.0pt;\r\n	font-family:Calibri;\r\n	mso-ascii-font-family:Calibri;\r\n	mso-ascii-theme-font:minor-latin;\r\n	mso-fareast-font-family:Calibri;\r\n	mso-fareast-theme-font:minor-latin;\r\n	mso-hansi-font-family:Calibri;\r\n	mso-hansi-theme-font:minor-latin;\r\n	mso-bidi-font-family:&quot;Times New Roman&quot;;\r\n	mso-bidi-theme-font:minor-bidi;}\r\n.MsoChpDefault\r\n	{mso-style-type:export-only;\r\n	mso-default-props:yes;\r\n	font-size:11.0pt;\r\n	mso-ansi-font-size:11.0pt;\r\n	mso-bidi-font-size:11.0pt;\r\n	font-family:Calibri;\r\n	mso-ascii-font-family:Calibri;\r\n	mso-ascii-theme-font:minor-latin;\r\n	mso-fareast-font-family:Calibri;\r\n	mso-fareast-theme-font:minor-latin;\r\n	mso-hansi-font-family:Calibri;\r\n	mso-hansi-theme-font:minor-latin;\r\n	mso-bidi-font-family:&quot;Times New Roman&quot;;\r\n	mso-bidi-theme-font:minor-bidi;}\r\n.MsoPapDefault\r\n	{mso-style-type:export-only;\r\n	margin-bottom:8.0pt;\r\n	line-height:107%;}\r\n@page WordSection1\r\n	{size:612.0pt 792.0pt;\r\n	margin:72.0pt 90.0pt 72.0pt 90.0pt;\r\n	mso-header-margin:36.0pt;\r\n	mso-footer-margin:36.0pt;\r\n	mso-paper-source:0;}\r\ndiv.WordSection1\r\n	{page:WordSection1;}\r\n--&gt;\r\n&lt;/style&gt;\r\n&lt;!--[if gte mso 10]&gt;\r\n&lt;style&gt;\r\n /* Style Definitions */\r\ntable.MsoNormalTable\r\n	{mso-style-name:&quot;Table Normal&quot;;\r\n	mso-tstyle-rowband-size:0;\r\n	mso-tstyle-colband-size:0;\r\n	mso-style-noshow:yes;\r\n	mso-style-priority:99;\r\n	mso-style-parent:&quot;&quot;;\r\n	mso-padding-alt:0cm 5.4pt 0cm 5.4pt;\r\n	mso-para-margin-top:0cm;\r\n	mso-para-margin-right:0cm;\r\n	mso-para-margin-bottom:8.0pt;\r\n	mso-para-margin-left:0cm;\r\n	line-height:107%;\r\n	mso-pagination:widow-orphan;\r\n	font-size:11.0pt;\r\n	font-family:Calibri;\r\n	mso-ascii-font-family:Calibri;\r\n	mso-ascii-theme-font:minor-latin;\r\n	mso-hansi-font-family:Calibri;\r\n	mso-hansi-theme-font:minor-latin;}\r\n&lt;/style&gt;\r\n&lt;![endif]--&gt;\r\n\r\n\r\n\r\n&lt;!--StartFragment--&gt;\r\n\r\n&lt;p class=&quot;MsoNormal&quot;&gt;&lt;span style=&quot;font-family:Arial&quot;&gt;&amp;nbsp;&lt;/span&gt;&lt;span style=&quot;font-size: 11.5pt; line-height: 107%; font-family: Arial; background-image: initial; background-position: initial; background-size: initial; background-repeat: initial; background-attachment: initial; background-origin: initial; background-clip: initial;&quot;&gt;We will recommend and provide recipes&amp;nbsp;based on your\r\ndietary preferences.&lt;/span&gt;&lt;span style=&quot;font-size:10.0pt;line-height:107%;\r\nfont-family:Times;mso-fareast-font-family:&amp;quot;Times New Roman&amp;quot;;mso-bidi-font-family:\r\n&amp;quot;Times New Roman&amp;quot;&quot;&gt;&lt;o:p&gt;&lt;/o:p&gt;&lt;/span&gt;&lt;/p&gt;\r\n\r\n&lt;!--EndFragment--&gt;', 'Diet Plan, weight management, support', 'Meal Delivery Service', ' We will recommend and provide recipes based on your dietary preferences.', 'Meal Delivery Service'),
(50, 1, 'Glitz Leggings (¾ length) Grey &amp; Blue', '&lt;p&gt;Glitz Leggings (¾ length) Grey &amp;amp; Blue&lt;/p&gt;', '', 'Glitz Leggings (¾ length) Grey &amp; Blue', '', ''),
(51, 1, 'Gracie V-neck Tank (Turquoise &amp; Black)', '&lt;p&gt;Gracie V-neck Tank (Turquoise &amp;amp; Black)&lt;/p&gt;', '', 'Gracie V-neck Tank (Turquoise &amp; Black)', '', ''),
(52, 1, 'Leela Tank (Black &amp; White)', '&lt;p&gt;Leela Tank (Black &amp;amp; White)&lt;/p&gt;', '', 'Leela Tank (Black &amp; White)', '', ''),
(53, 1, 'Precious Bra Top (Black &amp; White)', '&lt;p&gt;Precious Bra Top (Black &amp;amp; White)&lt;/p&gt;', '', 'Precious Bra Top (Black &amp; White)', '', ''),
(54, 1, 'Princess Bra Top (Turquoise)', '&lt;p&gt;Princess Bra Top (Turquoise)&lt;/p&gt;', '', 'Princess Bra Top (Turquoise)', '', ''),
(55, 1, 'Princewill Leggings (¾ length) Multicoloured', '&lt;p&gt;Princewill Leggings (¾ length) Multicoloured&lt;/p&gt;', '', 'Princewill Leggings (¾ length) Multicoloured', '', ''),
(56, 1, 'Sarah Short-sleeved Top (Pink &amp; White)', '&lt;p&gt;Sarah Short-sleeved Top (Pink &amp;amp; White)&lt;/p&gt;', '', 'Sarah Short-sleeved Top (Pink &amp; White)', '', ''),
(57, 1, 'Sophie Bra Top (Black)', '&lt;p&gt;Sophie Bra Top (Black)&lt;/p&gt;', '', 'Sophie Bra Top (Black)', '', ''),
(58, 1, 'Stellar Leggings (Full length) Black', '&lt;p&gt;Stellar Leggings (Full length) Black&lt;/p&gt;', '', 'Stellar Leggings (Full length) Black', '', ''),
(59, 1, 'Taunte Crossed-back Tank (Pink &amp; Black)', '&lt;p&gt;Taunte Crossed-back Tank (Pink &amp;amp; Black)&lt;/p&gt;', '', 'Taunte Crossed-back Tank (Pink &amp; Black)', '', ''),
(63, 1, 'Custom Tees', '&lt;p&gt;Order custom T-shirts! Feel free to design your own ! Suitable for clubs groups, family, couples , teams or just for swag! Also available in T-gown styles, singlet and tanks.&lt;/p&gt;', 'Tees, custom made, self designed, fashion , trend', 'Custom Tees', 'Order custom T-shirts! Feel free to design your own ! Suitable for clubs groups, family, couples , teams or just for swag! Also available in T-gown styles, singlet and tanks.', 'T-shirts, t-gowns and more!'),
(64, 1, 'Custom Active Wear', '&lt;p&gt;The power is in your hand ! &amp;nbsp;Feel free to design your own ! Suitable for clubs groups, family, couples , teams or just for swag! Just add a description in the information box or email us a sample picture!&lt;br&gt;&lt;/p&gt;', 'custom, branded, personalized, fashion trend', 'Custom Active Wear', '', 'Polo , Polo gown, club wear, team wear and more'),
(67, 1, 'GRAVITY T5 - Smart Bracelet', '&lt;p&gt;&lt;span style=&quot;color: rgb(51, 51, 51); font-family: arial; font-size: 14px; line-height: 24px;&quot;&gt;The GRAVITY T5 is here! The T&lt;/span&gt;&lt;span style=&quot;color: rgb(51, 51, 51); font-family: arial; font-size: 14px; line-height: 24px;&quot;&gt;5 will help you develop good lifestyle habits. I&lt;/span&gt;&lt;span style=&quot;color: rgb(34, 34, 34); font-family: arial, sans-serif; font-size: 12.8px;&quot;&gt;Gravity T5 is capable of capturing small movements. This pedometer uses an accurate free transformation of step-counting. It has a flexible and practical design for everyday wear!&lt;/span&gt;&lt;/p&gt;&lt;p&gt;&lt;span style=&quot;color: rgb(34, 34, 34); font-family: arial, sans-serif; font-size: 12.8px;&quot;&gt;Available in black, white, red, green, blue and orange.&lt;/span&gt;&lt;span style=&quot;color: rgb(34, 34, 34); font-family: arial, sans-serif; font-size: 12.8px;&quot;&gt;&lt;br&gt;&lt;/span&gt;&lt;/p&gt;&lt;br style=&quot;color: rgb(34, 34, 34); font-family: arial, sans-serif; font-size: 12.8px;&quot;&gt;&lt;span style=&quot;color: rgb(34, 34, 34); font-family: arial, sans-serif; font-size: 12.8px;&quot;&gt;Model:T5&lt;/span&gt;&lt;br style=&quot;color: rgb(34, 34, 34); font-family: arial, sans-serif; font-size: 12.8px;&quot;&gt;&lt;span style=&quot;color: rgb(34, 34, 34); font-family: arial, sans-serif; font-size: 12.8px;&quot;&gt;Display: LEDdisplay&lt;/span&gt;&lt;br style=&quot;color: rgb(34, 34, 34); font-family: arial, sans-serif; font-size: 12.8px;&quot;&gt;&lt;span style=&quot;color: rgb(34, 34, 34); font-family: arial, sans-serif; font-size: 12.8px;&quot;&gt;Strap:Environment protection silicone&lt;/span&gt;&lt;br style=&quot;color: rgb(34, 34, 34); font-family: arial, sans-serif; font-size: 12.8px;&quot;&gt;&lt;span style=&quot;color: rgb(34, 34, 34); font-family: arial, sans-serif; font-size: 12.8px;&quot;&gt;Size:215x17x9mm&lt;/span&gt;&lt;br style=&quot;color: rgb(34, 34, 34); font-family: arial, sans-serif; font-size: 12.8px;&quot;&gt;&lt;span style=&quot;color: rgb(34, 34, 34); font-family: arial, sans-serif; font-size: 12.8px;&quot;&gt;Weight:0.018kg&lt;/span&gt;&lt;br style=&quot;color: rgb(34, 34, 34); font-family: arial, sans-serif; font-size: 12.8px;&quot;&gt;&lt;span style=&quot;color: rgb(34, 34, 34); font-family: arial, sans-serif; font-size: 12.8px;&quot;&gt;Suitable for the arm circumference:14-23mm&lt;/span&gt;&lt;br style=&quot;color: rgb(34, 34, 34); font-family: arial, sans-serif; font-size: 12.8px;&quot;&gt;&lt;span style=&quot;color: rgb(34, 34, 34); font-family: arial, sans-serif; font-size: 12.8px;&quot;&gt;Package:&lt;/span&gt;&lt;span style=&quot;color: rgb(34, 34, 34); font-family: arial, sans-serif; font-size: 12.8px;&quot;&gt;1 x Bracelet&lt;/span&gt;&lt;p&gt;&lt;br style=&quot;color: rgb(51, 51, 51); font-family: arial; font-size: 14px; line-height: 24px;&quot;&gt;&lt;br&gt;&lt;/p&gt;', 'Step tracker wrist band, pedometer, bluetooth tracker, activity tracker', 'Step tracker wrist band, pedometer, tracker, activity tracker', 'Step tracker wrist band, pedometer, tracker, activity tracker', 'Step tracker wrist band, pedometer, tracker, activity tracker'),
(118, 1, 'GRAVITY Maintenance', '&lt;p&gt;A system that support those who want to maintain their goal weight while living the Gravity lifestyle. Provides daily group support on fitness and diet.&lt;/p&gt;', 'maintenance, group support', 'maintenance, group support', 'maintenance, group support', 'maintenance, group support'),
(119, 1, 'Himalayan Salt', '&lt;p&gt;Salt&lt;/p&gt;', '', 'Himalayan Salt', 'Salt', 'Himalayan Salt, Himalayan, Salt'),
(120, 1, 'Truvia Calorie-free Sweetener (600 count)', '&lt;p&gt;Truvia Calorie-free Sweetener from Stevia leaf&lt;br&gt;&lt;/p&gt;', '', 'Truvia Calorie-free Sweetener from Stevia leaf', 'Truvia Calorie-free Sweetener from Stevia leaf', 'Travia, Caloria-free, Sweetener, Stevia leaf');
INSERT INTO `oc_product_description` (`product_id`, `language_id`, `name`, `description`, `tag`, `meta_title`, `meta_description`, `meta_keyword`) VALUES
(68, 1, 'Waist Trainer - Corset', '&lt;div class=&quot;description&quot; style=&quot;margin: 1.75rem; padding: 0px; font-size: 1rem; color: rgb(34, 34, 34); line-height: 21px;&quot;&gt;Breathable stretch mesh underbust, with flexible spiral steel bones for increased support, effective body shaping and potential waist reduction of 1-2”. This is shapewear at its best, ideal for wearing underneath clothing to smooth your silhouette into alluring curves, with an attractive lace overlay at the front for feminine appeal. The garment is fastened at the front for ease, with 3 rows of hook and eyes giving maximum adjustability for fit and comfort.&lt;/div&gt;&lt;ul class=&quot;corset_bullet small-block-grid-1 large-block-grid-2&quot; style=&quot;margin-right: -0.65625rem; margin-bottom: 0px; margin-left: 1.3125rem; padding: 0px; font-size: 1rem; line-height: 1.6; list-style-position: outside; color: rgb(34, 34, 34);&quot;&gt;&lt;li style=&quot;margin: 0px; padding: 0px 0.65625rem 1.3125rem; display: block; height: auto; float: left; width: 472.75px; list-style: none; clear: both;&quot;&gt;&lt;div class=&quot;data&quot; style=&quot;margin: 0px; padding: 0px;&quot;&gt;9 4mm Spiral Steel Bones&lt;/div&gt;&lt;/li&gt;&lt;li style=&quot;margin: 0px; padding: 0px 0.65625rem 1.3125rem; display: block; height: auto; float: left; width: 472.75px; list-style: none; clear: none;&quot;&gt;&lt;div class=&quot;data&quot; style=&quot;margin: 0px; padding: 0px;&quot;&gt;Triple Hook and Eye Closure&lt;/div&gt;&lt;/li&gt;&lt;li style=&quot;margin: 0px; padding: 0px 0.65625rem 1.3125rem; display: block; height: auto; float: left; width: 472.75px; list-style: none; clear: both;&quot;&gt;&lt;div class=&quot;data&quot; style=&quot;margin: 0px; padding: 0px;&quot;&gt;No Lining&lt;/div&gt;&lt;/li&gt;&lt;li style=&quot;margin: 0px; padding: 0px 0.65625rem 1.3125rem; display: block; height: auto; float: left; width: 472.75px; list-style: none; clear: none;&quot;&gt;&lt;div class=&quot;data&quot; style=&quot;margin: 0px; padding: 0px;&quot;&gt;Front Modesty Panel&lt;/div&gt;&lt;/li&gt;&lt;li style=&quot;margin: 0px; padding: 0px 0.65625rem 1.3125rem; display: block; height: auto; float: left; width: 472.75px; list-style: none; clear: both;&quot;&gt;&lt;div class=&quot;data&quot; style=&quot;margin: 0px; padding: 0px;&quot;&gt;Potential Waist Reduction 1-2 Inches&lt;/div&gt;&lt;/li&gt;&lt;li style=&quot;margin: 0px; padding: 0px 0.65625rem 1.3125rem; display: block; height: auto; float: left; width: 472.75px; list-style: none; clear: none;&quot;&gt;&lt;div class=&quot;data&quot; style=&quot;margin: 0px; padding: 0px;&quot;&gt;Corset Length: 11 in&lt;/div&gt;&lt;/li&gt;&lt;li style=&quot;margin: 0px; padding: 0px 0.65625rem 1.3125rem; display: block; height: auto; float: left; width: 472.75px; list-style: none; clear: both;&quot;&gt;&lt;div class=&quot;data&quot; style=&quot;margin: 0px; padding: 0px;&quot;&gt;Under Bust&lt;/div&gt;&lt;/li&gt;&lt;li style=&quot;margin: 0px; padding: 0px 0.65625rem 1.3125rem; display: block; height: auto; float: left; width: 472.75px; list-style: none; clear: none;&quot;&gt;&lt;div class=&quot;data&quot; style=&quot;margin: 0px; padding: 0px;&quot;&gt;90% Polyester 5% Cotton 5% Elastane&lt;/div&gt;&lt;/li&gt;&lt;li style=&quot;margin: 0px; padding: 0px 0.65625rem 1.3125rem; display: block; height: auto; float: left; width: 472.75px; list-style: none; clear: both;&quot;&gt;&lt;div class=&quot;data&quot; style=&quot;margin: 0px; padding: 0px;&quot;&gt;No Lacing&lt;/div&gt;&lt;/li&gt;&lt;li style=&quot;margin: 0px; padding: 0px 0.65625rem 1.3125rem; display: block; height: auto; float: left; width: 472.75px; list-style: none; clear: none;&quot;&gt;&lt;div class=&quot;data&quot; style=&quot;margin: 0px; padding: 0px;&quot;&gt;No Suspender Loops&lt;/div&gt;&lt;/li&gt;&lt;/ul&gt;', 'Waist Trainer, Corset, Waist Cincher', 'Waist Trainer, Corset, Waist Cincher', 'Waist Trainer, Corset, Waist Cincher', 'Waist Trainer, Corset, Waist Cincher'),
(65, 1, 'GRAVITY Virtual Fitness Basic', '&lt;p&gt;Our Personalised Diet Plan and Support is a monthly targeted diet plan with daily support uniquely formulated to get to your goals! &amp;nbsp;It Includes access to our exclusive support platform.&lt;/p&gt;&lt;p&gt;&lt;span style=&quot;color: rgb(34, 34, 34); font-family: arial, sans-serif; font-size: 12.8px;&quot;&gt;&amp;nbsp;Virtualfitness basic is a monthly plan that provides&amp;nbsp; 1 meal plan , 1 sample menu and mandatory group support on a monthly basis.&lt;/span&gt;&lt;br&gt;&lt;/p&gt;', 'Diet Plan, weight management, support', 'Gravity Virtual Fitness Basic', 'Diet Plan, weight management, support', 'Diet Plan, weight management, support'),
(66, 1, 'GRAVITY Virtual Fitness PRO', '&lt;p&gt;This brings digitised Fitness, Exercise and Diet support to you via our online platform, Mobile app and other digitised sources.&amp;nbsp;&lt;/p&gt;&lt;p&gt;&lt;span style=&quot;color: rgb(34, 34, 34); font-family: arial, sans-serif; font-size: 12.8px;&quot;&gt;Virtualfitness Pro provides 2 meal plans, 2 sample menus , group support, limited access to virtualfitness online portal and app with limited 3D workouts, periodic one-on-one&amp;nbsp; check-in, optional group support on a monthly basis.&lt;/span&gt;&lt;br&gt;&lt;/p&gt;', 'Online Diet advice, Fitness, Exercise, virtual training', 'Gravity Virtual Fitness PRO', 'Online Diet advice, Fitness, Exercise, virtual training', 'Online Diet advice, Fitness, Exercise, virtual training'),
(71, 1, 'Beauty Jacket- Grey', '&lt;p&gt;A versatile jacket that can be worn after workout or just to hang out!&lt;/p&gt;', '', 'Beauty jacket -Grey', 'A versatile jacket that can be worn after workout or just to hang out!', 'Jacket, upper, grey, button free, open front, workout, hang out.'),
(72, 1, 'Angel Open Back Top- White', '&lt;p&gt;A versatile top that can be worn after workout or just to hang out!&lt;br&gt;&lt;/p&gt;', '', 'Angel Open Back Top ', 'A versatile top that can be worn after workout or just to hang out!', 'angel,  top, upper, white, button free, open back, workout, hang out'),
(73, 1, 'Vivy Bra top ', '&lt;p&gt;A versatile Bra top that can be worn after workout or just to hang out!&lt;br&gt;&lt;/p&gt;', '', 'Vivy Bra top ', 'A versatile Bra top that can be worn after workout or just to hang out!', 'Vivy, Bra top, upper, vlue, button free, cross back, workout, hang out'),
(74, 1, 'Nekky Leggings- Pink', '&lt;p&gt;A versatile leggings that can be worn after workout or just to hang out!&lt;br&gt;&lt;/p&gt;', '', 'Nekky Leggings- Pink', 'A versatile leggings that can be worn after workout or just to hang out!', 'Pink leggings, workout, hangout, full length, gravity '),
(75, 1, 'Tyme Unisex Hoodie- Black', '&lt;p&gt;A versatile Tyme Unisex Hoodie that can be worn after workout or just to hang out!&lt;br&gt;&lt;/p&gt;', '', 'Tyme Unisex Hoodie- Black ', 'A versatile Tyme Unisex Hoodie that can be worn after workout or just to hang out!', 'Tyme, Unisex, Hoodie, Black, workout, Hangout'),
(76, 1, 'Sylvia Flared Pants- Black', '&lt;p&gt;A versatile leggings that can be worn after workout or just to hang out!&lt;br&gt;&lt;/p&gt;', '', 'Sylvia Leggings- Black', 'A versatile leggings that can be worn after workout or just to hang out!', 'black, leggings, workout, hangout, full length'),
(77, 1, 'Gozie Off Shoulder Top- Pink ', '&lt;p&gt;A versatile Off Shoulder Top&amp;nbsp;that can be worn after workout or just to hang out!&lt;br&gt;&lt;/p&gt;', '', 'Gozie Off Shoulder Top- Pink', 'A versatile Off Shoulder Top that can be worn after workout or just to hang out!', 'Gozie, Off Shoulder, Top, Pink, longsleeve, workout, Hangout'),
(78, 1, 'La Belle Bra top- Grey', '&lt;p&gt;A versatile Bra Top that can be worn after workout or just to hang out!&lt;br&gt;&lt;/p&gt;', '', 'La Belle Bra top- Grey', 'A versatile Bra Top that can be worn after workout or just to hang out!', 'La Belle, Bra top, Grey, black, workout, hangout, gravity'),
(79, 1, 'Tolzy Bra Top- Black', '&lt;p&gt;A versatile Bra top that can be worn after workout or just to hang out!&lt;br&gt;&lt;/p&gt;', '', 'Tolzy Bra Top- Black', 'A versatile Bra top that can be worn after workout or just to hang out!', 'Tolzy, Bra top, black, workout, hangout, gravity'),
(80, 1, 'Verry Berry X-Top- Black', '&lt;p&gt;A versatile Top that can be worn after workout or just to hang out!&lt;br&gt;&lt;/p&gt;', '', 'Verry Berry X-Top- Black', 'A versatile Top that can be worn after workout or just to hang out!', 'Verry, Berry, X-Top, Black, long sleeve, gravity '),
(81, 1, 'Fomsky Hot Short- Grey', '&lt;p&gt;A versatile Hot Short that can be worn after workout or just to hang out!&lt;br&gt;&lt;/p&gt;', '', 'Fomsky Hot Short- Grey', 'A versatile Hot Short that can be worn after workout or just to hang out!', 'Fomsky, Hot Short, hot, short, workout, hangout, gravity, grey'),
(82, 1, 'Double-Jay Crossed Back Tank- Pink', '&lt;p&gt;A versatile Crossed Back Tank &amp;nbsp;that can be worn after workout or just to hang out!&lt;br&gt;&lt;/p&gt;', '', 'Double-Jay Crossed Back Tank- Pink', 'A versatile Crossed Back Tank  that can be worn after workout or just to hang out!', 'Double-Jay, Crossed, Back, crossed back, crossed-back, Tank, Pink, workout, hangout, gravity'),
(83, 1, 'Yetty Shirt- Yellow and Grey', '&lt;p&gt;A versatile T-shirt that can be worn after workout or just to hang out!&lt;br&gt;&lt;/p&gt;', '', 'Yetty Shirt- Yellow and Grey', 'A versatile T-shirt that can be worn after workout or just to hang out!', 'Yetty, Shirt, Yellow, Grey, T-shirt, workout, hangout, polo, gravity'),
(95, 1, 'Debbie High waisted Pants', '&lt;p&gt;A versatile pair of pants you can wear to workout or just to hangout!&lt;/p&gt;', 'pants, high waisted, black, leggings, workout, hangout', 'A versatile pair of pants you can wear to workout or just to hangout!', 'A versatile pair of pants you can wear to workout or just to hangout!', 'pants, high waisted, black, leggings, workout, hangout'),
(84, 1, 'Chech Shorts- Yellow', '&lt;p&gt;A versatile short that can be worn after workout or just to hang out!&lt;br&gt;&lt;/p&gt;', '', 'Chech Shorts- Yellow', 'A versatile Sort that can be worn after workout or just to hang out!', 'Chech, Shorts, Yellow, men, workout, hangout, gravity'),
(85, 1, 'Tella Trousers- Black', '&lt;p&gt;A versatile Trouser that can be worn after workout or just to hang out!&lt;br&gt;&lt;/p&gt;', '', 'Tella Trousers- Black', 'A versatile Trouser that can be worn after workout or just to hang out!', 'Tella, Trousers, Black, full length, workout, hangout, gravity'),
(86, 1, 'T for Tee\'s Unisex Shirt- Black', '&lt;p&gt;A versatile T-Shirt that can be worn after workout or just to hang out!&lt;br&gt;&lt;/p&gt;', '', 'T for Tee\'s Unisex Shirt- Black', 'A versatile T-Shirt that can be worn after workout or just to hang out!', 'T for Tee\'s,  Unisex, Shirt, men, women, T-Shirt, Black, workout, hangout, gravity'),
(87, 1, 'Maple Shorts- Red', '&lt;p&gt;A versatile Short that can be worn after workout or just to hang out!&lt;br&gt;&lt;/p&gt;', '', 'Maple Shorts- Red', 'A versatile Short that can be worn after workout or just to hang out!', 'Maple, Shorts, Red, men, workout, hangout, gravity'),
(88, 1, 'Nelo Unisex Shirt- Black', '&lt;p&gt;A versatile sleeveless shirt that can be worn after workout or just to hang out!&lt;br&gt;&lt;/p&gt;', '', 'Nelo Unisex Shirt- Black', 'A versatile sleeveless shirt that can be worn after workout or just to hang out!', 'Nelo, Unisex Shirt, Black, workout, hangout, gravity'),
(89, 1, 'Erus Shirt- Blue', '&lt;p&gt;A versatile Shirt that can be worn after workout or just to hang out!&lt;br&gt;&lt;/p&gt;', '', 'Erus Shirt- Blue', 'A versatile Shirt that can be worn after workout or just to hang out!', 'Erus, Shirt, Blue, T-Shirt, workout, hangout, gravity'),
(90, 1, 'Barry Shorts- Black', '&lt;p&gt;A versatile Short that can be worn after workout or just to hang out!&lt;br&gt;&lt;/p&gt;', '', 'Barry Shorts- Black', 'A versatile Short that can be worn after workout or just to hang out!', 'Barry, Shorts, Black, men, workout, hangout, gravity'),
(91, 1, 'Data-Combo Shirt- Green', '&lt;p&gt;A versatile T-Shirt that can be worn after workout or just to hang out!&lt;br&gt;&lt;/p&gt;', '', 'Data-Combo Shirt- Green', 'A versatile T-Shirt that can be worn after workout or just to hang out!', 'Data-Combo, Shirt, Green, workout, hangout, gravity'),
(96, 1, 'Lika\'s Karate Gear', '&lt;p&gt;Available in ages 4,6,8 and 10.&lt;/p&gt;', 'Karate, Kids', 'Karate Gear', 'Available in ages 4,6,8 and 10.', 'Karate, Kids'),
(94, 1, 'Stunna Set- Orange, Grey and Black', '&lt;p&gt;This versatile Stunna Set that can be worn after workout or just to hang out!&lt;/p&gt;&lt;p&gt;it is comprised of the following &lt;/p&gt;&lt;p&gt;* Babe in Body Stockings (BIB)&amp;nbsp;&amp;nbsp;&amp;nbsp;&amp;nbsp;&lt;/p&gt;&lt;p&gt;* Cute Nene Crop Top&lt;/p&gt;&lt;p&gt;* Slinky &amp;nbsp;Mimi Skirt&lt;/p&gt;&lt;p&gt;* Dapper Amy Leggings&lt;/p&gt;&lt;p&gt;*&amp;nbsp;Backless Goshy Bodysuit Top&lt;/p&gt;&lt;p&gt;In 3 colours:&amp;nbsp;Orange, Grey and Black&lt;/p&gt;', '', 'Stunna Set- Orange, Grey and Black', 'This versatile Stunna Set that can be worn after workout or just to hang out!\r\n\r\nit is comprised of the following\r\n\r\n* Babe in Body Stockings (BIB)    \r\n\r\n* Cute Crop Top\r\n\r\n* Slinky Skirt\r\n\r\n* Dapper Leggings\r\n\r\n* Backless Body Suit Top\r\n\r\nIn 3 colours: ', 'Stunna Set, Babe in body stockings, BIB, Cute Crop Top,  Slinky Skirt, Dapper Leggings, Orange, Grey,  Backless, Body Suit, Top, Black, workout, hangout, gravity, Orange, Grey, Black'),
(97, 1, 'Clabber Girl Baking powder ', '&lt;p&gt;Baking powder&amp;nbsp;&lt;br&gt;&lt;/p&gt;', '', 'Clabber Girl Baking powder ', ' Baking powder', 'Clabber, Girl, Baking powder, Clabber Girl'),
(98, 1, 'Viva Naturals Chia Seeds', '&lt;p&gt;Viva Naturals Chia Seeds&lt;br&gt;&lt;/p&gt;', '', 'Viva Naturals Chia Seeds', 'Viva Naturals Chia Seeds', 'Viva, Naturals Chia, Seeds, Chia Seeds, viva'),
(99, 1, 'Now Real Food Organic Flax Seeds', '&lt;p&gt;Now Real Food Organic Flax Seeds&lt;br&gt;&lt;/p&gt;', '', 'Now Real Food Organic Flex Seeds', 'Now Real Food, Organic Flex, Seeds', 'Now Real Food, Organic Flex, Seeds'),
(100, 1, 'Schnucks Cream of Tartar', '&lt;p&gt;Schnucks Cream of Tartar&amp;nbsp;&amp;nbsp;&amp;nbsp;&amp;nbsp;&amp;nbsp;&amp;nbsp;&amp;nbsp;&amp;nbsp;&amp;nbsp;&amp;nbsp;&amp;nbsp;&amp;nbsp;&lt;br&gt;&lt;/p&gt;', '', 'Schnucks Cream of Tartar', 'Schnucks Cream of Tartar', 'Schnucks, Cream of Tartar'),
(101, 1, 'Truvia Calorie-free Sweetener (140 count)', '&lt;p&gt;Truvia Calorie-free Sweetener from Stevia leaf&lt;br&gt;&lt;/p&gt;', '', 'Travia Caloria-free Sweetener from Stevia leaf', 'Travia Caloria-free Sweetener from Stevia laaf', 'Travia, Caloria-free, Sweetener, Stevia leaf'),
(102, 1, 'Blue Diamonds Almonds', '&lt;p&gt;Blue Diamonds Almonds&lt;br&gt;&lt;/p&gt;', '', 'Blue Diamonds Almonds', 'Blue, Diamonds Almonds,', 'Blue, Diamonds, Almonds, Blue Diamonds'),
(103, 1, 'Spice Supreme Cream of Tartar', '&lt;p&gt;Spice Supreme Cream of Tartar&lt;br&gt;&lt;/p&gt;', '', 'Spice Supreme Cream of Tartar', 'Spice Supreme Cream of Tartar', 'Spice Supreme, Cream of Tartar,Cream, Tartar'),
(104, 1, 'Bob\'s Real Mill Organic high fiber Coconut Flour', '&lt;p&gt;Bob\'s Real Mill Organic high fiber Coconut Flour&lt;br&gt;&lt;/p&gt;', '', 'Bob\'s Real Mill Organic high fiber Coconut Flour', 'Bob\'s Real Mill Organic high fiber Coconut Flour', 'Bob\'s, Real Mill, Organic high fiber, Coconut, Flour, Coconut Flour'),
(105, 1, 'Now Healthy Foods Whole Psyllium Husks', '&lt;p&gt;Now Healthy Foods Whole Psyllium Husks&lt;br&gt;&lt;/p&gt;', '', 'Now Healthy Foods Whole Psyllium Husks', 'Now Healthy Foods Whole Psyllium Husks', 'Now Healthy Foods, Whole Psyllium, Husks, Psyllium'),
(106, 1, 'Truvia Calorie-free Sweetener (40 count)', '&lt;p&gt;Truvia Calorie-free Sweetener from Stevia leaf&lt;/p&gt;', '', 'Travia Caloria-free Sweetener from Stevia leaf', 'Travia Caloria-free Sweetener from Stevia laaf', 'Travia Caloria-free Sweetener from Stevia laaf'),
(107, 1, 'Truvia Calorie-free Sweetener (80 count)', '&lt;p&gt;Truvia Calorie-free Sweetener from Stevia leaf&lt;/p&gt;', '', 'Truvia Calorie-free Sweetener from Stevia leaf', 'Truvia Calorie-free Sweetener from Stevia leaf', 'Travia, Caloria-free, Sweetener, Stevia leaf'),
(108, 1, 'Miracle Noodles (Angel Hair)', '&lt;p&gt;Miracle Noodles (Angel Hair)&lt;br&gt;&lt;/p&gt;', '', 'Miracle Noodles (Angel Hair)', 'Miracle Noodles, Angel Hair, Miracle, Noodles', 'Miracle Noodles, Angel Hair, Miracle, Noodles'),
(109, 1, 'Miracle Noodles (Fettuccini)', 'Miracle Noodles (Fettuccini)&lt;p&gt;&lt;br&gt;&lt;/p&gt;', '', 'Miracle Noodles (Fettuccini)', 'Miracle Noodles, Fettuccini, Miracle, Noodles', 'Miracle Noodles, Fettuccini, Miracle, Noodles'),
(110, 1, 'Bob\'s Red Mill Almond Flour ', '&lt;p&gt;Bob\'s Red Mill Almond Flour &lt;br&gt;&lt;/p&gt;', '', 'Bob\'s Red Mill Almond Flour ', 'Bob\'s Red Mill, Almond Flour,Almond, Flour ', 'Bob\'s Red Mill, Almond Flour,Almond, Flour '),
(111, 1, 'Rumford  Baking  Powder ', 'Rumford&amp;nbsp; Baking&amp;nbsp; Powder &lt;br&gt;&lt;p&gt;&lt;br&gt;&lt;/p&gt;', '', 'Rumford  Baking  Powder ', 'Rumford,  Baking  Powder ', 'Rumford,  Baking  Powder '),
(112, 1, 'Toll House Cocoa ', 'Toll House Cocoa &lt;br&gt;&lt;p&gt;&lt;br&gt;&lt;/p&gt;', '', 'Toll House Cocoa ', 'Toll House, Cocoa, pure cocoa', 'Toll House, Cocoa, pure cocoa'),
(113, 1, 'Bob\'s Red Mill Flaxseed', '&lt;p&gt;Bob\'s Red Mill Flaxseed&amp;nbsp;&amp;nbsp;&amp;nbsp;&amp;nbsp;&amp;nbsp;&amp;nbsp;&amp;nbsp;&amp;nbsp;&amp;nbsp;&amp;nbsp;&amp;nbsp;&amp;nbsp;&lt;/p&gt;&lt;p&gt;&lt;br&gt;&lt;/p&gt;&lt;p&gt;&lt;/p&gt;', '', 'Bob\'s Red Mill Flaxseed', 'Bob\'s Red Mill, Flaxseed', 'Bob\'s Red Mill, Flaxseed'),
(114, 1, 'Nice Almond Nuts (Whole Natural) ', '&lt;br&gt;&lt;p&gt;Nice Almond Nuts (Whole Natural) &lt;br&gt;&lt;/p&gt;', '', 'Nice Almond Nuts (Whole Natural) ', 'Nice, Almond, Nuts, Whole Natural, Nice almond, Almond Nuts ', 'Nice, Almond, Nuts, Whole Natural, Nice almond, Almond Nuts '),
(115, 1, 'Nice, Almond, Nuts, Roasted', '&lt;p&gt;&lt;br&gt;&lt;/p&gt;', '', 'Nice, Almond, Nuts, Roasted', 'Nice, Almond, Nuts, Roasted, Nice almond, Almond Nuts ', 'Nice, Almond, Nuts, Roasted, Nice almond, Almond Nuts ');

-- --------------------------------------------------------

--
